INSERT INTO `lrc_contacts` (`id`, `name`, `agency`, `contact`, `street_address1`, `street_address2`, `city`, `state_id`, `zip`, `country_id`, `phone`, `fax`, `email`, `url`, `notes`, `instructions`, `fee`, `is_active`, `is_contact_mail`, `is_contact_phone`, `is_contact_fax`, `is_contact_email`, `is_online`, `lcr_category`, `lcr_type`) VALUES
(1340, 'ABS', 'American Board of Surgery', NULL, NULL, NULL, NULL, NULL, NULL, NULL, NULL, NULL, NULL, 'absurgery.org', NULL, NULL, NULL, '1', NULL, NULL, NULL, NULL, NULL, NULL, NULL),
(1341, 'ABS', 'American Board of Surgery', NULL, NULL, NULL, NULL, NULL, NULL, NULL, NULL, NULL, NULL, 'absurgery.org', NULL, NULL, NULL, NULL, NULL, NULL, NULL, NULL, NULL, NULL, NULL),
(1342, 'Case Manager', NULL, NULL, NULL, NULL, NULL, NULL, NULL, NULL, NULL, NULL, NULL, NULL, NULL, NULL, NULL, NULL, NULL, NULL, NULL, NULL, NULL, NULL, NULL),
(1343, 'Case Manager', 'CCMC Commission for Case Mgr Certification', NULL, NULL, NULL, 'Mt Laurel', 'NJ', NULL, 'US', '8563806836', NULL, NULL, NULL, '4/2015: Katherine from CCMC said we can now look up these online on their site', NULL, NULL, '1', NULL, NULL, NULL, NULL, NULL, NULL, NULL),
(1344, 'ALPP-Certified Lactation Counselor', 'The Academy of Lactation Policy and Practice', NULL, NULL, NULL, NULL, NULL, NULL, NULL, '5088331500', '5088336070', NULL, 'www.talpp.org/', 'Go to http://www.talpp.org/forms.html#CLCForms and download form \"Permission to Release Exam Results\". Fax together with release', NULL, NULL, '1', NULL, NULL, NULL, NULL, NULL, NULL, NULL),
(1345, 'DO-NV', 'Nevada State Board of Osteopathic Medicine', NULL, NULL, NULL, NULL, 'NV', NULL, 'US', NULL, NULL, NULL, 'license.k3systems.com', NULL, NULL, NULL, '1', NULL, NULL, NULL, NULL, NULL, NULL, NULL),
(1346, 'DO-NV', 'Nevada State Board of Osteopathic Medicine', NULL, NULL, NULL, NULL, 'NV', NULL, 'US', NULL, NULL, NULL, 'license.k3systems.com', NULL, NULL, NULL, NULL, NULL, NULL, NULL, NULL, NULL, NULL, NULL),
(1347, 'ABIM-Gastroenterology', 'American Board of Internal Medicine Sub specialty', NULL, NULL, NULL, NULL, NULL, NULL, NULL, NULL, NULL, NULL, 'ABIM', NULL, NULL, NULL, '1', NULL, NULL, NULL, NULL, NULL, NULL, NULL),
(1348, 'CNA-NE', NULL, NULL, NULL, NULL, NULL, 'NE', NULL, 'US', NULL, NULL, NULL, NULL, 'http://www.nebraska.gov/LISSearch/search.cgi', NULL, NULL, '1', NULL, NULL, NULL, NULL, NULL, NULL, NULL),
(1349, 'RN-OK', 'RN-OK', NULL, NULL, NULL, NULL, 'OK', NULL, 'US', NULL, NULL, NULL, NULL, 'https://www.ok.gov/nursing/verify/index.php', NULL, NULL, '1', NULL, NULL, NULL, NULL, NULL, NULL, NULL),
(1350, 'CNA-OK', 'CNA-OK', NULL, NULL, NULL, NULL, 'OK', NULL, 'US', NULL, NULL, NULL, NULL, 'http://www.ok.gov/health/pub/wrapper/naverify.html\r\n\r\nTo check for discipline: http://www.ok.gov/health/pub/wrapper/nrsaid.html', NULL, NULL, '1', NULL, NULL, NULL, NULL, NULL, NULL, NULL),
(1351, 'Psychologist - Doctoral Educ Ltd - MI', NULL, NULL, NULL, NULL, NULL, NULL, NULL, NULL, NULL, NULL, NULL, NULL, 'LARA', NULL, NULL, '1', NULL, NULL, NULL, NULL, NULL, NULL, NULL),
(1352, 'City of Saginaw-Boiler Operator', NULL, NULL, NULL, NULL, NULL, NULL, NULL, NULL, '9893991311', NULL, NULL, NULL, NULL, NULL, NULL, '1', NULL, NULL, NULL, NULL, NULL, NULL, NULL),
(1353, 'City of Lansing-High Pressure Boiler Operator', NULL, NULL, NULL, NULL, NULL, NULL, NULL, NULL, NULL, NULL, NULL, NULL, NULL, NULL, NULL, '1', NULL, NULL, NULL, NULL, NULL, NULL, NULL),
(1354, 'CTR', 'National Cancer Registrars Association', NULL, NULL, NULL, NULL, NULL, NULL, NULL, NULL, NULL, NULL, NULL, 'http://www.ncra-usa.org/i4a/pages/index.cfm?pageid=3989\r\nverify on this website. TOT 7-10 business days', NULL, NULL, '1', NULL, NULL, NULL, NULL, NULL, NULL, NULL),
(1355, 'CCHT/NNCC', NULL, NULL, NULL, NULL, NULL, NULL, NULL, NULL, NULL, NULL, NULL, 'my.annanurse.org/eweb/DynamicPage.aspx?webcode=CertDirectory&site=NNCC', 'http://my.annanurse.org/eweb/DynamicPage.aspx?webcode=CertDirectory&site=NNCC', NULL, NULL, '1', NULL, NULL, NULL, NULL, NULL, NULL, NULL),
(1356, 'NOT BOARD CERTIFIED', NULL, NULL, NULL, NULL, NULL, NULL, NULL, NULL, NULL, NULL, NULL, NULL, NULL, NULL, NULL, '1', NULL, NULL, NULL, NULL, NULL, NULL, NULL),
(1357, 'RCCB', NULL, NULL, NULL, NULL, NULL, NULL, NULL, NULL, NULL, '7036213356', 'joyce.aicklen@rbma.org', NULL, 'Radiology Coding Certification Board\r\nRCCB.org\r\nCan verify from a list on the website.\r\nIf they\'re still not listed they could be still pending/not posted yet- you can fax for verification but need a wet signature', NULL, NULL, '1', NULL, NULL, NULL, NULL, NULL, NULL, NULL),
(1358, 'RN-Wyoming', NULL, NULL, NULL, NULL, NULL, NULL, NULL, NULL, NULL, NULL, NULL, 'snursing-online.state.wy.us/Verifications.aspx', NULL, NULL, NULL, NULL, NULL, NULL, NULL, NULL, NULL, NULL, NULL),
(1359, 'RN-WY', NULL, NULL, NULL, NULL, NULL, NULL, NULL, NULL, NULL, NULL, NULL, 'snursing-online.state.wy.us/Verifications.aspx', NULL, NULL, NULL, '1', NULL, NULL, NULL, NULL, NULL, NULL, NULL),
(1360, 'Resident Producer-MI', NULL, NULL, NULL, NULL, NULL, NULL, NULL, NULL, NULL, NULL, NULL, NULL, 'http://www.dleg.state.mi.us/fis/ind_srch/ins_agnt/insurance_agent_criteria.asp\r\n\r\nVerify Online', NULL, NULL, '1', NULL, NULL, NULL, NULL, NULL, NULL, NULL),
(1361, 'City of Detroit- Stationary Engineer', NULL, NULL, NULL, NULL, NULL, NULL, NULL, NULL, '3132243170', NULL, NULL, NULL, NULL, NULL, NULL, '1', NULL, NULL, NULL, NULL, NULL, NULL, NULL),
(1362, 'Masters Social Worker-MI', NULL, NULL, NULL, NULL, NULL, NULL, NULL, NULL, NULL, NULL, NULL, NULL, 'LARA', NULL, NULL, '1', NULL, NULL, NULL, NULL, NULL, NULL, NULL),
(1363, 'RN-NJ', NULL, NULL, NULL, NULL, NULL, NULL, NULL, NULL, NULL, NULL, NULL, 'snewjersey.mylicense.com/verification/Search.aspx', NULL, NULL, NULL, NULL, NULL, NULL, NULL, NULL, NULL, NULL, NULL),
(1364, 'Yoga Instructor (E-RYT)', 'Yoga Alliance', NULL, NULL, NULL, NULL, NULL, NULL, NULL, '5714823355', NULL, NULL, NULL, NULL, NULL, NULL, '1', NULL, NULL, NULL, NULL, NULL, NULL, NULL),
(1365, 'Oseteopathic Medicine-FL', NULL, NULL, NULL, NULL, NULL, NULL, NULL, NULL, NULL, NULL, NULL, 'ww2.doh.state.fl.us/IRM00PRAES/PRASLIST.ASP', NULL, NULL, NULL, '1', NULL, NULL, NULL, NULL, NULL, NULL, NULL),
(1366, 'AOA Internal Medicine-Geniatrics', NULL, NULL, NULL, NULL, NULL, NULL, NULL, NULL, NULL, NULL, NULL, NULL, NULL, NULL, NULL, '1', NULL, NULL, NULL, NULL, NULL, NULL, NULL),
(1367, 'RID-Registry of Interpreters for the Deaf', 'Registry of Interpreters for the Deaf', NULL, NULL, NULL, 'Alexandria', 'VA', NULL, 'US', '7038380030', '7038380454', NULL, NULL, 'VERIFY ONLINE: https://myaccount.rid.org/Public/Search/Member.aspx\r\n\r\nM-F 9 to 5 pm EST', NULL, NULL, '1', NULL, NULL, NULL, NULL, NULL, NULL, NULL),
(1368, 'LA State Bar', NULL, NULL, NULL, NULL, NULL, NULL, NULL, NULL, '5045661600', NULL, NULL, 'swww.lsba.org/Public/MembershipDirectory.aspx', '**For inactive you must call', NULL, NULL, '1', NULL, NULL, NULL, NULL, NULL, NULL, NULL),
(1369, 'MD-CA', NULL, NULL, NULL, NULL, NULL, NULL, NULL, NULL, NULL, NULL, NULL, 'www.breeze.ca.gov/datamart/searchByName.do', NULL, NULL, NULL, '1', NULL, NULL, NULL, NULL, NULL, NULL, NULL),
(1370, 'EXCPT Pharm Tech', NULL, NULL, NULL, NULL, NULL, NULL, NULL, NULL, NULL, NULL, NULL, 'scertportal.nhanow.com/certification_verification/', NULL, NULL, NULL, '1', NULL, NULL, NULL, NULL, NULL, NULL, NULL),
(1371, 'AOA Board of Surgery-Vascular', NULL, NULL, NULL, NULL, NULL, NULL, NULL, NULL, NULL, NULL, NULL, NULL, NULL, NULL, NULL, '1', NULL, NULL, NULL, NULL, NULL, NULL, NULL),
(1372, 'ABS American Board of Surgery', NULL, NULL, NULL, NULL, NULL, NULL, NULL, NULL, NULL, NULL, NULL, NULL, NULL, NULL, NULL, '1', NULL, NULL, NULL, NULL, NULL, NULL, NULL),
(1373, 'ABS-Vascular American Board of Surgery', NULL, NULL, NULL, NULL, NULL, NULL, NULL, NULL, NULL, NULL, NULL, NULL, NULL, NULL, NULL, '1', NULL, NULL, NULL, NULL, NULL, NULL, NULL),
(1374, 'MS State Bar', NULL, NULL, NULL, NULL, NULL, 'MS', NULL, 'US', NULL, NULL, NULL, NULL, 'http://www.msbar.org/lawyer-directory.aspx', NULL, NULL, '1', NULL, NULL, NULL, NULL, NULL, NULL, NULL),
(1375, 'Certified Clinical Nephrology Technician', 'NNCO', NULL, NULL, NULL, NULL, NULL, NULL, NULL, NULL, NULL, NULL, 'www.nnco-cert.org/certified_nephrology_technicians.aspx', NULL, NULL, NULL, '1', NULL, NULL, NULL, NULL, NULL, NULL, NULL),
(1376, 'Ordained Minister', 'United Church of Christ', NULL, NULL, NULL, NULL, NULL, NULL, NULL, NULL, NULL, NULL, NULL, 'Main Number: 216-736-2100-- Need to contact which conference app is associated with and if you call the main #, they will help direct you. \r\nNebraska- 402-477-4131', NULL, NULL, '1', NULL, NULL, NULL, NULL, NULL, NULL, NULL),
(1377, 'CISA Cert Inform Sys Auditor', 'ISACA (Information Systems Audit and Control Assoc', NULL, NULL, NULL, NULL, NULL, NULL, NULL, NULL, NULL, NULL, 'www.isaca.org/CERTIFICATION/CISA-CERTIFIED-INFORMATION-SYSTEMS-AUDITOR/Pages/default.aspx', 'to verify certification, go to http://www.isaca.org/CERTIFICATION/CISA-CERTIFIED-INFORMATION-SYSTEMS-AUDITOR/Pages/default.aspx (NOTE, MUST have certification number)', NULL, NULL, '1', NULL, NULL, NULL, NULL, NULL, NULL, NULL),
(1378, 'SC State Bar', NULL, NULL, NULL, NULL, NULL, NULL, NULL, NULL, '8037996653', NULL, NULL, NULL, 'http://www.scbar.org/memberresources/memberdirectory.aspx', NULL, NULL, '1', NULL, NULL, NULL, NULL, NULL, NULL, NULL),
(1379, 'Registered Dietitian', 'Commission on Dietetic Registration', NULL, NULL, NULL, NULL, NULL, NULL, NULL, NULL, NULL, NULL, 'ssecure.eatright.org/cgi-bin/lansaweb?procfun+prweb28+p28fn05+prd+eng', NULL, NULL, NULL, '1', NULL, NULL, NULL, NULL, NULL, NULL, NULL),
(1380, 'KY State Bar', NULL, NULL, NULL, NULL, NULL, NULL, NULL, NULL, NULL, NULL, NULL, NULL, 'http://www.kybar.org/26', NULL, NULL, '1', NULL, NULL, NULL, NULL, NULL, NULL, NULL),
(1381, 'ABPM', 'American Board of Preventative Medicine', NULL, NULL, NULL, NULL, NULL, NULL, NULL, NULL, NULL, NULL, 'www.theabpm.org', NULL, NULL, NULL, '1', NULL, NULL, NULL, NULL, NULL, NULL, NULL),
(1382, 'Pharmacy Tech-MI', 'LARA', NULL, NULL, NULL, NULL, NULL, NULL, NULL, NULL, NULL, NULL, NULL, NULL, NULL, NULL, '1', NULL, NULL, NULL, NULL, NULL, NULL, NULL),
(1383, 'CRNA-SC', NULL, NULL, NULL, NULL, NULL, NULL, NULL, NULL, NULL, NULL, NULL, NULL, NULL, NULL, NULL, '1', NULL, NULL, NULL, NULL, NULL, NULL, NULL),
(1384, 'CRNA-SC', NULL, NULL, NULL, NULL, NULL, NULL, NULL, NULL, NULL, NULL, NULL, 'sverify.llronline.com/LicLookup', NULL, NULL, NULL, NULL, NULL, NULL, NULL, NULL, NULL, NULL, NULL),
(1385, 'ABIM-Oncology', 'American Board of Int Med Sub-Specialty of Oncolog', NULL, NULL, NULL, NULL, NULL, NULL, NULL, NULL, NULL, NULL, 'www.abim.org/specialty/medical-oncology.aspx', NULL, NULL, NULL, '1', NULL, NULL, NULL, NULL, NULL, NULL, NULL),
(1386, 'MD-NY', NULL, NULL, NULL, NULL, NULL, NULL, NULL, NULL, NULL, NULL, NULL, 'www.op.nysed.gov/opsearches.htm#nme', NULL, NULL, NULL, '1', NULL, NULL, NULL, NULL, NULL, NULL, NULL),
(1387, 'MD-IN', NULL, NULL, NULL, NULL, NULL, NULL, NULL, NULL, NULL, NULL, NULL, NULL, 'https://mylicense.in.gov/everification/Search.aspx', NULL, NULL, '1', NULL, NULL, NULL, NULL, NULL, NULL, NULL),
(1388, 'MD-RI', NULL, NULL, NULL, NULL, NULL, 'RI', NULL, 'US', NULL, NULL, NULL, NULL, 'http://209.222.157.144/RIDOH_Verification/Search.aspx?facility=N&SubmitComplaint=Y\r\n\r\nDisciplinary Action: http://www.health.ri.gov/lists/disciplinaryactions/', NULL, NULL, '1', NULL, NULL, NULL, NULL, NULL, NULL, NULL),
(1389, 'Nurse Anesthetist-NM', NULL, NULL, NULL, NULL, NULL, 'NM', NULL, 'US', NULL, NULL, NULL, NULL, NULL, NULL, NULL, '1', NULL, NULL, NULL, NULL, NULL, '0', '1'),
(1390, 'RN-PA', NULL, NULL, NULL, NULL, NULL, 'PA', NULL, 'US', NULL, NULL, NULL, NULL, NULL, NULL, '5.00', '1', NULL, NULL, NULL, NULL, '1', '0', '1');

-- --------------------------------------------------------

--
-- Estructura de tabla para la tabla `lrc_verifications`
--

CREATE TABLE `lrc_verifications` (
  `id` bigint(20) NOT NULL,
  `order_id` mediumint(9) DEFAULT NULL,
  `status` varchar(255) DEFAULT NULL,
  `lrc_id` mediumint(9) DEFAULT NULL,
  `license_number` varchar(255) DEFAULT NULL,
  `license_expiration_date` varchar(255) DEFAULT NULL,
  `resp_lrc` varchar(255) DEFAULT NULL,
  `resp_license_number` varchar(255) DEFAULT NULL,
  `resp_license_expiration_date` varchar(255) DEFAULT NULL,
  `issued_date` varchar(255) DEFAULT NULL,
  `is_active` varchar(255) DEFAULT NULL,
  `disciplinary_action` char(1) DEFAULT NULL,
  `disciplinary_action_description` varchar(255) DEFAULT NULL,
  `verified_by_src` varchar(255) DEFAULT NULL,
  `verified_by_emp` varchar(255) DEFAULT NULL,
  `fees` decimal(9,2) DEFAULT NULL,
  `verified_date` varchar(255) DEFAULT NULL,
  `verification_status` varchar(255) DEFAULT NULL,
  `employee` varchar(255) DEFAULT NULL,
  `last_update` varchar(255) DEFAULT NULL,
  `lifetime_certification` char(1) DEFAULT NULL,
  `added_by_recruiter` char(1) DEFAULT NULL,
  `hard_copies_required` char(1) DEFAULT NULL,
  `file` varchar(255) DEFAULT NULL,
  `show_note_to_recruiter` char(1) DEFAULT NULL,
  `is_rush` char(1) DEFAULT NULL,
  `created_at` datetime DEFAULT NULL,
  `recruiter_reviewed` tinyint(1) NOT NULL
) ENGINE=MyISAM DEFAULT CHARSET=utf8;

--
-- Volcado de datos para la tabla `lrc_verifications`
--

INSERT INTO `lrc_verifications` (`id`, `order_id`, `status`, `lrc_id`, `license_number`, `license_expiration_date`, `resp_lrc`, `resp_license_number`, `resp_license_expiration_date`, `issued_date`, `is_active`, `disciplinary_action`, `disciplinary_action_description`, `verified_by_src`, `verified_by_emp`, `fees`, `verified_date`, `verification_status`, `employee`, `last_update`, `lifetime_certification`, `added_by_recruiter`, `hard_copies_required`, `file`, `show_note_to_recruiter`, `is_rush`, `created_at`, `recruiter_reviewed`) VALUES
(1, 141192, NULL, 1087, NULL, NULL, NULL, NULL, NULL, NULL, NULL, NULL, NULL, NULL, NULL, NULL, NULL, NULL, 'Kim Ulrich', '2017-04-21T11:27:00-04:00', NULL, NULL, NULL, NULL, NULL, NULL, '2017-04-21 11:27:00', 0),
(2, 141192, 'CO', 1389, NULL, NULL, 'Nurse Anesthetist-NM', '1003456789', '03/2018', NULL, '1', '1', 'asdf', NULL, 'Kim Ulrich', NULL, '2017-04-10T02:32:12.493Z', 'PE', 'Pablo Bertran', '2018-04-27T16:19:48-04:00', NULL, NULL, NULL, NULL, NULL, NULL, '2017-04-09 22:43:53', 0),
(4, 141207, NULL, 820, NULL, NULL, NULL, NULL, NULL, NULL, NULL, NULL, NULL, NULL, NULL, NULL, NULL, NULL, 'Kim Ulrich', '2017-05-05T12:33:58-04:00', NULL, NULL, NULL, NULL, NULL, NULL, '2017-05-05 12:33:58', 0),
(7, 141201, 'CO', 664, NULL, '2018', 'NCBDE-Diabetes Educator', NULL, NULL, '2019', NULL, NULL, NULL, 'GIUGOUIG', 'Kim Ulrich', NULL, '2018-02-19T20:24:37.794Z', 'VE', 'Kim Ulrich', '2018-02-19T15:24:42-05:00', NULL, NULL, NULL, NULL, NULL, NULL, '2017-09-17 07:21:31', 0),
(8, 141218, 'CO', 530, NULL, NULL, 'RN-MI', '4704678567', '03/31/2019', '01/29/2004', '1', '0', NULL, 'LARA/Online', 'Kim Ulrich', NULL, '2017-09-29T14:11:45.621Z', 'VE', 'Kim Ulrich', '2017-09-29T11:08:25-04:00', NULL, NULL, NULL, NULL, NULL, NULL, '2017-09-29 11:08:25', 0),
(9, 141210, 'IP', 1318, '12341234', '04/05/2019', NULL, NULL, NULL, NULL, '1', '1', 'asdf', NULL, 'Pablo Bertran', NULL, '2018-05-14T05:00:00.000Z', 'F_UV', 'Pablo Bertran', '2018-05-30T15:21:48-04:00', NULL, NULL, NULL, NULL, NULL, NULL, '2018-03-05 13:44:24', 0),
(10, 141227, 'IP', 530, NULL, NULL, NULL, NULL, NULL, NULL, NULL, NULL, NULL, NULL, NULL, NULL, NULL, NULL, 'Stephanie Gorecki', '2018-03-28T12:31:17-04:00', NULL, NULL, NULL, NULL, NULL, NULL, '2018-03-12 13:46:10', 0),
(11, 141228, 'IP', 263, NULL, NULL, NULL, NULL, NULL, NULL, NULL, NULL, NULL, NULL, NULL, NULL, NULL, NULL, 'Stephanie Gorecki', '2018-03-28T13:35:03-04:00', NULL, NULL, NULL, NULL, NULL, NULL, '2018-03-28 13:35:03', 0),
(12, 141208, 'CO', 1013, NULL, NULL, NULL, NULL, NULL, NULL, NULL, NULL, NULL, NULL, NULL, NULL, NULL, 'PE', 'Stephanie Gorecki', '2018-04-12T13:37:39-04:00', NULL, NULL, NULL, NULL, NULL, NULL, '2018-04-12 13:31:58', 0);

-- --------------------------------------------------------

--
-- Estructura de tabla para la tabla `malpractice_contacts`
--

CREATE TABLE `malpractice_contacts` (
  `id` int(10) UNSIGNED NOT NULL,
  `name` varchar(100) DEFAULT NULL,
  `contact` varchar(100) DEFAULT NULL,
  `street_address1` varchar(100) DEFAULT NULL,
  `street_address2` varchar(100) DEFAULT NULL,
  `city` varchar(100) DEFAULT NULL,
  `state_id` char(2) DEFAULT NULL,
  `zip` varchar(10) DEFAULT NULL,
  `country_id` char(2) DEFAULT NULL,
  `phone` varchar(50) DEFAULT NULL,
  `fax` varchar(50) DEFAULT NULL,
  `email` varchar(100) DEFAULT NULL,
  `notes` text,
  `fee` decimal(6,2) DEFAULT NULL,
  `is_active` char(1) DEFAULT NULL,
  `employee_instructions` text,
  `is_contact_mail` char(1) DEFAULT NULL,
  `is_contact_phone` char(1) DEFAULT NULL,
  `is_contact_fax` char(1) DEFAULT NULL,
  `is_contact_email` char(1) DEFAULT NULL,
  `is_online` char(1) DEFAULT NULL
) ENGINE=InnoDB DEFAULT CHARSET=utf8 ROW_FORMAT=COMPACT;

--
-- Volcado de datos para la tabla `malpractice_contacts`
--

INSERT INTO `malpractice_contacts` (`id`, `name`, `contact`, `street_address1`, `street_address2`, `city`, `state_id`, `zip`, `country_id`, `phone`, `fax`, `email`, `notes`, `fee`, `is_active`, `employee_instructions`, `is_contact_mail`, `is_contact_phone`, `is_contact_fax`, `is_contact_email`, `is_online`) VALUES
(1, 'Detroit Medical Center', 'ATTN: Kim Ghist', NULL, NULL, 'Detroit', 'MI', NULL, 'US', '3139660820', '3139665124', 'kghist@dmc.org', 'Turnaround time 3-5 days; Does all DMC facilities including Karmanos, Children\\\'s, Sinai Grace, Huron Valley, Hutzel, Harper, Det Receiving\r\nRE Karmanos:  Karmanos was part of DMC up until 2005-Verify by DMC\r\n              Independent from 2005 to 2012-Verify Wells Fargo\r\n              Owned by McLaren 2013 to present-verify McLaren   VG', NULL, '1', NULL, NULL, NULL, NULL, NULL, NULL),
(2, 'St John Health System', 'Karen Denault, Insurance Assistant', '28000 Dequindre Road', NULL, 'Warren', 'MI', NULL, 'US', '5867530478', '5867530495', NULL, '***Karen Denolt at 586-753-0478 is covering until new person takes over\r\n\r\n**Nancy and Cynthia are leaving as of 8/26/11, someone new is starting in 2 weeks--they didn\'t have contact info yet.\r\n**Alt contact: Cynthia Rackham, Claims Coordinator, same fax#, 753-0478 phone\r\n\r\nTurnaround time 2 weeks; Affiliated with Ascension Health; Does all St John/Providence Locations; she only works Tues and Friday; other contact is Rachel McCaffrey, 586-753-0492\r\nzip: 48092', NULL, '1', NULL, NULL, NULL, NULL, NULL, NULL),
(3, 'Oakwood Hospital', 'ATTN: Darlene Baker', NULL, NULL, 'Dearborn', 'MI', NULL, 'US', '3135865042', '3137927110', NULL, 'Turnaround time up to 3 weeks; Darlene will forward to Carol at Oakwood Assurance if needed. \r\nNeed to include OAC policy # if available, need Dr\'s name they are under also****\r\nCarol Brooks, carol.brooks@marsh.com, Phone (313) 393-6529, fax (313) 393-6510', NULL, '1', NULL, NULL, NULL, NULL, NULL, NULL),
(4, 'To Be Determined', NULL, NULL, NULL, NULL, NULL, NULL, NULL, NULL, NULL, NULL, 'Malpractice Info not in database yet', NULL, '1', NULL, NULL, NULL, NULL, NULL, NULL),
(5, 'Beaumont Hospital', 'ATTN: Patricia Donohue', NULL, NULL, NULL, 'MI', NULL, 'US', '2484232522', '2484233791', NULL, 'Turnaround time 3-5 days, Does all locations, including Grosse Pointe only from 10/1/2007 to present; prior to 10/1/07--go to Bon Secours', NULL, '1', NULL, NULL, NULL, NULL, NULL, NULL),
(6, 'Bon Secours Hospital', 'ATTN: Kate Podvia, Risk Ins Dept', NULL, NULL, NULL, 'MI', NULL, 'US', '7172590757', '7172599105', NULL, 'Turnaround time within 2 days, @Bon Secours Corp Office for Beaumont Grosse Pointe prior to 10/1/2007', NULL, '1', NULL, NULL, NULL, NULL, NULL, NULL),
(7, 'MHA Insurance Company', 'ATTN: Clifton Murchison', '6215 West St. Joseph Highway', NULL, 'Lansing', 'MI', NULL, 'US', '5178868229', '5173274676', 'cmurchison@coverys.com', 'Turnaround time 3-5 days, Zip code 48917\r\nalt 327-4676', NULL, '1', NULL, NULL, NULL, NULL, NULL, NULL),
(8, 'NSO/American Casualty', 'Nurse Practitioner Claims', NULL, NULL, NULL, NULL, NULL, NULL, '8002471500', '8007583635', NULL, '**You can call # and do everything automated to try to get cert faxed to us--this may be faster\r\n\r\nPrivate Fax # if needed: 847-953-4459\r\ngen# 800-247-1500\r\nALT# 215-773-4811, Nilza Wise, Team Leader', NULL, '1', NULL, NULL, NULL, NULL, NULL, NULL),
(9, 'ASC-Anesthesia Staffing Consultants', 'Sheri Martin, Credentialing', '30200 Telegraph Road, Suite 220', NULL, 'Bingham Farms', 'MI', NULL, 'US', '2482585058', '2489275058', 'nicole@asconsultants.com', 'zip: 48025-don\\\'t use for Landmark Insurance--if it is for them, pull them up under Landmark American Ins Co', NULL, '1', NULL, NULL, NULL, NULL, NULL, NULL),
(10, 'Landmark American Insurance Company', 'Judy Hanson/RSUI Group', NULL, NULL, NULL, NULL, NULL, NULL, '4042312366', '4042313755', 'jhanson@rsui.com', 'This is used for ASC--when it states Landmark American Ins.\r\n\r\nalso Karen Ray kray@rsui.com', NULL, '1', NULL, NULL, NULL, NULL, NULL, NULL),
(11, 'McLaren Health System', 'Valerie Lemieux, Ins. & Risk', NULL, NULL, NULL, 'MI', NULL, 'US', '8103422427', '8103423683', NULL, '**All employees after 6/30/08 of affiliate hospital (POH, etc) will be sent here also', NULL, '1', NULL, NULL, NULL, NULL, NULL, NULL),
(12, 'POH Medical Center', 'Beth Huber-Risk Mgt', NULL, NULL, NULL, 'MI', NULL, 'US', '2483385688', '2483385667', NULL, 'Any employee before 6/30/08 goes here, if not, needs to go to McLaren.', NULL, '1', NULL, NULL, NULL, NULL, NULL, NULL),
(13, 'Mt. Clemens Regional Medical Center', 'Mary Jones', NULL, NULL, 'Mt. Clemens', 'MI', NULL, 'US', '5864933160', '5864933159', NULL, NULL, NULL, '1', NULL, NULL, NULL, NULL, NULL, NULL),
(14, 'Crittenton Hospital', 'Mike Clark/Lisa', NULL, NULL, 'Rochester', 'MI', NULL, 'US', '2486525480', '2486525537', NULL, NULL, NULL, '1', NULL, NULL, NULL, NULL, NULL, NULL),
(15, 'WakeMed Health & Hospitals', 'Danise', NULL, NULL, 'Raleigh', 'NC', NULL, 'US', '9193508000', '9193505892', NULL, NULL, NULL, '1', NULL, NULL, NULL, NULL, NULL, NULL),
(16, 'University of Michigan Health System', 'Risk Mgt-Jane Bramer', NULL, NULL, 'Ann Arbor', 'MI', NULL, 'US', '7347635456', '7347635300', NULL, 'Direct # 734-763-5457; 2 wk t/o time', NULL, '1', NULL, NULL, NULL, NULL, NULL, NULL),
(17, 'Marsh Affinity Group Services', 'Joan F. O\\\'Sullivan, Risk Mgt', NULL, NULL, NULL, NULL, NULL, NULL, '8003232106', '5153656338', NULL, 't/o time 2-3 business days\r\nalt fax #: 515-365-6877\r\nClaims History fax: 208-338-6485', NULL, '1', NULL, NULL, NULL, NULL, NULL, NULL),
(18, 'Chicago Insurance Company', 'PLS Liability Claims Dept', NULL, NULL, 'Chicago', 'IL', NULL, 'US', '8005039230', '5153656877', NULL, 'Fax with release; 3-5 bus days t/o', NULL, '1', NULL, NULL, NULL, NULL, NULL, NULL),
(19, 'American Professional Agency (APA)', 'Mary, Claims Dept', NULL, NULL, NULL, NULL, NULL, NULL, '8004216694', '6316912259', NULL, 'x 2212', NULL, '1', NULL, NULL, NULL, NULL, NULL, NULL),
(20, 'EPMG', 'Karen Kodell', NULL, NULL, 'Ann Arbor', 'MI', NULL, 'US', '7349953764', '7347940482', NULL, NULL, NULL, '1', NULL, NULL, NULL, NULL, NULL, NULL),
(21, 'Trust Risk & Mgt Services', 'Risk Mgt', NULL, NULL, NULL, NULL, NULL, NULL, '8776379700', '8772515111', NULL, 'Fax with release', NULL, '1', NULL, NULL, NULL, NULL, NULL, NULL),
(22, 'Minute Clinic/CVS', 'Linda Jackson/Credentialing', NULL, NULL, NULL, NULL, NULL, NULL, '4017701768', '4016529787', 'ellen.campbell@minuteclinic.com', 't/o 1-2 weeks\r\nEV info: 401-770-1601 Payroll Marsha\r\nalt contact: Linda Jackson, 401-770-1768; fax 652-9787, they don\'t give claims history-we need NPDB-\r\nalt contact: Jennifer Babcock, 401-770-4016; fax 401-652-9787\r\nalt contact: Amber Biehn@minuteclinic.com\r\nphone 612-767-3166; 612-234-4874', NULL, '1', NULL, NULL, NULL, NULL, NULL, NULL),
(23, 'Johnston Lewis', 'Carm L.', NULL, NULL, NULL, 'MI', NULL, 'US', NULL, '2486877758', NULL, NULL, NULL, '1', NULL, NULL, NULL, NULL, NULL, NULL),
(24, 'Garden City Hospital', 'Risk Mgt-Ann Henry', '6245 Inkster Road', NULL, 'Garden City', 'MI', NULL, 'US', '7344583602', '7344584476', NULL, 'zip: 48135', NULL, '1', NULL, NULL, NULL, NULL, NULL, NULL),
(25, 'D', NULL, '28455 Haggerty Rd.', NULL, 'Novi', 'MI', NULL, 'US', '2488933200', NULL, NULL, NULL, NULL, '1', NULL, NULL, NULL, NULL, NULL, NULL),
(26, 'Great Lakes Urgent Care', NULL, '215 E Auburn Road', NULL, 'Rochester Hills', 'MI', NULL, 'US', '2488532009', NULL, NULL, NULL, NULL, '1', NULL, NULL, NULL, NULL, NULL, NULL),
(27, 'Arkansas Children\'s Hospital', 'Vicky Bennett, Director of Credentialing', NULL, NULL, NULL, 'AR', NULL, 'US', '5013641100', NULL, NULL, NULL, NULL, '1', NULL, NULL, NULL, NULL, NULL, NULL),
(28, 'St. Joseph Mercy Ann Arbor', 'Jody Monroe, Malpractice Verifications', NULL, NULL, 'Ann Arbor', 'MI', NULL, 'US', '7343431795', '7343433440', NULL, NULL, NULL, '1', NULL, NULL, NULL, NULL, NULL, NULL),
(29, 'Metro Health Hospital', 'Debbie Hinton, Medical Education', NULL, NULL, 'Wyoming', 'MI', NULL, 'US', '6162527604', '6162520704', NULL, 'Debbie only verifies for Resident Physicians all others go thru Risk Mgmt.\r\nJackie Wynn: 616-252-7200\r\n    fax: 616-252-6299\r\nLegal: Dawn Wedyke 616-252-7394', NULL, '1', NULL, NULL, NULL, NULL, NULL, NULL),
(30, 'St. Mary\'s Health Care', 'Kathy Velianoff', NULL, NULL, 'Grand Rapids', 'MI', NULL, 'US', '6166855000', '6166858991', NULL, NULL, NULL, '1', NULL, NULL, NULL, NULL, NULL, NULL),
(31, 'Omni Physicians Group', 'Credentialing Dept', NULL, NULL, 'Holland', 'OH', NULL, 'US', '4196907911', '4198664319', NULL, NULL, NULL, '1', NULL, NULL, NULL, NULL, NULL, NULL),
(32, 'Great Lakes Urgent Care', 'Office Manager', NULL, NULL, 'Rochester', 'MI', NULL, 'US', '2488532009', '2488534105', NULL, NULL, NULL, '1', NULL, NULL, NULL, NULL, NULL, NULL),
(33, 'AANA Insurance Services', 'Kate Shanahan, x 3945', NULL, NULL, 'Chicago', 'IL', NULL, 'US', '8003431368', '8005472220', NULL, 'ph ext 3941-----Becky O\'Connor logs faxes\r\n3-5 bus days t/o time', NULL, '1', NULL, NULL, NULL, NULL, NULL, NULL),
(34, 'ER-ONE', 'Stacy Sallen, Credentialing', NULL, NULL, NULL, 'MI', NULL, 'US', '7346320175', '7346320182', NULL, 'Fax to Stacy and she will get us to correct place\r\nKelly Greener is HR contact', NULL, '1', NULL, NULL, NULL, NULL, NULL, NULL),
(35, 'Lexington Insurance', 'Olga Kiousis', '600 Renaissance Center, Suite 2100', NULL, 'Detroit', 'MI', NULL, 'US', '3138746710', '3138746188', 'rfis@hfhs.org', 'ALT CONTACT: Jacqueline Richardson, Claims Processor--248-353-5800; fax 855-272-2514\r\n\r\nNeed to fax to Mary Jones for claims history\r\nZip 48243\r\n\r\nNew York contact: Dorothy Bedson, 212-770-1737; fax 212-809-2030\r\n\r\nalt contact: Lisa Jones, 301-933-3373; fax 301-933-3651-- 5-7 bus day t/o', NULL, '1', NULL, NULL, NULL, NULL, NULL, NULL),
(36, 'Mt. Clemens Regional Medical Center', 'Shari Alder', NULL, NULL, 'Mt. Clemens', 'MI', NULL, 'US', '5864933160', '5864933159', NULL, 'CRNA\'s go through  the corporate office 810-342-2427; fax 810-342-3683', NULL, '1', NULL, NULL, NULL, NULL, NULL, NULL),
(37, 'C M & F Group, Inc.', 'Donna Fogelstrom', '99 Hudson Street, 12th floor', NULL, 'New York', 'NY', NULL, 'US', '8002214904', '2129625422', NULL, 'zip: 10013\r\n\r\nalt contact: Lucille CM&F: 212-233-8911 x 231', NULL, '1', NULL, NULL, NULL, NULL, NULL, NULL),
(38, 'Tri County Medical', 'Lynne Greschan, Office Manager', NULL, NULL, NULL, NULL, NULL, NULL, '5869795100', '5869794287', NULL, NULL, NULL, '1', NULL, NULL, NULL, NULL, NULL, NULL),
(39, 'ProClaim America, Inc.', 'Taryn Stewart', '13176 N. Dale Mabry Hwy, Suite 113', NULL, 'Tampa', 'FL', NULL, 'US', '8133746289', '8662780972', 'tstewart@proclaimamerica.com', 'zip 33618', NULL, '1', NULL, NULL, NULL, NULL, NULL, NULL),
(40, 'Granite State Insurance Co. (Lexington)', 'Yvette, Credentialing', NULL, NULL, 'New York', 'NY', NULL, 'US', '8007293122', '2128574718', NULL, 'Policy # is needed..\r\nTHIS IS FOR LEXINGTON', NULL, '1', NULL, NULL, NULL, NULL, NULL, NULL),
(41, 'Center for Orthopaedic Surgery', 'Office Manager', '2300 Haggerty Road, Suite 1110', NULL, 'West Bloomfield', 'MI', NULL, 'US', '2486692000', '2486692110', NULL, 'zip: 48323', NULL, '1', NULL, NULL, NULL, NULL, NULL, NULL),
(42, 'Botsford Hospital', 'Diane Trinks, Risk Management', '28050 Grand River Avenue', NULL, 'Farmington Hills', 'MI', NULL, 'US', '2484718527', '2484718896', NULL, 'zip: 48336\r\nalt contact: Kim O\\\'Leary, ph 248-471-8430; fax 248-471-8351', NULL, '1', NULL, NULL, NULL, NULL, NULL, NULL),
(43, 'Pro National Insurance', 'Merial Wolfe', NULL, NULL, NULL, 'MI', NULL, 'US', '5173496500', '5173476321', NULL, 'other contact: Roberta (Robin) Miller, 205-414-2895 fax #, ph 347-6219', NULL, '1', NULL, NULL, NULL, NULL, NULL, NULL),
(44, 'Fairhaven Obstetrics & Gynecology, Inc.', 'Gail Schrock, Practice Manager', '1111  Lighthouse Lane', NULL, 'Goshen', 'IN', NULL, 'US', '5745338925', '5745330277', 'gschrock@fairhavenobgyn.org', 'zip: 46526    x 105 for ph', NULL, '1', NULL, NULL, NULL, NULL, NULL, NULL),
(45, 'Add A Tech', 'Amber Roberts-Professional Insurance Associates', '3028 S. Wayne Rd', NULL, 'Wayne', 'MI', '48184', 'US', '7347223500', '7347220622', NULL, NULL, NULL, '1', NULL, NULL, NULL, NULL, NULL, NULL),
(46, 'Veterans Affairs', 'FALLS UNDER FEDERAL TORT CLAIMS ACT', NULL, NULL, NULL, NULL, NULL, NULL, NULL, NULL, NULL, '** Most VA Centers are covered by the Federal Tort Claims Act, US Code 2679(b), Sections 1346(b) and 2672.', NULL, '1', NULL, NULL, NULL, NULL, NULL, NULL),
(47, 'Wayne State University Physician Group', 'Risk Mgt', '3800 Woodward Avenue, Ste 212', NULL, 'Detroit', 'MI', NULL, 'US', '3135778810', '3135778271', NULL, 'zip: 48201', NULL, '1', NULL, NULL, NULL, NULL, NULL, NULL),
(48, 'Wells Fargo', 'Jim Wagner/Credentialing', '4000 Town Center, Ste #800', NULL, 'Southfield', 'MI', NULL, 'US', '2489485737', '8552933638', NULL, 'zip: 48075 MAIN NUMBER: 248-353-5800\r\nV.P. is Alan Woznicki,k 248-948-5749', NULL, '1', NULL, NULL, NULL, NULL, NULL, NULL),
(49, 'Genesys Regional Medical Center', 'Kris, Risk Manager', 'One Genesys Parkway', NULL, 'Grand Blanc', 'MI', NULL, 'US', '8106066642', '8106067726', NULL, 'Christine Foster, Paralegal\r\nClaims & Contracts Administration Analyst Professional & General Liability Department Phone 810/606-6994\r\nFax        810/606-7726\r\nE-Mail  cfoster@genesys.org', NULL, '1', NULL, NULL, NULL, NULL, NULL, NULL),
(50, 'USI Southeast', 'Account Manager-- Lani Ross', '200 West Cypress Creek Rd, Ste 500', NULL, 'Fort Lauderdale', 'FL', NULL, 'US', '9546074000', '9546074010', 'lani.ross@usi.biz', 'zip: 33309\r\n\r\n**Claims for CRNA go to Taryn Stewart, 813-374-6289 fax, 866-278-0972', NULL, '1', NULL, NULL, NULL, NULL, NULL, NULL),
(51, 'Hurley Medical', 'Risk Mgt-Denise Denington', NULL, NULL, 'Flint', 'MI', NULL, 'US', '8102629045', '8104244931', NULL, NULL, NULL, '1', NULL, NULL, NULL, NULL, NULL, NULL),
(52, 'University of Detroit Mercy', 'Victoria Spallone, Risk Mgmt.', NULL, NULL, 'Detroit', 'MI', NULL, 'US', '3139931268', NULL, NULL, '(313) 993-1272\r\n(313) 993-1208 Yvonne King\r\n313-578-0439 Dr. Jennifer Ruel\r\nMonica Williams - 313-993-1028/fax 313-993-1509 leonarmj@udmercy.edu', NULL, '1', NULL, NULL, NULL, NULL, NULL, NULL),
(53, 'Bay Regional Medical Center', 'Jack Mills-Risk Mgt', NULL, NULL, 'Bay City', 'MI', NULL, 'US', '9898946440', '9898933434', NULL, NULL, NULL, '1', NULL, NULL, NULL, NULL, NULL, NULL),
(54, 'Saber Salisbury', 'Cindy Myers', NULL, NULL, 'Troy', 'MI', NULL, 'US', '2489522600', '2489522610', NULL, 'Nancy may be malpractice now; EV\'s Jeanine\r\nnote: They cover Lapeer Regional Med Ctr', NULL, '1', NULL, NULL, NULL, NULL, NULL, NULL),
(55, 'Michigan Neurology Associates', 'Office Manager/Risk Management', NULL, NULL, NULL, 'MI', NULL, 'US', '5864459900', '5864452641', NULL, NULL, NULL, '1', NULL, NULL, NULL, NULL, NULL, NULL),
(56, 'Sherman Hospital', 'Marcie, Risk Mgt', NULL, NULL, 'Elgin', 'IL', NULL, 'US', '8474298795', '8474293771', NULL, NULL, NULL, '1', NULL, NULL, NULL, NULL, NULL, NULL),
(57, 'North Oakland Medical Center', 'Mariann Thompson', '461 W. Huron', NULL, 'Pontiac', 'MI', NULL, 'US', '2488576758', '2488576883', NULL, 'zip: 48341', NULL, '1', NULL, NULL, NULL, NULL, NULL, NULL),
(58, 'Concentra Medical-OMP Insurance Co.', 'Risk Mgt-Barb', NULL, NULL, NULL, 'MI', NULL, 'US', NULL, '2487122320', NULL, NULL, NULL, '1', NULL, NULL, NULL, NULL, NULL, NULL),
(59, 'Contemporary Insurance Services', 'Shanique Stevenson', '11301 Amherst Avenue, Ste 202', NULL, 'Silver Spring', 'MD', NULL, 'US', '3019333373', '3019333651', NULL, 'zip: 20902', NULL, '1', NULL, NULL, NULL, NULL, NULL, NULL),
(60, 'Park Nicollet', 'Vicki Wagner, Risk Mgt', '3800 Park Nicollet Blvd', NULL, 'St. Louis Park', 'MN', NULL, 'US', '9529932064', '9529932819', NULL, 'zip: 55416', NULL, '1', NULL, NULL, NULL, NULL, NULL, NULL),
(61, 'Rush University Medical Center', 'Risk Mgt-Maxine Cooper', '630 South Hermitage, Room 101 Kidston House', NULL, 'Chicago', 'IL', NULL, 'US', '3129427828', '3129422846', NULL, 'zip: 60612', NULL, '1', NULL, NULL, NULL, NULL, NULL, NULL),
(62, 'ProAssurance', 'Patricia Spruill/Naomi Colvin/Lynette Muhle', NULL, NULL, NULL, NULL, NULL, NULL, '2054397942', '2058684073', 'credentialing@proassurance.com', 'CREDENTIALING HOTLINE: 877-274-7007\r\n\r\nset up acct on www.proassurance.com\r\n\r\nPassword: Reference1', NULL, '1', NULL, NULL, NULL, NULL, NULL, NULL),
(63, 'Venske Insurance (now Trinity Health)', 'Sharon Campbasso, Risk Mgt.', '27870 Cabot Drive', NULL, 'Novi', 'MI', NULL, 'US', '7343432187', '7343433193', NULL, '***Alt contact Sharon Campbasso, Risk Mgt., 734-343-2187\r\n*Try to go through company first, they rarely take 3rd party requests..\r\n\r\n**Trinity Health is parent co. to Venske, zip: 48377\r\nalt fax# 248-488-9683\r\ngen#248-489-6000\r\nthese numbers above are no longer good', NULL, '1', NULL, NULL, NULL, NULL, NULL, NULL),
(64, 'Acord/AON (Northeast)', 'Colleen Howe-Risk Mgt Services', NULL, NULL, NULL, NULL, NULL, NULL, '4015536614', '4013312809', NULL, NULL, NULL, '1', NULL, NULL, NULL, NULL, NULL, NULL),
(65, 'American Physicians Assurance Corporation', 'Cheri Houle, Credentialing', NULL, NULL, NULL, 'MI', NULL, 'US', '8004212368', '8887237177', 'custserv@thedoctors.com', NULL, NULL, '1', NULL, NULL, NULL, NULL, NULL, NULL),
(66, 'St. Joseph Mercy Health System', 'Peggy Casper', NULL, NULL, 'Livingston', 'MI', NULL, 'US', '5175456275', '5175455100', NULL, '#\'s may be reversed', NULL, '1', NULL, NULL, NULL, NULL, NULL, NULL),
(67, 'St. Joseph Mercy Pontiac', 'Robin Rak/Pat Graves', '44405 Woodward, Medical Staff Services, H42', NULL, 'Pontiac', 'MI', NULL, 'US', '2488586680', '2488586096', NULL, 't/o 2 weeks\r\nzip: 48341', NULL, '1', NULL, NULL, NULL, NULL, NULL, NULL),
(68, 'St. Alphonsus Regional Medical Center', 'Jeff Wilson', NULL, NULL, 'Boise', 'ID', NULL, 'US', NULL, '2083673930', NULL, NULL, NULL, '1', NULL, NULL, NULL, NULL, NULL, NULL),
(69, 'Mercy Memorial Center North Iowa', 'Margaret Nash', NULL, NULL, 'Mason City', 'IA', NULL, 'US', NULL, '6414227741', NULL, NULL, NULL, '1', NULL, NULL, NULL, NULL, NULL, NULL),
(70, 'Mercy Medical Center', 'Chris Kelly', NULL, NULL, 'Sioux City', 'IA', NULL, 'US', NULL, '7122795728', NULL, NULL, NULL, '1', NULL, NULL, NULL, NULL, NULL, NULL),
(71, 'Holy Cross Hospital', 'Peter Tallerico', NULL, NULL, 'Silver Spring', 'MD', NULL, 'US', NULL, '3017547634', NULL, NULL, NULL, '1', NULL, NULL, NULL, NULL, NULL, NULL),
(72, 'Battle Creek Health System', 'Jill White', NULL, NULL, 'Battle Creek', 'MI', NULL, 'US', NULL, '2699668197', NULL, NULL, NULL, '1', NULL, NULL, NULL, NULL, NULL, NULL),
(73, 'Mercy Hospital - Cadillac', 'Joyce Nichols', NULL, NULL, 'Cadillac', 'MI', NULL, 'US', NULL, '2318767071', NULL, NULL, NULL, '1', NULL, NULL, NULL, NULL, NULL, NULL),
(74, 'Mercy Hospital - Grayling', 'Bridget Boynton', NULL, NULL, 'Grayling', 'MI', NULL, 'US', NULL, '9893480479', NULL, NULL, NULL, '1', NULL, NULL, NULL, NULL, NULL, NULL),
(75, 'St. Mary Mercy Hospital', 'Nikki Carr, Med Staff Affairs', NULL, NULL, 'Livonia', 'MI', NULL, 'US', '7346551608', '7346551445', NULL, NULL, NULL, '1', NULL, NULL, NULL, NULL, NULL, NULL),
(76, 'Mercy Health Partners', 'Julie Erickson', NULL, NULL, 'Muskegon & Hackley', 'MI', NULL, 'US', NULL, '2316723621', NULL, NULL, NULL, '1', NULL, NULL, NULL, NULL, NULL, NULL),
(77, 'St. Joseph Mercy Port Huron', 'Gisela Horn, Risk Mgmt.', NULL, NULL, 'Port Huron', 'MI', NULL, 'US', '8109851500', '8109663104', NULL, NULL, NULL, '1', NULL, NULL, NULL, NULL, NULL, NULL),
(78, 'Mount Carmel Health System', 'Linda Heresh', NULL, NULL, 'Columbus & Westerville', 'OH', NULL, 'US', NULL, '6145464652', NULL, NULL, NULL, '1', NULL, NULL, NULL, NULL, NULL, NULL),
(79, 'Chelsea Community Hospital', 'Patti Magyar', NULL, NULL, 'Chelsea', 'MI', NULL, 'US', NULL, '7344754066', NULL, NULL, NULL, '1', NULL, NULL, NULL, NULL, NULL, NULL),
(80, 'Northeast Physicians Group', 'Jerry McConnel', NULL, NULL, NULL, 'GA', NULL, 'US', '7702191155', '7702193825', NULL, NULL, NULL, '1', NULL, NULL, NULL, NULL, NULL, NULL),
(81, 'New Horizons Mental Health', 'Office Manager', '20960 Kelly Rd, Ste B', NULL, 'Eastpointe', 'MI', NULL, 'US', '5865851955', '5865851963', NULL, 'zip: 48021', NULL, '1', NULL, NULL, NULL, NULL, NULL, NULL),
(82, 'Great Lake Physicians', 'Office Manager-Deanna', NULL, NULL, 'St Clair Shores', 'MI', NULL, 'US', '5864982400', '5864982800', NULL, NULL, NULL, '1', NULL, NULL, NULL, NULL, NULL, NULL),
(83, 'Detroit Community Health Connection', 'Office Manager', '13901 E. Jefferson Ave.', NULL, 'Detroit', 'MI', NULL, 'US', '2484251078', NULL, NULL, 'zip: 48215', NULL, '1', NULL, NULL, NULL, NULL, NULL, NULL),
(84, 'Sinai Grace Primary Care Physicians Group LLC', NULL, NULL, NULL, 'Detroit', 'MI', NULL, 'US', NULL, NULL, NULL, NULL, NULL, '1', NULL, NULL, NULL, NULL, NULL, NULL),
(85, 'Presbyterian Hospital', 'Mary K. Lucero', 'P.O. Box 26666', NULL, 'Albuquerque', 'NM', NULL, 'US', '5059238183', '5059238134', NULL, NULL, NULL, '1', NULL, NULL, NULL, NULL, NULL, NULL),
(86, 'Genesys Cardiovascular & Thoracic Surgical Assoc', NULL, NULL, NULL, NULL, 'MI', NULL, 'US', NULL, NULL, NULL, NULL, NULL, '1', NULL, NULL, NULL, NULL, NULL, NULL),
(87, 'Downriver Community Services', 'Nicole Hack', NULL, NULL, 'New Haven', 'MI', NULL, 'US', '5867495197', NULL, NULL, NULL, NULL, '1', NULL, NULL, NULL, NULL, NULL, NULL),
(88, 'Oakland Macomb OB/GYN', 'Diane', NULL, NULL, 'Rochester Hills', 'MI', NULL, 'US', '2489975805', '2489975811', NULL, NULL, NULL, '1', NULL, NULL, NULL, NULL, NULL, NULL),
(89, 'Specialized Insurance Services, Inc.', 'Risk Mgt./Malpractice Verifications', '840 Lone Tree Road', NULL, 'Milford', 'MI', NULL, 'US', '2488898578', '2488899499', NULL, 'zip code: 48380', NULL, '1', NULL, NULL, NULL, NULL, NULL, NULL),
(90, 'Preferred Hospitalists of Michigan', 'Cherie Rivard', NULL, NULL, NULL, 'MI', NULL, 'US', '5865827632', '5865827633', NULL, NULL, NULL, '1', NULL, NULL, NULL, NULL, NULL, NULL),
(91, 'Oceanus Insurance Company', 'Mary', NULL, NULL, NULL, NULL, NULL, NULL, '8666056206', '9548280320', NULL, NULL, NULL, '1', NULL, NULL, NULL, NULL, NULL, NULL),
(92, 'Doctor\'s Company', 'Angelica', NULL, NULL, NULL, NULL, NULL, NULL, '7134585237', '7134305237', NULL, NULL, NULL, '1', NULL, NULL, NULL, NULL, NULL, NULL),
(93, 'K & S Family Care', 'Office Manager', NULL, NULL, NULL, 'MI', NULL, 'US', '7347297221', NULL, NULL, NULL, NULL, '1', NULL, NULL, NULL, NULL, NULL, NULL),
(94, 'Choctaw Professional', 'Esmeralda Salguero', NULL, NULL, NULL, NULL, NULL, NULL, '2013413336', '2013413455', NULL, NULL, NULL, '1', NULL, NULL, NULL, NULL, NULL, NULL),
(95, 'The Little Clinic', 'Credentialing', NULL, NULL, NULL, 'TN', NULL, 'US', '6154254200', '6154254268', NULL, NULL, NULL, '1', NULL, NULL, NULL, NULL, NULL, NULL),
(96, 'Eastside Gynecology and Obstetrics', 'Lynne-Administrative Manager', NULL, NULL, 'Roseville', 'MI', NULL, 'US', '5864156200', '5864156217', NULL, NULL, NULL, '1', NULL, NULL, NULL, NULL, NULL, NULL),
(97, 'Borgess Women\'s Health', 'Medical Staff Office', NULL, NULL, 'Kalamazoo', 'MI', NULL, 'US', '2692265927', NULL, NULL, NULL, NULL, '1', NULL, NULL, NULL, NULL, NULL, NULL),
(98, 'New Dawn Midwifery', NULL, NULL, NULL, 'Asheville', 'NC', NULL, 'US', '8282360032', NULL, NULL, NULL, NULL, '1', NULL, NULL, NULL, NULL, NULL, NULL),
(99, 'Bronson\'s Women\'s Services', NULL, NULL, NULL, NULL, NULL, NULL, NULL, NULL, NULL, NULL, NULL, NULL, '1', NULL, NULL, NULL, NULL, NULL, NULL),
(100, 'Liberty Insurance Underwriters', 'Marsh --Seabury and Smith, Inc.', NULL, NULL, NULL, NULL, NULL, NULL, '8005039230', '5153656877', NULL, 'Client number is required (it is on the Memorandum of Insurance); fax with signed release', NULL, '1', NULL, NULL, NULL, NULL, NULL, NULL),
(101, 'Pointe Neurology', 'Lisa, Office Manager', NULL, NULL, 'Grosse Pointe Woods', 'MI', NULL, 'US', '3138828600', '3138820737', NULL, NULL, NULL, '1', NULL, NULL, NULL, NULL, NULL, NULL),
(102, 'Metro Urgent Care', NULL, NULL, NULL, 'Lincoln Park', 'MI', NULL, 'US', NULL, NULL, NULL, NULL, NULL, '1', NULL, NULL, NULL, NULL, NULL, NULL),
(103, 'St John Home Care Physicians', NULL, NULL, NULL, 'Eastpointe', 'MI', NULL, 'US', NULL, NULL, NULL, NULL, NULL, '1', NULL, NULL, NULL, NULL, NULL, NULL),
(104, 'Merriman Medical Home Care', NULL, NULL, NULL, 'Westland', 'MI', NULL, 'US', '7347210011', NULL, NULL, NULL, NULL, '1', NULL, NULL, NULL, NULL, NULL, NULL),
(105, 'Partlow Insurance Agency, Inc.', NULL, NULL, NULL, 'Winchester', 'VA', NULL, 'US', '5406674980', '5406658487', NULL, NULL, NULL, '1', NULL, NULL, NULL, NULL, NULL, NULL),
(106, 'Compass Ins./Phoenix', NULL, NULL, NULL, 'Phoenix', 'AZ', NULL, 'US', '6029567800', '6029773688', NULL, NULL, NULL, '1', NULL, NULL, NULL, NULL, NULL, NULL),
(107, 'Erie County Medical Center', 'Risk Mgt-Jean Downy', NULL, NULL, 'Buffalo', 'NY', NULL, 'US', '7168985773', '7168983108', NULL, NULL, NULL, '1', NULL, NULL, NULL, NULL, NULL, NULL),
(108, 'Bassett Health Care', 'Risk Mgt', NULL, NULL, 'Cooperstown', 'NY', NULL, 'US', '6075473456', NULL, NULL, NULL, NULL, '1', NULL, NULL, NULL, NULL, NULL, NULL),
(109, 'St. Joseph\'s Hospital', 'Risk Mgt-Doris Fior', NULL, NULL, 'Reading', 'PA', NULL, 'US', '6103782000', '6103782799', NULL, NULL, NULL, '1', NULL, NULL, NULL, NULL, NULL, NULL),
(110, 'SUNY', 'Risk Mgt', NULL, NULL, 'Syracuse', 'NY', NULL, 'US', '3154645540', '3154648524', NULL, NULL, NULL, '1', NULL, NULL, NULL, NULL, NULL, NULL),
(111, 'Medical Protective', 'Lisa Adams', NULL, NULL, NULL, NULL, NULL, NULL, '8004633776', '9725439247', NULL, NULL, NULL, '1', NULL, NULL, NULL, NULL, NULL, NULL),
(112, 'Lutheran Medical Center', 'Legal Affairs', NULL, NULL, 'Brooklyn', 'NY', NULL, 'US', '7186307000', '7186307281', NULL, NULL, NULL, '1', NULL, NULL, NULL, NULL, NULL, NULL),
(113, 'Beth Israel Medical', 'Risk Management', NULL, NULL, 'Brooklyn', 'NY', NULL, 'US', '2124204672', '2128441744', NULL, NULL, NULL, '1', NULL, NULL, NULL, NULL, NULL, NULL),
(114, 'Georgetown University Hospital', 'Risk Management', NULL, NULL, NULL, 'DC', NULL, 'US', '2024448757', '2024446607', NULL, NULL, NULL, '1', NULL, NULL, NULL, NULL, NULL, NULL),
(115, 'Ingham Regional Medical', NULL, NULL, NULL, NULL, NULL, NULL, NULL, '5179756000', NULL, NULL, NULL, NULL, '1', NULL, NULL, NULL, NULL, NULL, NULL),
(116, 'IPC The Hospitalist Group', 'Risk Mgt./Malpractice Verifications', NULL, NULL, 'Troy', 'MI', NULL, 'US', NULL, '2489520192', 'gmashayekhi@ipcm.com', NULL, NULL, '1', NULL, NULL, NULL, NULL, NULL, NULL),
(117, 'Oakland Medical Group', NULL, NULL, NULL, NULL, NULL, NULL, NULL, NULL, NULL, NULL, NULL, NULL, '1', NULL, NULL, NULL, NULL, NULL, NULL),
(118, 'Herrick Medical Center', NULL, NULL, NULL, NULL, NULL, NULL, NULL, NULL, NULL, NULL, NULL, NULL, '1', NULL, NULL, NULL, NULL, NULL, NULL),
(119, 'Port Huron Hospital', 'Janet Bigelow, Risk Mgmt.', NULL, NULL, NULL, 'MI', NULL, 'US', '8109875000', '8109852669', 'jbigelow@porthuronhospital.org', NULL, NULL, '1', NULL, NULL, NULL, NULL, NULL, NULL),
(120, 'Dr. Morreale', 'Diane--Office Manager', NULL, NULL, NULL, 'MI', NULL, 'US', '5868031220', '5868031277', NULL, NULL, NULL, '1', NULL, NULL, NULL, NULL, NULL, NULL),
(121, 'Consultants in Sleep and Pulmonary Medicine', 'Chery Rich, Office Manager', NULL, NULL, 'Southfield', 'MI', NULL, 'US', '2483502722', '2483500154', NULL, NULL, NULL, '1', NULL, NULL, NULL, NULL, NULL, NULL),
(122, 'Home Care Physicians', NULL, NULL, NULL, NULL, NULL, NULL, NULL, '5864435588', '5864435538', NULL, NULL, NULL, '1', NULL, NULL, NULL, NULL, NULL, NULL),
(123, 'Advantage Health Care', 'Brenda Hemphill', NULL, NULL, NULL, NULL, NULL, NULL, '3134166218', '3132278217', NULL, 'HR Coordinator & Credentialing Suprvisor', NULL, '1', NULL, NULL, NULL, NULL, NULL, NULL),
(124, 'Rehabilitation Institute of Michigan', 'Barbara Toeffer', NULL, NULL, 'Southfield', 'MI', NULL, 'US', '3137452250', '3139665124', NULL, NULL, NULL, '1', NULL, NULL, NULL, NULL, NULL, NULL),
(125, 'Sacred Heart Rehab', 'Office Manager', NULL, NULL, 'Memphis', 'MI', NULL, 'US', NULL, '8103922057', NULL, NULL, NULL, '1', NULL, NULL, NULL, NULL, NULL, NULL),
(126, 'Lakes Urgent Care', 'Office Manager', NULL, NULL, 'West Bloomfield', 'MI', NULL, 'US', '2489269111', '2489269112', NULL, NULL, NULL, '1', NULL, NULL, NULL, NULL, NULL, NULL),
(127, 'Michigan Ear Care', 'Office Manager', NULL, NULL, 'Warren', 'MI', NULL, 'US', '5867564009', '5867563855', NULL, NULL, NULL, '1', NULL, NULL, NULL, NULL, NULL, NULL),
(128, 'Northpointe Heart Center', 'Office Manager', NULL, NULL, 'Berkley', 'MI', NULL, 'US', '2485450070', '2485454850', NULL, NULL, NULL, '1', NULL, NULL, NULL, NULL, NULL, NULL),
(129, 'Pain Clinic of Michigan', 'Office Manager', NULL, NULL, 'Sterling Heights', 'MI', NULL, 'US', '5869777246', '5869771492', NULL, NULL, NULL, '1', NULL, NULL, NULL, NULL, NULL, NULL),
(130, 'Net MD', NULL, NULL, NULL, 'Livonia', 'MI', NULL, 'US', '7344649816', NULL, NULL, NULL, NULL, '1', NULL, NULL, NULL, NULL, NULL, NULL),
(131, 'Partridge Family Physicians', 'Sandy Golden, Office Manager', NULL, NULL, 'Clinton Twp', 'MI', NULL, 'US', '5862280780', '5862281809', NULL, NULL, NULL, '1', NULL, NULL, NULL, NULL, NULL, NULL),
(132, 'Aon Insurance', 'Bonnie, Credentialing', NULL, NULL, NULL, NULL, NULL, NULL, '9163694800', '9163694801', NULL, NULL, NULL, '1', NULL, NULL, NULL, NULL, NULL, NULL),
(133, 'Riverside-Long Life Health', NULL, NULL, NULL, NULL, NULL, NULL, NULL, '7576655133', NULL, NULL, NULL, NULL, '1', NULL, NULL, NULL, NULL, NULL, NULL),
(134, 'EMSI', 'Cynthia Pursley', NULL, NULL, NULL, 'TX', NULL, 'US', '2146898062', '8665226571', NULL, NULL, NULL, '1', NULL, NULL, NULL, NULL, NULL, NULL),
(135, 'Chronic Pain Consultants', NULL, NULL, NULL, NULL, 'MI', NULL, 'US', '5862860639', NULL, NULL, NULL, NULL, '1', NULL, NULL, NULL, NULL, NULL, NULL),
(136, 'Inpatient Consultants of Michigan, PC', 'Holly, Credentialing', NULL, NULL, 'Troy', 'MI', NULL, 'US', '2489521601', '2489520192', NULL, NULL, NULL, '1', NULL, NULL, NULL, NULL, NULL, NULL),
(137, 'Hartford Hospital', 'Marie Talbot, Risk Mgt', NULL, NULL, 'Hartford', 'CT', NULL, 'US', '8605452649', '8605453636', NULL, '9/30 they use work# for HR--cb for Risk Mgt, Tuesday, we can fax to her --Marie Talbot, # 860-545-2649; fax # 860-545-3636 faxing @ 12:53PM KL', NULL, '1', NULL, NULL, NULL, NULL, NULL, NULL),
(138, 'The Hospital of Central Connecticut', NULL, NULL, NULL, 'New Britain', 'CT', NULL, 'US', NULL, NULL, NULL, NULL, NULL, '1', NULL, NULL, NULL, NULL, NULL, NULL),
(139, 'Connecticut Health Systems/R.C. Knox and Company', NULL, NULL, NULL, 'Hartford', 'CT', NULL, 'US', NULL, NULL, NULL, NULL, NULL, '1', NULL, NULL, NULL, NULL, NULL, NULL),
(140, 'ProSelect Insurance Company', 'Cathy Bartell, Practice Administrator', NULL, NULL, 'Shelton', 'CT', NULL, 'US', NULL, '8605630741', NULL, NULL, NULL, '1', NULL, NULL, NULL, NULL, NULL, NULL),
(141, 'MIEC', 'Maya Gregory', '6250 Claremont Avenue', NULL, 'Oakland', 'CA', NULL, 'US', '5104289411', '5106544634', NULL, 'zip 94618-1324', NULL, '1', NULL, NULL, NULL, NULL, NULL, NULL),
(142, 'Great Lakes Anesthesia', NULL, NULL, NULL, NULL, 'MI', NULL, 'US', '8106066499', '8106067245', NULL, NULL, NULL, '1', NULL, NULL, NULL, NULL, NULL, NULL),
(143, 'Wallace Thomson Hospital', 'Sharon Stevens', 'Medical Staff Affairs', NULL, 'Union', 'SC', NULL, 'US', '8644292615', '8644292584', NULL, NULL, NULL, '1', NULL, NULL, NULL, NULL, NULL, NULL),
(144, 'Presbyterian Orthopaedic', NULL, NULL, NULL, NULL, 'NC', NULL, 'US', NULL, NULL, NULL, NULL, NULL, '1', NULL, NULL, NULL, NULL, NULL, NULL),
(145, 'West Branch Regional Medical Center', 'Annette', NULL, NULL, 'West Branch', 'MI', NULL, 'US', '9893453660', '9893433155', NULL, NULL, NULL, '1', NULL, NULL, NULL, NULL, NULL, NULL),
(146, 'Doctors and Surgeons National RRG', NULL, NULL, NULL, 'Lawrenceville', 'GA', NULL, 'US', '8662783384', NULL, NULL, NULL, NULL, '1', NULL, NULL, NULL, NULL, NULL, NULL),
(147, 'Cardiology Associates of Birmingham', 'Patty-Credentialing', NULL, NULL, 'Birmingham', 'MI', NULL, 'US', '2482582888', '2482586849', NULL, NULL, NULL, '1', NULL, NULL, NULL, NULL, NULL, NULL),
(148, 'Allegro School', NULL, NULL, NULL, NULL, 'NJ', NULL, 'US', '9732678060', NULL, NULL, NULL, NULL, '1', NULL, NULL, NULL, NULL, NULL, NULL),
(149, 'The Chicago Education Project', NULL, NULL, NULL, NULL, 'IL', NULL, 'US', NULL, NULL, NULL, NULL, NULL, '1', NULL, NULL, NULL, NULL, NULL, NULL),
(150, 'Premier Orthopedics', 'Office Manager/Dr. Suleman', NULL, NULL, 'Dearborn', 'MI', NULL, 'US', NULL, '3135654989', NULL, NULL, NULL, '1', NULL, NULL, NULL, NULL, NULL, NULL),
(151, 'Kamil Orthopedics', NULL, NULL, NULL, 'West Bloomfield', 'MI', NULL, 'US', NULL, NULL, NULL, NULL, NULL, '1', NULL, NULL, NULL, NULL, NULL, NULL),
(152, 'Ascension Health Insurance', 'Karen Denault, Corporate Legal Services', NULL, NULL, NULL, NULL, NULL, NULL, '5867530478', '5867530495', NULL, NULL, NULL, '1', NULL, NULL, NULL, NULL, NULL, NULL),
(153, 'Forum Medical Clinic', 'Rebecca Jackman', NULL, NULL, 'Sterling Heights', 'MI', NULL, 'US', '5865800280', '5865800281', NULL, NULL, NULL, '1', NULL, NULL, NULL, NULL, NULL, NULL),
(154, 'Tri County Medical Clinic', NULL, NULL, NULL, 'Sterling Heights', 'MI', NULL, 'US', NULL, NULL, NULL, NULL, NULL, '1', NULL, NULL, NULL, NULL, NULL, NULL),
(155, 'Freedom Specialty', 'Mary Pearson, Credentialing', NULL, NULL, 'Columbus', 'OH', NULL, 'US', '8888000147', '8019902401', NULL, NULL, NULL, '1', NULL, NULL, NULL, NULL, NULL, NULL),
(156, 'Michigan Endoscopy Center', NULL, NULL, NULL, NULL, NULL, NULL, NULL, NULL, NULL, NULL, NULL, NULL, '1', NULL, NULL, NULL, NULL, NULL, NULL),
(157, 'SCW Agency Group', 'Patti Lipsey', NULL, NULL, NULL, 'MI', NULL, 'US', '5173246906', '5173246971', NULL, 'Main: 800-968-4929', NULL, '1', NULL, NULL, NULL, NULL, NULL, NULL),
(158, 'Margaret Hepke', NULL, NULL, NULL, NULL, NULL, NULL, NULL, NULL, NULL, NULL, NULL, NULL, '1', NULL, NULL, NULL, NULL, NULL, NULL),
(159, 'Summit OB-GYN', 'Office Manager', NULL, NULL, NULL, 'NJ', NULL, 'US', '2014572300', '2014571715', NULL, NULL, NULL, '1', NULL, NULL, NULL, NULL, NULL, NULL),
(160, 'Eastlake Cardiovascular Associates', 'Office Manager', NULL, NULL, 'St Clair Shores', 'MI', NULL, 'US', '5864980440', NULL, NULL, NULL, NULL, '1', NULL, NULL, NULL, NULL, NULL, NULL),
(161, 'Parkland Hospital', 'DeDe Boss, Legal Affairs', NULL, NULL, NULL, 'TX', NULL, 'US', '2145904575', '2145904580', NULL, NULL, NULL, '1', NULL, NULL, NULL, NULL, NULL, NULL),
(162, 'Dr. Devireddy', NULL, NULL, NULL, NULL, NULL, NULL, NULL, NULL, NULL, NULL, NULL, NULL, '1', NULL, NULL, NULL, NULL, NULL, NULL),
(163, 'Sparrow Hospital', 'Debra Henning, Risk Mgt', NULL, NULL, 'Lansing', 'MI', NULL, 'US', '5173642754', '5174851249', NULL, NULL, NULL, '1', NULL, NULL, NULL, NULL, NULL, NULL),
(164, 'Michigan Medical Group', NULL, NULL, NULL, NULL, NULL, NULL, NULL, NULL, NULL, NULL, NULL, NULL, '1', NULL, NULL, NULL, NULL, NULL, NULL),
(165, 'Southside Medical Center', 'Office Manager', NULL, NULL, 'Union City', 'GA', NULL, 'US', '7709641400', '7709608900', NULL, NULL, NULL, '1', NULL, NULL, NULL, NULL, NULL, NULL),
(166, 'Luke & Associates, Inc.', 'Office Manager', NULL, NULL, 'Merrit Island', 'FL', NULL, 'US', '3214524601', '3214524671', NULL, NULL, NULL, '1', NULL, NULL, NULL, NULL, NULL, NULL),
(167, 'Advanced Pain Medicine Institute', 'Office Manager', NULL, NULL, 'Greenbelt', 'MD', NULL, 'US', '3012201333', '3012201533', NULL, NULL, NULL, '1', NULL, NULL, NULL, NULL, NULL, NULL),
(168, 'Northside Urgent Care Associates', NULL, NULL, NULL, 'Marietta', 'GA', NULL, 'US', '7705091025', '7705091884', NULL, NULL, NULL, '1', NULL, NULL, NULL, NULL, NULL, NULL),
(169, 'St. Jude Medical Center', NULL, NULL, NULL, NULL, NULL, NULL, NULL, NULL, NULL, NULL, NULL, NULL, '1', NULL, NULL, NULL, NULL, NULL, NULL),
(170, 'Center for Forensic Psychiatry', NULL, NULL, NULL, NULL, NULL, NULL, NULL, NULL, NULL, NULL, NULL, NULL, '1', NULL, NULL, NULL, NULL, NULL, NULL),
(171, 'Huda Community Clinic', 'Office Manager', '1605 W. Davidson Ave', NULL, 'Detroit', 'MI', NULL, 'US', '3138658446', NULL, NULL, NULL, NULL, '1', NULL, NULL, NULL, NULL, NULL, NULL),
(172, 'Salvation Army', 'Risk Management', NULL, NULL, 'Chicago', NULL, NULL, NULL, '8472942040', '8472942297', NULL, NULL, NULL, '1', NULL, NULL, NULL, NULL, NULL, NULL),
(173, 'GI Medicine Associates, PC', NULL, NULL, NULL, NULL, NULL, NULL, NULL, NULL, NULL, NULL, NULL, NULL, '1', NULL, NULL, NULL, NULL, NULL, NULL),
(174, 'North Shore', 'Deonna Balen, Administrative Assistant', NULL, NULL, 'Evanston', 'IL', NULL, 'US', '8475705446', NULL, NULL, NULL, NULL, '1', NULL, NULL, NULL, NULL, NULL, NULL),
(175, 'Lakeshore Visiting Physician P.C.', NULL, NULL, NULL, 'Mt. Pleasant', 'MI', NULL, 'US', '9894509100', '9897725005', NULL, NULL, NULL, '1', NULL, NULL, NULL, NULL, NULL, NULL),
(176, 'MPIE', NULL, NULL, NULL, 'Grand Rapids', 'MI', NULL, 'US', NULL, '6169540659', NULL, NULL, NULL, '1', NULL, NULL, NULL, NULL, NULL, NULL),
(177, 'Cardiology and Vascular Associates', 'Office Manager', NULL, NULL, NULL, NULL, NULL, NULL, '2483331170', '2483331155', NULL, NULL, NULL, '1', NULL, NULL, NULL, NULL, NULL, NULL),
(178, 'Western Wayne Urgent Care', NULL, NULL, NULL, NULL, NULL, NULL, NULL, NULL, NULL, NULL, NULL, NULL, '1', NULL, NULL, NULL, NULL, NULL, NULL),
(179, 'Internal Medicine Associates', 'Christine', NULL, NULL, NULL, NULL, NULL, NULL, '5864681600', '5864654085', NULL, NULL, NULL, '1', NULL, NULL, NULL, NULL, NULL, NULL),
(180, 'Vanguard Family Healthcare', 'Cheryl', NULL, NULL, NULL, NULL, NULL, NULL, '3138241000', '3138249000', NULL, NULL, NULL, '1', NULL, NULL, NULL, NULL, NULL, NULL),
(181, 'Crescent Family Practice', 'Nina, Office Manager', NULL, NULL, 'Detroit', 'MI', NULL, 'US', '3132712800', '3132710900', NULL, NULL, NULL, '1', NULL, NULL, NULL, NULL, NULL, NULL),
(182, 'Seniors Wellness Group of MI', 'Freda McFall', NULL, NULL, 'Royal Oak', 'MI', NULL, 'US', '2483986459', '2483986265', NULL, NULL, NULL, '1', NULL, NULL, NULL, NULL, NULL, NULL),
(183, 'Heart and Vascular Institute', 'Office Manager-Hannya', NULL, NULL, 'Detroit', 'MI', NULL, 'US', '3139932577', '3139932563', NULL, NULL, NULL, '1', NULL, NULL, NULL, NULL, NULL, NULL),
(184, 'University of Toledo', 'Tom Claire', NULL, NULL, 'Toledo', 'OH', NULL, 'US', '4193834000', '4193833896', NULL, NULL, NULL, '1', NULL, NULL, NULL, NULL, NULL, NULL),
(185, 'Backus Payne', 'Cindy (Credentialing/Claims History)', NULL, NULL, 'Fort Wayne', 'IN', NULL, 'US', '2482184166', '2482836797', 'cindy@backuspayne.com', '(248) 608-9520 Main  \r\nVerifications go thru Med Pro', NULL, '1', NULL, NULL, NULL, NULL, NULL, NULL),
(186, 'Toledo Hospital', 'Sandy Hanf', '2142 N. Cove Blvd', NULL, 'Toledo', 'OH', '43606', 'US', '4194693652', '4194693793', NULL, NULL, NULL, '1', NULL, NULL, NULL, NULL, NULL, NULL),
(187, 'Mid Michigan Cardiology', NULL, NULL, NULL, 'Flint', 'MI', NULL, 'US', '8107325400', '8107327074', NULL, NULL, NULL, '1', NULL, NULL, NULL, NULL, NULL, NULL),
(188, 'Genesee Urgent Care', NULL, NULL, NULL, 'Flint', 'MI', NULL, 'US', '8107208700', '8107203393', NULL, NULL, NULL, '1', NULL, NULL, NULL, NULL, NULL, NULL),
(189, 'SCW Agency Group', 'Patty', NULL, NULL, 'East Lansing', 'MI', NULL, 'US', '8009684929', '5173246971', NULL, NULL, NULL, NULL, NULL, NULL, NULL, NULL, NULL, NULL),
(190, 'Dr. Steven Grekin, DO', NULL, NULL, NULL, 'Warren', 'MI', '48088', 'US', '5867595525', '5867594765', NULL, NULL, NULL, '1', NULL, NULL, NULL, NULL, NULL, NULL),
(191, 'Thoracic Cardiovascular Institute', NULL, NULL, NULL, 'Lansing', 'MI', '48910', 'US', NULL, NULL, NULL, NULL, NULL, '1', NULL, NULL, NULL, NULL, NULL, NULL),
(192, 'Professional Emergency Care, P.C.', 'Stacy Sallen', NULL, NULL, 'Livonia', 'MI', '48150', 'US', '7346320175', '8662359540', NULL, NULL, NULL, '1', NULL, NULL, NULL, NULL, NULL, NULL),
(193, 'Franklin Casualty Insurance', NULL, NULL, NULL, 'Burlington', 'VT', NULL, 'US', '8028645599', NULL, NULL, NULL, NULL, '1', NULL, NULL, NULL, NULL, NULL, NULL),
(194, 'Evanston Insurance Company', 'Lisa Ficarelli, Credentialing', NULL, NULL, 'Deerfield', 'IL', NULL, 'US', '8475726108', '8475726377', NULL, '(847) 572-6000 Main\r\n\r\nloss runs: www.markelonline.com or lossruns@markelcorp.com\r\nCredentialing: credentialing@markelcorp.com', NULL, '1', NULL, NULL, NULL, NULL, NULL, NULL),
(195, 'Nautilus', 'Paula Cabral', NULL, NULL, 'Boston', 'MA', NULL, 'US', '6172616700', '6176460495', NULL, NULL, NULL, '1', NULL, NULL, NULL, NULL, NULL, NULL),
(196, 'POCS Mental Health', 'Office Manager-Maren', NULL, NULL, 'Wayne', 'MI', NULL, 'US', '7347283446', '7347284893', NULL, NULL, NULL, '1', NULL, NULL, NULL, NULL, NULL, NULL),
(197, 'New Center Community Mental Health Services', 'Human Resources', NULL, NULL, 'Detroit', 'MI', NULL, 'US', '3139613400', '3139614293', NULL, NULL, NULL, '1', NULL, NULL, NULL, NULL, NULL, NULL),
(198, 'Northeast Michigan Community Mental Health', 'Lisa Anderson', NULL, NULL, 'Alpena', 'MI', NULL, 'US', '9893562161', '9893587705', NULL, NULL, NULL, '1', NULL, NULL, NULL, NULL, NULL, NULL),
(199, 'Joy Southfield Health Center', NULL, NULL, NULL, 'Detroit', 'MI', NULL, 'US', '3135817773', '3135817715', NULL, NULL, NULL, '1', NULL, NULL, NULL, NULL, NULL, NULL),
(200, 'Prince Georges Hospital Center', 'Eslanda Dasher', NULL, NULL, 'Cheverly', 'MD', NULL, 'US', NULL, NULL, 'eslanda.dasher@dimensionshealth.org', NULL, NULL, '1', NULL, NULL, NULL, NULL, NULL, NULL),
(201, 'Huntington Insurance, Inc.', NULL, NULL, NULL, 'Maumee', 'OH', '43537', 'US', '4197207900', NULL, NULL, NULL, NULL, '1', NULL, NULL, NULL, NULL, NULL, NULL),
(202, 'Mayo Clinic', 'Medical Staffing Office', NULL, NULL, NULL, NULL, NULL, NULL, '9049536234', '9049536350', NULL, NULL, NULL, '1', NULL, NULL, NULL, NULL, NULL, NULL),
(203, 'MMIC Insurance Company', NULL, NULL, NULL, NULL, NULL, NULL, NULL, '9528386700', '9528386808', NULL, NULL, NULL, '1', NULL, NULL, NULL, NULL, NULL, NULL),
(204, 'Mueller Anesthesia Services', 'Lisa Mueller, CRNA', NULL, NULL, NULL, NULL, NULL, NULL, NULL, '2483988384', NULL, NULL, NULL, '1', NULL, NULL, NULL, NULL, NULL, NULL),
(205, 'Medical Staffing Network/Sedgwick', 'MaryAnn Wood', NULL, NULL, NULL, 'KY', NULL, 'US', '3145142572', '3145142577', NULL, 'Phone number is hard to read (813 or 613)', NULL, '1', NULL, NULL, NULL, NULL, NULL, NULL),
(206, 'ASP-Anesthesia Staffing Providers', NULL, NULL, NULL, NULL, NULL, NULL, NULL, NULL, NULL, NULL, NULL, NULL, '1', NULL, NULL, NULL, NULL, NULL, NULL),
(207, 'Star Insurance Company', 'Lynn Marlow, Risk Mgt./Malpractice Verifications', NULL, NULL, NULL, NULL, NULL, NULL, '8004822726', '2484856697', NULL, '248-358-4020', NULL, '1', NULL, NULL, NULL, NULL, NULL, NULL),
(208, 'Podiatry Insurance Company of America', 'Lisa Johnson', NULL, NULL, 'Franklin', 'TN', NULL, 'US', '8002515727', '6153709021', NULL, NULL, NULL, '1', NULL, NULL, NULL, NULL, NULL, NULL),
(209, 'Oakwood Assurance Co./Marsh', 'Darlene Baker', NULL, NULL, NULL, NULL, NULL, NULL, '3135865042', '3133936510', NULL, 'Can also speak with Mary Jones/Carol Brooks\r\nMary Jones: (313) 393-6594', NULL, '1', NULL, NULL, NULL, NULL, NULL, NULL),
(210, 'American Casualty Insurance Company', 'Malpractice Insurance Verifications', NULL, NULL, NULL, NULL, NULL, NULL, '3128226759', '3128945297', NULL, NULL, NULL, '1', NULL, NULL, NULL, NULL, NULL, NULL),
(211, 'Huttenlocher Insurance Company', 'Denise', NULL, NULL, NULL, NULL, NULL, NULL, '2486812100', '2487064844', NULL, 'Turn around time 48 hrs', NULL, '1', NULL, NULL, NULL, NULL, NULL, NULL),
(212, 'IVF Michigan', 'Jackie', NULL, NULL, 'Rochester Hills', 'MI', NULL, 'US', '2488448845', '2488449039', NULL, NULL, NULL, '1', NULL, NULL, NULL, NULL, NULL, NULL),
(213, 'Affinity Insurance Services', 'Customer Service', '159 East County Line Road', NULL, 'Hatboro', 'PA', '19040', 'US', '8002471500', '8007583635', 'Service@nso.com or Service@hpso.com', NULL, NULL, '1', NULL, NULL, NULL, NULL, NULL, NULL),
(214, 'Great Lakes Orthopedics', 'Theresa Miller', NULL, NULL, NULL, NULL, NULL, NULL, '2319350900', '2319350129', NULL, NULL, NULL, '1', NULL, NULL, NULL, NULL, NULL, NULL),
(215, 'West Shore Urology', 'Christine Bench', NULL, NULL, 'Muskegon', 'MI', NULL, 'US', '2317399492', '2317398932', NULL, NULL, NULL, '1', NULL, NULL, NULL, NULL, NULL, NULL),
(216, 'Nurses Service Organization', 'Risk Mgt./Malpractice Verifications', NULL, NULL, NULL, NULL, NULL, NULL, '8002471500', '8007583635', NULL, '1.30.13:  Each policy has a department>  Call first to get the fax # \r\nPatricia Van Horn @ fax # (800) 739-8818', NULL, '1', NULL, NULL, NULL, NULL, NULL, NULL),
(217, 'Westshore Family Medicine', NULL, NULL, NULL, NULL, NULL, NULL, NULL, NULL, NULL, NULL, NULL, NULL, '1', NULL, NULL, NULL, NULL, NULL, NULL),
(218, 'Medicus Insurance Company', 'Karndra Sylvia, Credentialing', NULL, NULL, NULL, NULL, NULL, NULL, '5128795134', '8776860558', 'ksylvia@medicusins.com', 'tot 2 bus days, she prefers to be emailed.  It is quicker.', NULL, '1', NULL, NULL, NULL, NULL, NULL, NULL),
(219, 'Ismie Mutual', 'Underwriting', NULL, NULL, NULL, NULL, NULL, NULL, '3127822749', '3127822023', NULL, NULL, NULL, '1', NULL, NULL, NULL, NULL, NULL, NULL),
(220, 'Oakton Park Medical Center (Dr. Vadim Edelstein)', 'Office Manager/Risk Management', NULL, NULL, NULL, NULL, NULL, NULL, '8479829988', '8476868899', NULL, NULL, NULL, '1', NULL, NULL, NULL, NULL, NULL, NULL),
(221, 'Hills and Dales General Hospital', 'Medical Staff Services', NULL, NULL, 'Cass City', 'MI', NULL, 'US', '9898722121', '9899126122', NULL, NULL, NULL, '1', NULL, NULL, NULL, NULL, NULL, NULL),
(222, 'East Jordan Family Health Center', 'Office Manager', NULL, NULL, NULL, NULL, NULL, NULL, '2315362206', '2315369864', NULL, NULL, NULL, '1', NULL, NULL, NULL, NULL, NULL, NULL),
(223, 'HRSA', NULL, NULL, NULL, 'Washington', 'DC', NULL, 'US', '8779742742', NULL, NULL, NULL, NULL, '1', NULL, NULL, NULL, NULL, NULL, NULL),
(224, 'North Clinic PC', 'Office Manager', NULL, NULL, 'Detroit', 'MI', NULL, 'US', '3135325030', NULL, NULL, NULL, NULL, '1', NULL, NULL, NULL, NULL, NULL, NULL),
(225, 'Anesthesia Office Consultants', 'Malpractice Insurance Verifications', NULL, NULL, NULL, NULL, NULL, NULL, NULL, '2482585058', NULL, NULL, NULL, '1', NULL, NULL, NULL, NULL, NULL, NULL),
(226, 'Pulmonary Medical Associates', 'Nancy Simms', NULL, NULL, 'Warren', 'MI', NULL, 'US', '15867518844', NULL, NULL, NULL, NULL, '1', NULL, NULL, NULL, NULL, NULL, NULL),
(227, 'CPH & Associates', 'Malpractice Insurance Verifications', NULL, NULL, NULL, NULL, NULL, NULL, '3129879823', '3129870902', NULL, NULL, NULL, '1', NULL, NULL, NULL, NULL, NULL, NULL),
(228, 'Dermatology Specialists of Canton', 'Kim VanHall', NULL, NULL, 'Canton', 'MI', NULL, 'US', '7344045992', '7344951780', NULL, NULL, NULL, '1', NULL, NULL, NULL, NULL, NULL, NULL),
(229, 'Michigan Hospitalists', 'Office Manager/Risk Management', NULL, NULL, NULL, NULL, NULL, NULL, '2489521601', '2489521614', NULL, NULL, NULL, '1', NULL, NULL, NULL, NULL, NULL, NULL),
(230, 'Rehabilitation Medical Specialist (Dr. Geffrard)', 'Tyhisha', NULL, NULL, NULL, NULL, NULL, NULL, '2486635353', '2483573243', NULL, NULL, NULL, '1', NULL, NULL, NULL, NULL, NULL, NULL),
(231, 'Delta Renal Group', 'Office Manager/Risk Management', NULL, NULL, NULL, NULL, NULL, NULL, '2483952206', '2483950456', NULL, NULL, NULL, '1', NULL, NULL, NULL, NULL, NULL, NULL),
(232, 'EMSI', 'Cynthia Pursley', NULL, NULL, NULL, NULL, NULL, NULL, '2146898062', NULL, 'cpursley@emsinet.com', NULL, NULL, NULL, NULL, NULL, NULL, NULL, NULL, NULL),
(233, 'Brown & Brown Insurance Company', 'Malpractice  Verifications/Risk Management', NULL, NULL, 'Dayton Beach', 'FL', NULL, 'US', '3862529601', '3862395729', NULL, NULL, NULL, '1', NULL, NULL, NULL, NULL, NULL, NULL),
(234, 'VA Medical Center', 'Janice Mines', NULL, NULL, 'Pontiac', 'MI', NULL, 'US', '3135761000', '3135761182', NULL, 'Janice Mines ext 64313\r\nLucretria\\\'s ext 63619\r\nverifies for Detroit & Pontiac (only done on Fridays)', NULL, '1', NULL, NULL, NULL, NULL, NULL, NULL),
(235, 'EMA', 'Vicky Tuttle', NULL, NULL, 'Lansing', 'MI', NULL, 'US', '5173370957', '5173371777', NULL, NULL, NULL, '1', NULL, NULL, NULL, NULL, NULL, NULL),
(236, 'Trinity Health Insurance & Risk Management Service', 'Jody Monroe', '20555 Victor Parkway', NULL, 'Livonia', 'MI', '48152', 'US', '7343431795', '7343433196', NULL, 'for files regarding EPMG Physcians Group fx to 734-343-3153', NULL, '1', NULL, NULL, NULL, NULL, NULL, NULL),
(237, 'National Anesthesia Services', 'Courtney', NULL, NULL, NULL, NULL, NULL, NULL, '2486467150', '2486460361', NULL, NULL, NULL, '1', NULL, NULL, NULL, NULL, NULL, NULL),
(238, 'Madigan Army Medical Center', NULL, '9040 Fitzsimmons Dr.', NULL, 'Tacoma', 'WA', NULL, 'US', '2539681479', NULL, NULL, NULL, NULL, '1', NULL, NULL, NULL, NULL, NULL, NULL),
(239, 'Lovelace Hospital', 'Risk Mgt.', '5400 Gibson Blvd.', NULL, 'Albuquerque', 'NM', NULL, 'US', '5052611305', NULL, NULL, NULL, NULL, '1', NULL, NULL, NULL, NULL, NULL, NULL),
(240, 'CHG', 'Amelia Gatti', NULL, NULL, NULL, NULL, NULL, NULL, '8004660637', '8665882823', 'malpracticeverification@chghealthcare.com', '(801) 930-3853', NULL, '1', NULL, NULL, NULL, NULL, NULL, NULL),
(241, 'VAMC White River', 'Risk Mgt', NULL, NULL, 'White River Junction', 'VT', NULL, 'US', '8022959363', NULL, NULL, NULL, NULL, '1', NULL, NULL, NULL, NULL, NULL, NULL),
(242, 'University Medical Center', 'Angela, Med Staffing', '445 South Cedar', NULL, 'Fresno', 'CA', NULL, 'US', '5594594000', '5594988182', NULL, NULL, NULL, '1', NULL, NULL, NULL, NULL, NULL, NULL),
(243, 'Norwalk Anesthesia Group', NULL, NULL, NULL, NULL, 'CT', NULL, 'US', '2038522276', NULL, NULL, NULL, NULL, '1', NULL, NULL, NULL, NULL, NULL, NULL),
(244, 'Kaiser Permenente', 'Malpractice Insurance Verifications', NULL, NULL, NULL, NULL, NULL, NULL, NULL, NULL, NULL, 'Need to go to the website: www.mbc.ca.gov', NULL, '1', NULL, NULL, NULL, NULL, NULL, NULL);
INSERT INTO `malpractice_contacts` (`id`, `name`, `contact`, `street_address1`, `street_address2`, `city`, `state_id`, `zip`, `country_id`, `phone`, `fax`, `email`, `notes`, `fee`, `is_active`, `employee_instructions`, `is_contact_mail`, `is_contact_phone`, `is_contact_fax`, `is_contact_email`, `is_online`) VALUES
(245, 'Lakes OB/GYN', 'Office Manager/Risk Management', NULL, NULL, 'Muskegon', NULL, NULL, NULL, '2317277939', '2317277935', NULL, NULL, NULL, '1', NULL, NULL, NULL, NULL, NULL, NULL),
(246, 'Do Not Contact per Applicant', NULL, NULL, NULL, NULL, NULL, NULL, NULL, NULL, NULL, NULL, NULL, NULL, '1', NULL, NULL, NULL, NULL, NULL, NULL),
(247, 'Kyle Medical Center', 'Dr. Kevin Kyle', NULL, NULL, NULL, NULL, NULL, NULL, '3138384600', '3138386322', NULL, NULL, NULL, '1', NULL, NULL, NULL, NULL, NULL, NULL),
(248, 'CM&F Group Inc.', 'NP Verification Department/Credentialing', '99 Hudson Street', NULL, 'New York', 'NY', '10013', 'US', '2122338911', '6463905163', NULL, 'tot 48-72 hrs ext 231\r\nalt fax: 212-233-8919\r\nEMAIL ADDRESS: info@cmfgroup.com', NULL, '1', NULL, NULL, NULL, NULL, NULL, NULL),
(249, 'Society Hill Anesthesia Consultants - Pennsylvania', 'Viola', '800 Spruce Street', NULL, 'Philadelphia', 'PA', '19107', 'US', '2158293867', NULL, NULL, NULL, NULL, '1', NULL, NULL, NULL, NULL, NULL, NULL),
(250, 'Health Care Providers Insurance Exchange', 'Risk Mgt./Malpractice Verifications', NULL, NULL, NULL, NULL, NULL, NULL, '7172372700', '7172372735', NULL, NULL, NULL, '1', NULL, NULL, NULL, NULL, NULL, NULL),
(251, 'Grand Rapids Medical Education Partners', 'Amy, HR', NULL, NULL, 'Grand Rapids', 'MI', NULL, 'US', '6167326200', '6162336571', 'amy.swedberg@grmep.org', NULL, NULL, '1', NULL, NULL, NULL, NULL, NULL, NULL),
(252, 'McLaren Macomb Hospital', 'Valerie Lemieux, Ins. & Risk', NULL, NULL, 'Mt. Clemens', NULL, NULL, NULL, '8103423650', '8103423683', NULL, NULL, NULL, '1', NULL, NULL, NULL, NULL, NULL, NULL),
(253, 'CRICO', 'Danny Vazquez, Underwriting', NULL, NULL, NULL, NULL, NULL, NULL, '6176791350', '6174968671', NULL, 'tot 48-72 hrs', NULL, '1', NULL, NULL, NULL, NULL, NULL, NULL),
(254, 'Covenant Healthcare', 'Rebecca Schultz, Risk Management', NULL, NULL, NULL, NULL, NULL, NULL, '9895834142', '9895834289', NULL, NULL, NULL, '1', NULL, NULL, NULL, NULL, NULL, NULL),
(255, 'St. Joseph Mercy Oakland', 'Kristen Snooks, MSA', NULL, NULL, NULL, NULL, NULL, NULL, '2488586151', '2488586096', 'campobsm@trinity-health.org', 'Need to follow up with Jody Monroe at Trinity Health 734-343-1795\r\nPat Graves(248) 858-6197', NULL, '1', NULL, NULL, NULL, NULL, NULL, NULL),
(256, 'Seabury and Smith/Marsh', 'Risk Mgt./Malpractice Verifications', NULL, NULL, NULL, 'IA', NULL, 'US', '8005039230', '5153656877', NULL, NULL, NULL, '1', NULL, NULL, NULL, NULL, NULL, NULL),
(257, 'Acord/AON (West)', 'Margaret Fisette', NULL, NULL, 'Los Angeles', 'CA', NULL, 'US', '2136301862', '8479530261', 'margaret.fisette2@aon.com', 'She only does verifications for IPC The Hospitalist Company', NULL, '1', NULL, NULL, NULL, NULL, NULL, NULL),
(258, 'American Office Consultants', 'David', '26906 Pepperwood Dr.', NULL, 'Woodhaven', 'MI', NULL, 'US', '2487972497', '5867253155', NULL, NULL, NULL, '1', NULL, NULL, NULL, NULL, NULL, NULL),
(259, 'McLaren Greater Lansing', 'Valerie A. LeMieux, Risk Mgt./Malpractice Verifica', NULL, NULL, NULL, NULL, NULL, NULL, '8103422427', '8103423683', NULL, NULL, NULL, NULL, NULL, NULL, NULL, NULL, NULL, NULL),
(260, 'Auburn Medical Associates', 'Debra Ladner, Credentialing Specialist', NULL, NULL, 'Auburn', 'ME', NULL, 'US', '2077778590', NULL, NULL, NULL, NULL, '1', NULL, NULL, NULL, NULL, NULL, NULL),
(261, 'Covenant Healthcare Ins. Ltd.', 'Lisa Morin, Risk Mgmt.', NULL, NULL, 'Lewiston', 'ME', NULL, 'US', '2077778914', '2077534876', NULL, 'This is for St. Mary\\\'s Hspital, ME', NULL, '1', NULL, NULL, NULL, NULL, NULL, NULL),
(262, 'Aurora Healthcare', 'Roxan Placek, Credentialing Verification', NULL, NULL, 'Milwaukee', 'WI', NULL, 'US', '4142991745', '4142991633', NULL, NULL, NULL, '1', NULL, NULL, NULL, NULL, NULL, NULL),
(263, 'Gastroenterology Associates', 'Lourdes', '7950 N. Shadeland Ave., Suite 350', NULL, 'Indianapolis', 'IN', NULL, 'US', '3173559421', '3173551155', NULL, NULL, NULL, '1', NULL, NULL, NULL, NULL, NULL, NULL),
(264, 'St. Francis Hospital', 'Cindy Kirchhofer, Legal', NULL, NULL, 'Indianapolis', 'IN', NULL, 'US', '3175288031', NULL, 'cindy.kirchhofer@franciscanalliance.org', NULL, NULL, '1', NULL, NULL, NULL, NULL, NULL, NULL),
(265, 'Wishard Memorial Hospital', 'Shauna Wilcox, Legal', NULL, NULL, 'Indianapolis', 'IN', NULL, 'US', '3176306425', '3176564283', NULL, NULL, NULL, '1', NULL, NULL, NULL, NULL, NULL, NULL),
(266, 'Community Hospitals of Indiana', 'Monique Gordie, Finance', NULL, NULL, NULL, NULL, NULL, NULL, '3173553701', '3173517702', NULL, '317) 355-1411 Main', NULL, '1', NULL, NULL, NULL, NULL, NULL, NULL),
(267, 'Arizona Heart Institute', 'Joyce Day, Medical Staff', NULL, NULL, 'Phoenix', 'AZ', NULL, 'US', '6025321022', NULL, NULL, 'Note on MWF she is at another location: 602-246-5992', NULL, '1', NULL, NULL, NULL, NULL, NULL, NULL),
(268, 'Lancet Indemnity', 'Andrew, Credentialing', NULL, NULL, NULL, NULL, NULL, NULL, '8773702262', '8132907070', NULL, NULL, NULL, '1', NULL, NULL, NULL, NULL, NULL, NULL),
(269, 'Gallagher Healthcare', 'Brian', NULL, NULL, 'Houston', 'TX', '77027', 'US', '2816741439', '2816741479', NULL, NULL, NULL, '1', NULL, NULL, NULL, NULL, NULL, NULL),
(270, 'Moore Regional Hospital', 'Bev, Risk Mgmt.', NULL, NULL, NULL, NULL, NULL, NULL, '9107151536', '9107151189', NULL, NULL, NULL, '1', NULL, NULL, NULL, NULL, NULL, NULL),
(271, 'Bernard, Dietrich & Associates', 'Risk Mgt./Malpractice Verifications', NULL, NULL, NULL, NULL, NULL, NULL, '6022309840', '6022302106', NULL, NULL, NULL, '1', NULL, NULL, NULL, NULL, NULL, NULL),
(272, 'First Health of the Carolinas', 'Bev Simmons, Credentialing', NULL, NULL, NULL, NULL, NULL, NULL, '9107151536', '9107151189', 'bsimmons@firsthealth.org', NULL, NULL, '1', NULL, NULL, NULL, NULL, NULL, NULL),
(273, 'Morningstar Anesthesia', 'Kathleen Robbins, Office Manager/Risk Management', NULL, NULL, 'Sylvania', 'OH', NULL, 'US', '4198244236', '4198244236', NULL, NULL, NULL, '1', NULL, NULL, NULL, NULL, NULL, NULL),
(274, 'Promedica Physicians Group', 'Darlene, Medical Staff Office', NULL, NULL, NULL, NULL, NULL, NULL, '4196907900', '4196974334', NULL, NULL, NULL, '1', NULL, NULL, NULL, NULL, NULL, NULL),
(275, 'Western Litigation', 'Laurel Byerly, Sr. VP', NULL, NULL, 'Providence', 'RI', NULL, 'US', '4013698250', '4013698255', 'laurel_byerly@westernlitigation.com', 'They manage claims for Covenant Health Systems/St. Mary\\\'s Regional Medical Center - Lewiston, ME', NULL, '1', NULL, NULL, NULL, NULL, NULL, NULL),
(276, 'Macomb Prompt Care (William Beaumont)', 'Cynthia Beard, Credentialing', NULL, NULL, NULL, NULL, NULL, NULL, '5867254823', '5867268365', NULL, 'ext 2066', NULL, '1', NULL, NULL, NULL, NULL, NULL, NULL),
(277, 'Clarkston Urgent Care', 'Gab Wordell', NULL, NULL, NULL, NULL, NULL, NULL, '2489779080', '2486258938', 'gwordell@ymghr.com', 'Main: (248) 625-2621', NULL, '1', NULL, NULL, NULL, NULL, NULL, NULL),
(278, 'Lapeer Medical Associates', 'Karen Peters/Crista', NULL, NULL, NULL, NULL, NULL, NULL, '8102455562', '8102457838', NULL, NULL, NULL, '1', NULL, NULL, NULL, NULL, NULL, NULL),
(279, 'Strategic Alliance Assurance Co. (Marsh USA)', 'Carol Brooks, Malpractice Insurance Verifications', NULL, NULL, NULL, NULL, NULL, NULL, '3133936539', '3133936510', 'carol.brooks@marsh.com', 'Is connected with Marsh Mgt.', NULL, '1', NULL, NULL, NULL, NULL, NULL, NULL),
(280, 'Marsh USA Inc.', 'Carol Brooks, Verifications', NULL, NULL, 'Detroit', 'MI', NULL, 'US', '2489455600', '3133936510', 'Lisa.Olow@Marsh.com', 'alt telephone: 248-945-5353/fax: 248-945-5310\r\n313-393-6800', NULL, '1', NULL, NULL, NULL, NULL, NULL, NULL),
(281, 'Michigan Hospital Physicians PC', 'Stacy Sallen, Credentialing', NULL, NULL, 'Livonia', 'MI', NULL, 'US', '7346320175', '7346320182', NULL, 'Same as ER One and Net MD', NULL, '1', NULL, NULL, NULL, NULL, NULL, NULL),
(282, 'Med XM', 'Jerry Fant, Credentialing Coord.', NULL, NULL, 'Santa Ana', 'CA', NULL, 'US', '9495563842', '7143689206', NULL, '(714) 395-5552 Noor, credentialing mgr.', NULL, '1', NULL, NULL, NULL, NULL, NULL, NULL),
(283, 'Novi Surgical Center', 'Debbie, Administrator', NULL, NULL, NULL, NULL, NULL, NULL, '2486861080', '2483055880', NULL, NULL, NULL, '1', NULL, NULL, NULL, NULL, NULL, NULL),
(284, 'VA Hospital - Ann Arbor', 'Susan Bigras Credentialing', NULL, NULL, NULL, NULL, NULL, NULL, '7347697100', '7348455301', NULL, NULL, NULL, '1', NULL, NULL, NULL, NULL, NULL, NULL),
(285, 'New Jersey Pure Medical Malpractice Insurance Co.', 'Nicole Zeller, Underwriting', NULL, NULL, NULL, 'NJ', NULL, 'US', '8772657873', '6095200225', NULL, 'Tot 5-7 business days', NULL, '1', NULL, NULL, NULL, NULL, NULL, NULL),
(286, 'Geisinger Health Systems', 'Linda Ambler, Credentialing', NULL, NULL, NULL, NULL, NULL, NULL, '2152551738', NULL, 'linda.ambler@aon.com', 'She send to Geisinger and they send it back to us.  Must go thru her first.', NULL, '1', NULL, NULL, NULL, NULL, NULL, NULL),
(287, 'Pro Liability Insurance Company', 'Joan F. O\\\'Sullivan, Claims', NULL, NULL, NULL, NULL, NULL, NULL, '8005039230', '5153656877', NULL, 'This is part of Marsh/Affinity\r\nNeed client number/copy of declaration page', NULL, '1', NULL, NULL, NULL, NULL, NULL, NULL),
(288, 'Henry Ford Professional Liability Ins. Program', 'Credentialing/Risk Mgmt.', '1500 Main Street', NULL, 'Detroit', 'MI', NULL, 'US', '3138746710', '3138746188', 'RFIS@HFHS.ORG', NULL, NULL, '1', NULL, NULL, NULL, NULL, NULL, NULL),
(289, 'Genatt Associates', 'Cathy Broker, Credentialing', '3333 New Hyde Park', NULL, 'New Hyde Park', 'NY', '11042', 'US', '5163968374', '5169773229', NULL, NULL, NULL, '1', NULL, NULL, NULL, NULL, NULL, NULL),
(290, 'East Carolina Family Practice Center', NULL, NULL, NULL, NULL, NULL, NULL, NULL, NULL, NULL, NULL, 'they use verifyjobhistory.com to verify', NULL, '1', NULL, NULL, NULL, NULL, NULL, NULL),
(291, 'Doctors Hospital of Michigan', 'Jamie Lustwig, Credentialing', NULL, NULL, NULL, NULL, NULL, NULL, '2488577583', '2488576842', NULL, NULL, NULL, '1', NULL, NULL, NULL, NULL, NULL, NULL),
(292, 'East Carolina University', 'Jody Cook, Risk Mgmt.', NULL, NULL, NULL, NULL, NULL, NULL, '2527441857', NULL, NULL, NULL, NULL, '1', NULL, NULL, NULL, NULL, NULL, NULL),
(293, 'St. Joseph Mercy (Venske Insurance)', 'Kathy Horn, Malpractice Verifications', NULL, NULL, NULL, NULL, NULL, NULL, NULL, '7343433440', NULL, NULL, NULL, '1', NULL, NULL, NULL, NULL, NULL, NULL),
(294, 'Integrated Health Associates', 'Jill Brink ext 10245', NULL, NULL, NULL, NULL, NULL, NULL, '7347476766', '7343276308', NULL, NULL, NULL, '1', NULL, NULL, NULL, NULL, NULL, NULL),
(295, 'Owosso Memorial Hospital', 'Anne Tipton, Administration', NULL, NULL, NULL, NULL, NULL, NULL, '9897235211', '9897257902', NULL, 'ext 1500', NULL, '1', NULL, NULL, NULL, NULL, NULL, NULL),
(296, 'Family Health - Riverview', 'Lisa Cruz', NULL, NULL, NULL, NULL, NULL, NULL, '7343625100', '7343625155', NULL, NULL, NULL, '1', NULL, NULL, NULL, NULL, NULL, NULL),
(297, 'Childrens Healthcare (Physicians HC Network)', 'Kim/Credentialing', NULL, NULL, 'Port Huron', 'MI', NULL, 'US', '8103854441', '8103854965', NULL, NULL, NULL, '1', NULL, NULL, NULL, NULL, NULL, NULL),
(298, 'Mercy Memorial Hospital', 'Medical Staff Affairs', NULL, NULL, 'Monroe', 'MI', NULL, 'US', '7342408400', NULL, NULL, NULL, NULL, '1', NULL, NULL, NULL, NULL, NULL, NULL),
(299, 'Mark Sawka MD', 'Karine Sawka', NULL, NULL, NULL, NULL, NULL, NULL, '7346751280', '7346751678', NULL, NULL, NULL, '1', NULL, NULL, NULL, NULL, NULL, NULL),
(300, 'Allied World Insurance', 'Nina Copeland', NULL, NULL, NULL, NULL, NULL, NULL, '8602841786', '8602841787', NULL, 'main number: 860-284-1332', NULL, '1', NULL, NULL, NULL, NULL, NULL, NULL),
(301, 'Matrix Medical Network', 'Sharlee LaBleu, Credentialing', '9201 E. Mountain View Rd., Suite 220', '9201 East Mountain View Road', 'Scottsdale', 'AZ', '85258-517', 'US', '4808621701', '8775617566', 'slebleu@matrixhealth.net', 'Mobile: 480-254-0274', NULL, '1', NULL, NULL, NULL, NULL, NULL, NULL),
(302, 'Walden Behavioral Care', 'Dorothy, Credentialing', NULL, NULL, 'Waltham', 'MA', NULL, 'US', '7816476700', '7816476753', NULL, NULL, NULL, '1', NULL, NULL, NULL, NULL, NULL, NULL),
(303, 'Truvista Surgery Center', 'Linda Fennel, Credentialing', NULL, NULL, 'Troy', 'MI', NULL, 'US', '2482441500', '2482507230', NULL, NULL, NULL, '1', NULL, NULL, NULL, NULL, NULL, NULL),
(304, 'University Health Services', 'Renee, Credentialing Coord.', '207 Fletcher St.', NULL, 'Ann Arbor', 'MI', '48109', 'US', '7347639631', '7346477659', NULL, NULL, NULL, '1', NULL, NULL, NULL, NULL, NULL, NULL),
(305, 'Milan Urgent Care', NULL, '3 E Main Street', NULL, 'Ann Arbor', NULL, NULL, NULL, '7344392388', NULL, NULL, NULL, NULL, '1', NULL, NULL, NULL, NULL, NULL, NULL),
(306, 'William Beaumont Weight Control Center', 'Credentialing/Office Manager', NULL, NULL, NULL, NULL, NULL, NULL, '2486555900', '2486555901', NULL, NULL, NULL, '1', NULL, NULL, NULL, NULL, NULL, NULL),
(307, 'Rose City Family Practice', 'Shari, Office Mgr.', NULL, NULL, 'Jackson', 'MI', NULL, 'US', '5177834664', '5177834698', NULL, NULL, NULL, '1', NULL, NULL, NULL, NULL, NULL, NULL),
(308, 'Metro Health Hospital - Risk Mgmt.', NULL, NULL, NULL, NULL, NULL, NULL, NULL, '6162527200', NULL, NULL, NULL, NULL, '1', NULL, NULL, NULL, NULL, NULL, NULL),
(309, 'UMIA', 'Ashley Braithwaite, Credentialing', NULL, NULL, 'Salt Lake City', 'UT', NULL, 'US', '8015310375', NULL, NULL, NULL, NULL, '1', NULL, NULL, NULL, NULL, NULL, NULL),
(310, 'CompHealth', 'Nicole Tucker, Risk Mgt./Malpractice Verifications', NULL, NULL, 'Salt Lake City', 'UT', NULL, 'US', '8019303000', '8665882823', NULL, 'Turn around time is 3-5 business days. Do not call to follow up until after day 5.', NULL, '1', NULL, NULL, NULL, NULL, NULL, NULL),
(311, 'COPIC', 'Venessa Klein, Risk Mgt./Malpractice Verifications', NULL, NULL, 'Denver', 'CO', NULL, 'US', '7208586000', '7208586001', NULL, NULL, NULL, '1', NULL, NULL, NULL, NULL, NULL, NULL),
(312, 'Iasis/Physicians Group of Utah', 'Shaun Smith, Credentialing', NULL, NULL, NULL, NULL, NULL, NULL, '6154671356', '6154671271', NULL, '(801) 984-3412 Marilese\r\nmain: (801) 984-3400/(801) 984-3481 fax', NULL, '1', NULL, NULL, NULL, NULL, NULL, NULL),
(313, 'Great Lakes Cancer Management Specialists', 'Valerie Hendrix, Manager/Malpractice Verifications', NULL, NULL, 'Grosse Pte. Woods', 'MI', NULL, 'US', '3136473275', '3138846054', NULL, '(313) 884-5522', NULL, '1', NULL, NULL, NULL, NULL, NULL, NULL),
(314, 'Michigan Breast Specialists', 'Risk Mgt./Malpractice Verifications', NULL, NULL, 'Grosse Pte. Woods', 'MI', NULL, 'US', '3136473900', '3136473902', NULL, NULL, NULL, '1', NULL, NULL, NULL, NULL, NULL, NULL),
(315, 'Clifford L. Weldon MD PLC', 'Marcie, Office Mgr.', NULL, NULL, 'Roseville', 'MI', NULL, 'US', '5862859270', '5862859271', NULL, NULL, NULL, '1', NULL, NULL, NULL, NULL, NULL, NULL),
(316, 'Woods Cardiovascular Internal Medicine Associates', 'Constance Messina, Practice Mgr.', NULL, NULL, 'Warren', 'MI', NULL, 'US', '5867764200', '5864470748', NULL, NULL, NULL, '1', NULL, NULL, NULL, NULL, NULL, NULL),
(317, 'Medical Assurance Company of Mississippi', 'Spencer, Risk Mgmt.', NULL, NULL, 'Mississippi', NULL, NULL, NULL, '6016054882', '6016058849', NULL, 'spencer.whitlock@macm.net', NULL, '1', NULL, NULL, NULL, NULL, NULL, NULL),
(318, 'Mercy Hospital & Trauma Center', 'Morgan Landi, Risk Mgmt.', NULL, NULL, 'Janesville', 'WI', NULL, 'US', '6087566639', '6087566141', NULL, NULL, NULL, '1', NULL, NULL, NULL, NULL, NULL, NULL),
(319, 'Sanford Hospital', 'Medical Staff Affairs', NULL, NULL, 'Fargo', 'ND', NULL, 'US', '7012342000', NULL, NULL, NULL, NULL, '1', NULL, NULL, NULL, NULL, NULL, NULL),
(320, 'Ocala Regional Medical Center', 'Sandra Eldridge, Med Staff Coordinator', NULL, NULL, 'Ocala', 'FL', NULL, 'US', '3524011033', '3524011367', NULL, NULL, NULL, '1', NULL, NULL, NULL, NULL, NULL, NULL),
(321, 'Regional Medical Center at Bayonet Point', 'Brenda, Medical Staff Office', NULL, NULL, NULL, 'FL', NULL, 'US', '7278192929', NULL, NULL, NULL, NULL, '1', NULL, NULL, NULL, NULL, NULL, NULL),
(322, 'Rapid City Hospital - Rapid City', 'Tanya, Credentialing/Med Staff', NULL, NULL, NULL, 'SD', NULL, 'US', '6057191000', '6057551027', NULL, NULL, NULL, '1', NULL, NULL, NULL, NULL, NULL, NULL),
(323, 'Marshfield Clinic', 'Lisa Weigel, Risk Control', NULL, NULL, 'Marshfield', 'WI', NULL, 'US', '7153875173', '7153875642', NULL, 'main number: 800-782-8581', NULL, '1', NULL, NULL, NULL, NULL, NULL, NULL),
(324, 'Mayo Clinic Health System - Eau Claire', 'Risk Mgt./Malpractice Verifications', NULL, NULL, 'Eau Claire', 'WI', NULL, 'US', '7158385222', NULL, NULL, NULL, NULL, '1', NULL, NULL, NULL, NULL, NULL, NULL),
(325, 'Baptist Hospital', 'Jan, Medical Staff Affairs', NULL, NULL, NULL, NULL, NULL, NULL, '6019685003', '6019746245', NULL, 'Main Number: 601-968-1000', NULL, '1', NULL, NULL, NULL, NULL, NULL, NULL),
(326, 'Colorado Heart Clinic', 'Brenda/Darcy', NULL, NULL, NULL, NULL, NULL, NULL, '3037781171', '3037781674', NULL, NULL, NULL, '1', NULL, NULL, NULL, NULL, NULL, NULL),
(327, 'All Star Recruiting', 'Veronica Terry, Credentialing', NULL, NULL, NULL, NULL, NULL, NULL, '9542023000', '8885025608', NULL, '(954) 580-2329 Keith', NULL, '1', NULL, NULL, NULL, NULL, NULL, NULL),
(328, 'Oklahoma Risk Management', 'Gene Lidyard', NULL, NULL, NULL, NULL, NULL, NULL, '4055214999', '4055224442', NULL, NULL, NULL, '1', NULL, NULL, NULL, NULL, NULL, NULL),
(329, 'Colorado Brain & Spine', 'Huong Hoang, Clinic Admin.', NULL, NULL, NULL, 'CO', NULL, 'US', '3037838844', '3037832002', NULL, NULL, NULL, '1', NULL, NULL, NULL, NULL, NULL, NULL),
(330, 'Benefit Resources Group', 'Glenda Long, Malpractice Insurance Verifications', NULL, NULL, NULL, 'OK', NULL, 'US', '4056632117', '4056632126', NULL, NULL, NULL, '1', NULL, NULL, NULL, NULL, NULL, NULL),
(331, 'Mid-Michigan Regional', 'MaryAnn Cauchy, Risk Mgmt.', NULL, NULL, 'Midland', 'MI', NULL, 'US', '9898393000', '9898391399', NULL, NULL, NULL, '1', NULL, NULL, NULL, NULL, NULL, NULL),
(332, 'Weatherby Locum', 'Jamie Pinta, CSR', NULL, NULL, NULL, NULL, NULL, NULL, '9548372334', '8006036982', NULL, '(954) 837-2445 Eric Turner', NULL, '1', NULL, NULL, NULL, NULL, NULL, NULL),
(333, 'Lexington Insurance Company', 'Connie Stewart', NULL, NULL, NULL, NULL, NULL, NULL, '6153402551', '6153402438', NULL, 'for Physicians Group of Utah', NULL, '1', NULL, NULL, NULL, NULL, NULL, NULL),
(334, 'HARPETH', 'Michelle Myers', NULL, NULL, NULL, NULL, NULL, NULL, '8005974947', '8883714841', NULL, 'for Physicians Group of Utah', NULL, '1', NULL, NULL, NULL, NULL, NULL, NULL),
(335, 'Current Employer-Do Not Contact per Applicant', NULL, NULL, NULL, NULL, NULL, NULL, NULL, NULL, NULL, NULL, NULL, NULL, '1', NULL, NULL, NULL, NULL, NULL, NULL),
(336, 'Logistics Health Incorporated', 'Caryn, Credentialing', NULL, NULL, NULL, NULL, NULL, NULL, '6087820404', '6087932955', NULL, NULL, NULL, '1', NULL, NULL, NULL, NULL, NULL, NULL),
(337, 'Mid-Michigan Assurance Group', 'MaryAnn Ceuchy, Risk Mgmt.', NULL, NULL, NULL, NULL, NULL, NULL, '9898393969', '9898393395', NULL, NULL, NULL, '1', NULL, NULL, NULL, NULL, NULL, NULL),
(338, 'Concentra', 'Lori Bann, Client Manager', NULL, NULL, NULL, 'TN', NULL, 'US', '6158723722', '6158723762', NULL, 'alt contact: Jackie Shurell 615-872-3744 same fax number\r\n\r\ncontact Sandy Hopson, Risk Manager  Concentra.   Her phone number is 972-364-8012 and email is sandy_hopson@concentra.com.@10:29am,ML', NULL, '1', NULL, NULL, NULL, NULL, NULL, NULL),
(339, 'Aon Insurance Company', 'Risk Mgt./Malpractice Verifications', '1650 Market Street', NULL, 'Philadelphia', 'PA', NULL, 'US', '8662837122', '8003630105', NULL, NULL, NULL, '1', NULL, NULL, NULL, NULL, NULL, NULL),
(340, 'Ann & Robert Lurie Childrens Hospital (Formerly', 'Stephanie Hughes, Risk Management', NULL, NULL, 'Chicago', 'IL', '60614', 'US', '3122274204', '3122279537', 'mycoverage@luriechildrens.org', NULL, NULL, '1', NULL, NULL, NULL, NULL, NULL, NULL),
(341, 'The Doctors Company Insurance Co.', 'Risk Mgt./Malpractice Verifications', NULL, NULL, NULL, 'CA', NULL, 'US', '8004212368', '7072653466', 'custserv@thedoctors.com', '(800) 748-0465', NULL, '1', NULL, NULL, NULL, NULL, NULL, NULL),
(342, 'Aon Risk Services', 'Linda Ambler, Credentialing', NULL, NULL, 'Philadelphia', 'PA', NULL, 'US', '2152551738', '2152551892', 'linda.ambler@aon.com', 'she prefers emails\r\nthis is for Geisinger Hospital', NULL, '1', NULL, NULL, NULL, NULL, NULL, NULL),
(343, 'Corizon Health', 'Linda Krantz', NULL, NULL, NULL, NULL, NULL, NULL, '6157608220', NULL, NULL, NULL, NULL, '1', NULL, NULL, NULL, NULL, NULL, NULL),
(344, 'The Preventive Medicine Group', 'Risk Mgt./Malpractice Verifications', NULL, NULL, NULL, NULL, NULL, NULL, '8102335211', '8102335740', NULL, NULL, NULL, '1', NULL, NULL, NULL, NULL, NULL, NULL),
(345, 'Doctors & Surgeons National Risk Retention Group', 'Elizabeth Kelsoe, Credentialing', NULL, NULL, NULL, 'GA', NULL, 'US', '8776146425', '8776146424', NULL, 'Credentialing opt 1\r\nElizabeth Direct line: 404-474-3521', NULL, '1', NULL, NULL, NULL, NULL, NULL, NULL),
(346, 'Harmony Center', 'Nancy, Office Manager', NULL, NULL, 'Shelby Township', 'MI', NULL, 'US', '5867991212', '5867991210', NULL, NULL, NULL, '1', NULL, NULL, NULL, NULL, NULL, NULL),
(347, 'Emergency Medicine Specialists', 'Susan, Office Manager', NULL, NULL, 'Fraser', 'MI', NULL, 'US', '5862940600', '5862942525', NULL, NULL, NULL, '1', NULL, NULL, NULL, NULL, NULL, NULL),
(348, 'Dr. MA Munir, MD', 'Dr. Munir/Annette', NULL, NULL, NULL, NULL, NULL, NULL, '2485574129', '2485574599', NULL, NULL, NULL, '1', NULL, NULL, NULL, NULL, NULL, NULL),
(349, 'Arthur Gallagher Risk Management', 'Stephanie Maxcey, Credentialing', NULL, NULL, 'Houston', 'TX', NULL, 'US', '2816741425', '2816741465', NULL, 'St. Clair Shores: 586-774-5300/586-778-2814', NULL, '1', NULL, NULL, NULL, NULL, NULL, NULL),
(350, 'Sweet & Baker Insurance Brokers', 'Malpractice  Verifications/Risk Management', NULL, NULL, 'San Fransisco', 'CA', NULL, 'US', '4155122100', '4155121115', 'www.sweetandbaker.com', NULL, NULL, '1', NULL, NULL, NULL, NULL, NULL, NULL),
(351, 'Swedish Covenant Hospital', 'Gretchen Schilling - Legal Dept. ext 5028', NULL, NULL, 'Chicago', 'IL', NULL, 'US', '7738788200', '7738785688', NULL, NULL, NULL, '1', NULL, NULL, NULL, NULL, NULL, NULL),
(352, 'Rush-Copley Medical Group', 'Anne Barrett, Risk Mgmt.', NULL, NULL, 'Chicago', 'IL', NULL, 'US', '6309786200', '6303752833', NULL, NULL, NULL, '1', NULL, NULL, NULL, NULL, NULL, NULL),
(353, 'NCMIC', 'Credentialing', NULL, NULL, 'Clive', 'IA', NULL, 'US', '8002478043', '8009962642', NULL, 'Requires a $15 fee to be paid either by ck or Visa', NULL, '1', NULL, NULL, NULL, NULL, NULL, NULL),
(354, 'Michigan Institute for Radiation Oncology', NULL, NULL, NULL, 'Pontiac', 'MI', NULL, 'US', '2483380300', '2483380663', NULL, 'For older records: Regional Director: Kim Mona-cell 248 410-9136', NULL, '1', NULL, NULL, NULL, NULL, NULL, NULL),
(355, 'Rochester Hills Family Physicians-Closed', NULL, NULL, NULL, 'Rochester Hills', 'MI', NULL, 'US', '2488532780', NULL, NULL, 'No longer in business', NULL, '1', NULL, NULL, NULL, NULL, NULL, NULL),
(356, 'Corporate Health Services', NULL, NULL, NULL, 'Warren', 'MI', NULL, 'US', NULL, NULL, NULL, 'This company was bought out by Concentra -and they do not house these former records', NULL, '1', NULL, NULL, NULL, NULL, NULL, NULL),
(357, 'North Oakland Urgent Care', 'Attn: Dr. Chris Samy', NULL, NULL, 'Rochester Hills', 'MI', NULL, 'US', '2488529290', '2488520305', NULL, NULL, NULL, '1', NULL, NULL, NULL, NULL, NULL, NULL),
(358, 'POH (Pontiac Osteopathic Hospital)-McLaren Oakland', 'Beth', NULL, NULL, 'Pontiac', 'MI', NULL, 'US', '2483385000', '2483385667', NULL, NULL, NULL, '1', NULL, NULL, NULL, NULL, NULL, NULL),
(359, 'Southeast Michigan Physicians Insurance Company', 'Risk Mgt./Malpractice Verifications', NULL, NULL, NULL, 'MI', NULL, 'US', '3139660820', '3139665124', NULL, NULL, NULL, '1', NULL, NULL, NULL, NULL, NULL, NULL),
(360, 'Allied Professionals Insurance Company', 'Judy Martin, Customer Support', NULL, NULL, NULL, NULL, NULL, NULL, '8008608330', '7145711863', 'jmartin@councilsupport.com', NULL, NULL, '1', NULL, NULL, NULL, NULL, NULL, NULL),
(361, 'ChiroSecure', 'Credentialing/Malpractice Verifications', NULL, NULL, NULL, NULL, NULL, NULL, '8668024476', '4806578505', 'info@chirosecure.com', NULL, NULL, '1', NULL, NULL, NULL, NULL, NULL, NULL),
(362, 'Honor Medical Staffing', 'Cynthia', NULL, NULL, NULL, NULL, NULL, NULL, '2486812100', '2486810362', 'CynthiaA@huttenlochergroup.com', '(800) 473-5460 Main# - Susan', NULL, '1', NULL, NULL, NULL, NULL, NULL, NULL),
(363, 'Orthopedic Surgical Center of Idaho', 'Dr. Margaret Kasper', NULL, NULL, 'Boise', 'ID', NULL, 'US', '2083421932', '2083361954', NULL, NULL, NULL, '1', NULL, NULL, NULL, NULL, NULL, NULL),
(364, 'Massachusetts General Hospital', 'Claims History Dept.', NULL, NULL, NULL, NULL, NULL, NULL, '6176791350', '6174968671', NULL, '(617) 726-2000', NULL, '1', NULL, NULL, NULL, NULL, NULL, NULL),
(365, 'Team Mental Health', 'Jessica, ext 433', NULL, NULL, 'Southgate', 'MI', NULL, 'US', '7343248326', '7344075788', NULL, NULL, NULL, '1', NULL, NULL, NULL, NULL, NULL, NULL),
(366, 'Mt. Clemens Chiropractic', 'Kelly Nugara, Office Manager', NULL, NULL, 'Mt. Clemens', 'MI', NULL, 'US', '5864657422', '5864651480', NULL, NULL, NULL, '1', NULL, NULL, NULL, NULL, NULL, NULL),
(367, 'Somerset Insurance Agency', 'Candy Thomas', NULL, NULL, 'Troy', 'MI', NULL, 'US', '2486375390', '2486375381', NULL, NULL, NULL, '1', NULL, NULL, NULL, NULL, NULL, NULL),
(368, 'Lockton Companies', 'Jessica, Verifications', NULL, NULL, NULL, NULL, NULL, NULL, '8169609000', '8167839389', NULL, NULL, NULL, '1', NULL, NULL, NULL, NULL, NULL, NULL),
(369, 'Missouri Hospital Plan', 'Underwriting/Malpractice Verifications', '4700 Country Club Drive, P.O. Box 1498', NULL, 'Jackson City', 'MO', '65102-149', 'US', '8002342297', '5738933748', NULL, NULL, NULL, '1', NULL, NULL, NULL, NULL, NULL, NULL),
(370, 'Wells Fargo Insurance', 'Jean Ann Morris', NULL, NULL, NULL, NULL, NULL, NULL, '6025283036', NULL, 'jean.ann.morris@wellsfargo.com', NULL, NULL, '1', NULL, NULL, NULL, NULL, NULL, NULL),
(371, 'Aon Insurance Co.', 'Joseph Teed', NULL, NULL, 'Cincinnati', NULL, NULL, NULL, '5135624514', '5136210185', 'joseph.teed@aon.com', 'Stacey L. Slade-Grabow 513-562-4522', NULL, '1', NULL, NULL, NULL, NULL, NULL, NULL),
(372, 'Epic MD', 'Office Manager/Risk Management', NULL, NULL, NULL, NULL, NULL, NULL, '2483364000', '2483369137', NULL, NULL, NULL, '1', NULL, NULL, NULL, NULL, NULL, NULL),
(373, 'Dr. Mark Sawka', 'Yvette, Office Manager', NULL, NULL, 'Woodhaven', NULL, NULL, NULL, '7346751280', '7346751678', NULL, NULL, NULL, '1', NULL, NULL, NULL, NULL, NULL, NULL),
(374, 'Muskegon Family Care', 'Credentialing', NULL, NULL, 'Muskegon', 'MI', NULL, 'US', '2317679806', '2317371808', NULL, NULL, NULL, '1', NULL, NULL, NULL, NULL, NULL, NULL),
(375, 'National Fire & Marine Insurance Company', 'Malpractice Insurance Verifications', NULL, NULL, NULL, NULL, NULL, NULL, '6152779840', '6152779879', NULL, NULL, NULL, '1', NULL, NULL, NULL, NULL, NULL, NULL),
(376, 'Mid-Michigan Physicians', 'Credentialing/Malpractice Verifications', NULL, NULL, 'Lansing', 'MI', NULL, 'US', '5179137020', '5179137022', NULL, NULL, NULL, '1', NULL, NULL, NULL, NULL, NULL, NULL),
(377, 'Office of Dr. Bruce Millman, DO', 'Office Manager/Risk Management', NULL, NULL, NULL, NULL, NULL, NULL, '8775864877', '8775864877', NULL, NULL, NULL, '1', NULL, NULL, NULL, NULL, NULL, NULL),
(378, 'OUM Insurance', 'Credentialing', NULL, NULL, 'Franklin', 'TN', NULL, 'US', '8004231504', '6153709021', NULL, NULL, NULL, '1', NULL, NULL, NULL, NULL, NULL, NULL),
(379, 'Capital Insurance Services', 'Melissa Bain', NULL, NULL, NULL, NULL, NULL, NULL, '5174827900', '5174821696', NULL, 'Jodi Addis, ext 802', NULL, '1', NULL, NULL, NULL, NULL, NULL, NULL),
(380, 'Marsh Insurance', 'Alma Garcia', NULL, NULL, NULL, NULL, NULL, NULL, '8776678482', '7139352479', NULL, 'for claims history fax to: 713-935-2479 if current coverage\r\nfor mal verification only fax to: 303-495-1288', NULL, '1', NULL, NULL, NULL, NULL, NULL, NULL),
(381, 'Red Cedar Oncology', 'Credentialing', '5000 Water Tower Place', NULL, 'East Lansing', 'MI', NULL, 'US', '5173336060', '5173336068', NULL, NULL, NULL, '1', NULL, NULL, NULL, NULL, NULL, NULL),
(382, 'Willis of Tennessee', 'Credentialing', NULL, NULL, NULL, NULL, NULL, NULL, '6158723000', NULL, NULL, NULL, NULL, '1', NULL, NULL, NULL, NULL, NULL, NULL),
(383, 'Healthy Urgent Care', 'Credentialing', '7125 Orchard Lake', NULL, 'West Bloomfield', 'MI', NULL, 'US', '2488657481', '2488657469', NULL, 'this is the corporate office', NULL, '1', NULL, NULL, NULL, NULL, NULL, NULL),
(384, 'Allegiance Health', 'Misty Bomia ext 4828', NULL, NULL, NULL, NULL, NULL, NULL, '5177884800', '5177884829', NULL, NULL, NULL, '1', NULL, NULL, NULL, NULL, NULL, NULL),
(385, 'EMCare, Inc.', 'Heather Banks', '13737 Noel Road, Suite 1600', NULL, 'Dallas', 'TX', '75240', 'US', '3034951207', '3034951288', NULL, NULL, NULL, '1', NULL, NULL, NULL, NULL, NULL, NULL),
(386, 'Marsh Management', 'Risk Mgmt./Credentialing', '23 Lime Tree Bay Ave., P.O. Box 1051', NULL, 'Cayman Islands', NULL, NULL, NULL, '3459497988', '3459497849', NULL, NULL, NULL, '1', NULL, NULL, NULL, NULL, NULL, NULL),
(387, 'Oakland Health Primary Services', NULL, '46 N. Saginaw', NULL, 'Pontiac', 'MI', NULL, 'US', '2483226747', NULL, NULL, NULL, NULL, '1', NULL, NULL, NULL, NULL, NULL, NULL),
(388, 'Wood Insurance Group', 'Nilsa, Credentialing', NULL, NULL, NULL, NULL, NULL, NULL, '6022308200', '6022308207', NULL, NULL, NULL, '1', NULL, NULL, NULL, NULL, NULL, NULL),
(389, 'University of Utah', 'Risk Management', NULL, NULL, NULL, 'UT', NULL, 'US', '8015812031', '8015813042', NULL, NULL, NULL, '1', NULL, NULL, NULL, NULL, NULL, NULL),
(390, 'Professional Solutions Insurance Co.', 'Credentialing/Claims History', NULL, NULL, NULL, NULL, NULL, NULL, '8007888540', '8005106370', NULL, NULL, NULL, '1', NULL, NULL, NULL, NULL, NULL, NULL),
(391, 'Spectrum Health (MPIE)', 'April Black, Claims History/Verifications', NULL, NULL, 'Grand Rapids', 'MI', NULL, 'US', '6163918770', '6163911999', NULL, NULL, NULL, '1', NULL, NULL, NULL, NULL, NULL, NULL),
(392, 'Aon Risk Insurance Services West Inc.', 'Risk Mgmt./Credentialing', '707 Wilshire Blvd., Suite 2600', NULL, 'Los Angeles', 'CA', NULL, 'US', '2136303256', NULL, NULL, NULL, NULL, '1', NULL, NULL, NULL, NULL, NULL, NULL),
(393, 'ESIS ProClaim', 'William Duggan, Jr. Esq.', '23081 Farmington Road', NULL, 'Farmington Hills', 'MI', '48336', 'US', '2486159262', '8663848563', 'bduggan@proclaimamerica.com', NULL, NULL, '1', NULL, NULL, NULL, NULL, NULL, NULL),
(394, 'Diebold Insurance Agency', 'Shawn Nelson, Credentialing/Claims History', NULL, NULL, 'West Branch', 'MI', NULL, 'US', '9893432324', '9893450232', 'shawn@dieboldinsurance.com', 'Office: 989-345-0200', NULL, '1', NULL, NULL, NULL, NULL, NULL, NULL),
(395, 'Test', 'Name', 'Street Address 1', 'Street Address 2', 'Yerevan', NULL, '0033', 'AM', '123', '3456', 'test@test.com', '123', NULL, NULL, '456', NULL, NULL, NULL, NULL, NULL),
(396, 'A new malpractice added', 'Jane Doe', NULL, NULL, 'Utica', NULL, NULL, NULL, '555555555', '222222222', 'jane@jane.org', NULL, NULL, NULL, NULL, NULL, NULL, NULL, NULL, NULL);

-- --------------------------------------------------------

--
-- Estructura de tabla para la tabla `malpractice_verifications`
--

CREATE TABLE `malpractice_verifications` (
  `id` bigint(20) NOT NULL,
  `order_id` mediumint(9) DEFAULT NULL,
  `status` varchar(255) DEFAULT NULL,
  `type_id` char(1) DEFAULT NULL,
  `other_name_used` varchar(255) DEFAULT NULL,
  `is_flagged` char(1) DEFAULT NULL,
  `organization_id` mediumint(9) DEFAULT NULL,
  `organization_name` varchar(255) NOT NULL,
  `contact` varchar(255) DEFAULT NULL,
  `title` varchar(255) DEFAULT NULL,
  `department` varchar(255) DEFAULT NULL,
  `street_address1` varchar(255) DEFAULT NULL,
  `street_address2` varchar(255) DEFAULT NULL,
  `city` varchar(255) DEFAULT NULL,
  `state_id` varchar(255) DEFAULT NULL,
  `phone` varchar(255) DEFAULT NULL,
  `fax` varchar(255) DEFAULT NULL,
  `zip` varchar(255) DEFAULT NULL,
  `email` varchar(255) DEFAULT NULL,
  `insurance_company` varchar(100) DEFAULT NULL,
  `start_date` varchar(50) DEFAULT NULL,
  `end_date` varchar(50) DEFAULT NULL,
  `policy_limits` varchar(255) DEFAULT NULL,
  `policy_number` varchar(50) DEFAULT NULL,
  `resp_insurance_company` varchar(100) DEFAULT NULL,
  `resp_start_date` varchar(50) DEFAULT NULL,
  `resp_end_date` varchar(50) DEFAULT NULL,
  `resp_policy_limits` varchar(255) DEFAULT NULL,
  `resp_policy_number` varchar(50) DEFAULT NULL,
  `general_comments` text,
  `claims_history` char(1) DEFAULT NULL,
  `claims_history_explanation` text,
  `verified_by_src` varchar(255) DEFAULT NULL,
  `verified_by_emp` varchar(255) DEFAULT NULL,
  `fees` decimal(9,2) DEFAULT NULL,
  `verified_date` varchar(255) DEFAULT NULL,
  `verification_status` varchar(255) DEFAULT NULL,
  `employee` varchar(255) DEFAULT NULL,
  `last_update` varchar(255) DEFAULT NULL,
  `added_by_recruiter` char(1) DEFAULT NULL,
  `hard_copies_required` char(1) DEFAULT NULL,
  `file` varchar(255) DEFAULT NULL,
  `show_note_to_recruiter` char(1) DEFAULT NULL,
  `is_rush` char(1) DEFAULT NULL,
  `created_at` datetime DEFAULT NULL,
  `recruiter_reviewed` tinyint(1) DEFAULT NULL
) ENGINE=MyISAM DEFAULT CHARSET=utf8;

--
-- Volcado de datos para la tabla `malpractice_verifications`
--

INSERT INTO `malpractice_verifications` (`id`, `order_id`, `status`, `type_id`, `other_name_used`, `is_flagged`, `organization_id`, `organization_name`, `contact`, `title`, `department`, `street_address1`, `street_address2`, `city`, `state_id`, `phone`, `fax`, `zip`, `email`, `insurance_company`, `start_date`, `end_date`, `policy_limits`, `policy_number`, `resp_insurance_company`, `resp_start_date`, `resp_end_date`, `resp_policy_limits`, `resp_policy_number`, `general_comments`, `claims_history`, `claims_history_explanation`, `verified_by_src`, `verified_by_emp`, `fees`, `verified_date`, `verification_status`, `employee`, `last_update`, `added_by_recruiter`, `hard_copies_required`, `file`, `show_note_to_recruiter`, `is_rush`, `created_at`, `recruiter_reviewed`) VALUES
(1, 141201, 'CO', NULL, NULL, NULL, 288, 'Henry Ford Professional Liability Ins. Program', 'Credentialing/Risk Mgmt.', 'Title', NULL, NULL, NULL, 'Detroit', 'MI', '3138746710', '3138746188', NULL, 'RFIS@HFHS.ORG', '1', '2', '3', '4', '5', '1', '2', '3', '4', '5', NULL, '0', NULL, NULL, 'Kim Ulrich', NULL, '2017-10-26T20:17:48.832Z', NULL, 'Kim Ulrich', '2018-03-05T11:48:05-05:00', NULL, NULL, NULL, NULL, NULL, '2017-10-26 16:17:50', 0),
(2, 141201, NULL, NULL, NULL, NULL, 395, '', 'Name', NULL, NULL, NULL, NULL, 'Yerevan', NULL, NULL, NULL, NULL, NULL, NULL, NULL, NULL, NULL, NULL, NULL, NULL, NULL, NULL, NULL, NULL, NULL, NULL, NULL, NULL, NULL, NULL, NULL, 'Grigor Ambrumyan', '2017-04-28T08:49:55-04:00', NULL, NULL, NULL, NULL, NULL, '2017-04-28 08:49:55', 0),
(3, 141201, NULL, NULL, NULL, NULL, 395, '', 'Name', NULL, NULL, NULL, NULL, 'Yerevan', NULL, NULL, NULL, NULL, NULL, NULL, NULL, NULL, NULL, NULL, NULL, NULL, NULL, NULL, NULL, NULL, NULL, NULL, NULL, NULL, NULL, NULL, NULL, 'Grigor Ambrumyan', '2017-04-28T08:51:05-04:00', NULL, NULL, NULL, NULL, NULL, '2017-04-28 08:51:05', 0),
(4, 141201, NULL, NULL, NULL, NULL, 395, '', 'Name', NULL, NULL, NULL, NULL, 'Yerevan', NULL, NULL, NULL, NULL, NULL, NULL, NULL, NULL, NULL, NULL, NULL, NULL, NULL, NULL, NULL, NULL, NULL, NULL, NULL, NULL, NULL, NULL, NULL, 'Grigor Ambrumyan', '2017-04-28T08:52:29-04:00', NULL, NULL, NULL, NULL, NULL, '2017-04-28 08:52:29', 0),
(5, 141201, NULL, NULL, NULL, NULL, NULL, '', NULL, NULL, NULL, NULL, NULL, NULL, NULL, NULL, NULL, NULL, NULL, NULL, NULL, NULL, NULL, NULL, NULL, NULL, NULL, NULL, NULL, NULL, NULL, NULL, NULL, NULL, NULL, NULL, NULL, 'Grigor Ambrumyan', '2017-04-28T08:52:38-04:00', NULL, NULL, NULL, NULL, NULL, '2017-04-28 08:52:38', 0),
(6, 141207, NULL, NULL, NULL, NULL, 288, '', 'Credentialing/Risk Mgmt.', NULL, NULL, '566', NULL, 'Detroit', 'MI', '3138746710', NULL, NULL, 'E-Mail RFIS@HFHS.ORG', NULL, NULL, NULL, NULL, NULL, NULL, NULL, NULL, NULL, NULL, NULL, NULL, NULL, NULL, NULL, NULL, NULL, NULL, 'Kim Ulrich', '2017-04-28T10:05:36-04:00', NULL, NULL, NULL, NULL, NULL, '2017-04-28 10:05:36', 0),
(7, 141208, 'CO', NULL, NULL, NULL, 288, 'test', 'Credentialing/Risk Mgmt.', NULL, NULL, NULL, NULL, 'Detroit', 'MI', '3138746710', NULL, NULL, 'RFIS@HFHS.ORG', 'HFHS', NULL, NULL, NULL, NULL, 'HFHS', '02/12/2014', '02/12/2018', '$100,000/$500,000', 'AB1002567', NULL, '1', 'Extra Info', NULL, 'Kim Ulrich', NULL, '2017-04-28T17:18:04.224Z', NULL, 'Stephanie Gorecki', '2018-04-12T13:31:00-04:00', NULL, NULL, NULL, NULL, NULL, '2017-04-28 14:47:38', 0),
(8, 141208, 'CO', NULL, NULL, NULL, 396, 'test', NULL, NULL, NULL, NULL, NULL, 'Utica', 'Michigan', NULL, NULL, NULL, NULL, NULL, NULL, NULL, NULL, NULL, NULL, NULL, NULL, NULL, NULL, NULL, '1', NULL, NULL, 'Stephanie Gorecki', NULL, '2018-04-12T17:25:56.697Z', NULL, 'Stephanie Gorecki', '2018-04-17T13:55:14-04:00', NULL, NULL, NULL, NULL, NULL, '2017-04-28 14:36:23', 0),
(9, 141201, NULL, NULL, NULL, NULL, 171, '', 'Office Manager', NULL, NULL, '1605 W. Davidson Ave', NULL, 'Detroit', 'MI', '3138658446', NULL, NULL, NULL, NULL, NULL, NULL, NULL, NULL, NULL, NULL, NULL, NULL, NULL, NULL, NULL, NULL, NULL, NULL, NULL, NULL, NULL, 'Kim Ulrich', '2017-04-28T15:48:31-04:00', NULL, NULL, NULL, NULL, NULL, '2017-04-28 15:48:31', 0),
(16, 141210, 'IP', NULL, NULL, NULL, 384, 'Allegiance Health', 'Misty Bomia ext 4828', 'asdfasdf', 'asdfasdf', NULL, NULL, NULL, NULL, '5177884800', '5177884829', NULL, NULL, NULL, '12/12/1234', '12/12/1234', NULL, NULL, NULL, NULL, NULL, NULL, NULL, NULL, '1', 'qwersdf', NULL, 'Pablo Bertran', NULL, '2018-05-17T16:19:50.967Z', NULL, 'Pablo Bertran', '2018-05-17T12:19:51-04:00', NULL, NULL, NULL, NULL, NULL, '2018-05-16 13:43:37', 1),
(12, 141212, 'IP', NULL, NULL, NULL, 262, 'Aurora Healthcare', 'Roxan Placek, Credentialing Verification', NULL, NULL, NULL, NULL, 'Milwaukee', 'WI', '4142991745', '4142991633', NULL, NULL, NULL, NULL, NULL, NULL, NULL, NULL, NULL, NULL, NULL, NULL, NULL, '1', NULL, NULL, NULL, NULL, NULL, NULL, 'Kim Ulrich', '2018-01-22T11:18:11-05:00', NULL, NULL, NULL, NULL, NULL, '2018-01-22 11:17:56', 0),
(13, 141228, 'HD', NULL, NULL, NULL, 213, 'Affinity Insurance Services', 'Customer Service', NULL, NULL, '159 East County Line Road', NULL, 'Hatboro', 'PA', '8002471500', '8007583635', '19040', 'Service@nso.com or Service@hpso.com', NULL, NULL, NULL, NULL, NULL, NULL, NULL, NULL, NULL, NULL, NULL, NULL, NULL, NULL, NULL, NULL, NULL, NULL, 'Stephanie Gorecki', '2018-04-11T11:37:52-04:00', NULL, NULL, NULL, NULL, NULL, '2018-03-28 13:34:27', 0),
(14, 0, 'IP', NULL, NULL, NULL, 288, 'Henry Ford Professional Liability Ins. Program', 'Credentialing/Risk Mgmt.', NULL, NULL, '1500 Main Street', NULL, 'Detroit', 'MI', '3138746710', '3138746188', NULL, 'RFIS@HFHS.ORG', NULL, NULL, NULL, NULL, NULL, NULL, NULL, NULL, NULL, NULL, NULL, NULL, NULL, NULL, NULL, NULL, NULL, NULL, 'Stephanie Gorecki', '2018-04-12T12:14:44-04:00', NULL, NULL, NULL, NULL, NULL, '2018-04-12 12:14:44', 0),
(21, 141218, 'CO', NULL, NULL, NULL, 384, 'Allegiance Health', 'Misty Bomia ext 4828', 'asdfasdf', 'asdfasdf', '123 asf', '123 asdf', 'asdfasdf', 'asdfasdf', '5177884800', '5177884829', '12312', NULL, 'asdfasdf', '123', '123', 'adsf', 'asdf', 'asdfasdf', '123', '123', 'adsf', 'asdf', NULL, '1', 'asdfq123', NULL, 'Pablo Bertran', NULL, '2018-05-23T15:48:01.368Z', NULL, 'Pablo Bertran', '2018-05-23T11:48:50-04:00', NULL, NULL, NULL, NULL, NULL, '2018-05-23 11:48:50', NULL);

-- --------------------------------------------------------

--
-- Estructura de tabla para la tabla `messages`
--

CREATE TABLE `messages` (
  `id` tinyint(3) UNSIGNED NOT NULL,
  `type` tinyint(3) UNSIGNED NOT NULL,
  `label` varchar(50) NOT NULL,
  `text` text,
  `has_expiration` char(1) DEFAULT NULL,
  `expiration` date DEFAULT NULL,
  `ord` tinyint(3) UNSIGNED NOT NULL
) ENGINE=MyISAM DEFAULT CHARSET=utf8;

--
-- Volcado de datos para la tabla `messages`
--

INSERT INTO `messages` (`id`, `type`, `label`, `text`, `has_expiration`, `expiration`, `ord`) VALUES
(1, 1, 'No Name Attached Note', 'ID - No name attached = The social security number provided is a valid number, however, there was no name attached to it. This could be due to several reasons, including but not limited to, not having established credit yet, non US citizen, or recently issued number. Only employers may register to use the Social Security Number Verification Service to verify current or former employee social security numbers, and only for wage reporting. For specific information, please contact the Social Security Administration directly at http://www.ssa.gov/employer/ssnv.htm/. The Business Services Online Welcome page will provide the relevant information. Thank you!', NULL, NULL, 0),
(2, 1, 'Unable to determine', 'ID â€“ Unable to Determine = We were unable to verify the Social Security Number provided. This social security number could have been issued after June, 2011 when the Social Security Administration implemented a new randomization process. Social security numbers issued after June, 2011 will no longer be able to be verified through consumer reporting agencies. Only employers may register to use the Social Security Number Verification Service to verify current or former employee social security numbers, and only for wage reporting. For specific information, please contact the Social Security Administration directly at http://www.ssa.gov/employer/ssnv.htm/. The Business Services Online Welcome page will provide the relevant information. Thank you', NULL, NULL, 1),
(3, 2, 'NSC Website', 'NSC Website Link', NULL, NULL, 0),
(4, 2, 'General', 'General Message Testing Testing 1 2 3 3/5/2018 for Employees', '1', '2018-04-05', 2),
(5, 2, 'ID', 'ID Message 3/5', '1', NULL, 3),
(6, 2, 'Order Entry', 'Order Entry Message 3/5', '1', NULL, 4),
(7, 2, 'Academic', 'Academic Message 3/5', '1', NULL, 5),
(8, 2, 'Criminal', 'Criminal Message 3/5', '1', NULL, 6),
(9, 2, 'References', 'References Message 3/5', '1', '2018-05-01', 7),
(10, 2, 'LRC', 'LCR Message 3/5', '1', '2016-09-26', 8),
(11, 2, 'MVR', 'MVR Message 3/5', '1', NULL, 9),
(12, 2, 'Malpractice', 'Malpractice Message 3/5', '1', NULL, 10),
(13, 1, 'NSC Statement', 'NSC STATEMENT', '', '2016-06-13', 2),
(14, 1, 'OOC Statement', 'OOC STATEMENT', NULL, NULL, 3),
(15, 1, 'Request Disclaimer', 'REQUEST DISCLAIMER: The information provided will become part of a consumer report. Under the Fair Credit Reporting Act, if declined a position based on this consumer report, the applicant may request a copy of this report for their records or if they choose to dispute any or all of the information provided.', NULL, NULL, 4),
(16, 1, 'Results Disclaimer (Excluding Crim)', 'RESULTS DISCLAIMER (EXC CRIM): The Reference Company provides this report to users with the understanding that the tenets of the Fair Credit Reporting Act are strictly observed. This information is obtained from reliable sources, but its accuracy is not guaranteed.', NULL, NULL, 5),
(17, 1, 'Results Disclaimer (Criminal Only)', 'CRIMINAL RESULTS DISCLAIMER', NULL, NULL, 6),
(18, 3, 'Recruiter Message (Message to All Active Recruiter', 'Test Message for all Recruiters Testing Testing 3/12/2018 for All Recruiters', '1', '2019-03-29', 0),
(19, 2, 'Work Number Website', 'Work Number Website Link', NULL, NULL, 1),
(20, 2, 'E/V', 'E/V Message 3/5', '1', NULL, 11),
(21, 2, 'Drug Screening', 'Drug Screening Message 3/5', '1', NULL, 12);

-- --------------------------------------------------------

--
-- Estructura de tabla para la tabla `motor_vehicle_records`
--

CREATE TABLE `motor_vehicle_records` (
  `id` int(10) NOT NULL,
  `name` varchar(100) DEFAULT '',
  `is_active` char(1) DEFAULT NULL,
  `license_country_id` char(2) DEFAULT NULL,
  `license_state_id` char(2) DEFAULT '1',
  `is_contact_mail` char(1) DEFAULT NULL,
  `is_contact_phone` char(1) DEFAULT NULL,
  `is_contact_fax` char(1) DEFAULT NULL,
  `is_contact_email` char(1) DEFAULT NULL,
  `is_contact_online` char(1) DEFAULT NULL,
  `contact_name` varchar(100) DEFAULT NULL,
  `website` varchar(100) DEFAULT NULL,
  `street_address1` varchar(100) DEFAULT NULL,
  `street_address2` varchar(100) DEFAULT NULL,
  `city` varchar(100) DEFAULT NULL,
  `state_id` char(2) DEFAULT NULL,
  `zip` varchar(10) DEFAULT NULL,
  `country_id` char(2) DEFAULT NULL,
  `phone` varchar(50) DEFAULT NULL,
  `fax` varchar(50) DEFAULT NULL,
  `email` varchar(100) DEFAULT NULL,
  `recruiter_notes` text,
  `employee_instructions` text,
  `fee` decimal(6,2) DEFAULT NULL
) ENGINE=InnoDB DEFAULT CHARSET=utf8;

--
-- Volcado de datos para la tabla `motor_vehicle_records`
--

INSERT INTO `motor_vehicle_records` (`id`, `name`, `is_active`, `license_country_id`, `license_state_id`, `is_contact_mail`, `is_contact_phone`, `is_contact_fax`, `is_contact_email`, `is_contact_online`, `contact_name`, `website`, `street_address1`, `street_address2`, `city`, `state_id`, `zip`, `country_id`, `phone`, `fax`, `email`, `recruiter_notes`, `employee_instructions`, `fee`) VALUES
(1, 'Michigan MVR', '1', 'US', 'MI', '1', NULL, NULL, NULL, NULL, NULL, 'fasdf', NULL, NULL, NULL, 'MI', NULL, 'US', 'dfasdfasdf', 'asdfa', 'sdfasd@sdfsd.com', NULL, NULL, '12.25'),
(2, 'Arizona MVR', '1', 'US', 'AZ', NULL, NULL, NULL, NULL, NULL, NULL, NULL, NULL, NULL, NULL, 'AZ', NULL, 'US', NULL, NULL, NULL, 'asdf', 'asdfff', NULL),
(3, 'Ontario-Prov MVR', '1', 'CA', 'ON', NULL, NULL, NULL, NULL, NULL, NULL, NULL, NULL, NULL, NULL, NULL, NULL, 'US', NULL, NULL, NULL, NULL, NULL, NULL),
(4, 'Alabama MVR', '1', 'US', 'AL', NULL, NULL, NULL, NULL, NULL, NULL, NULL, NULL, NULL, NULL, 'AL', NULL, 'US', NULL, NULL, NULL, NULL, NULL, NULL),
(5, 'Alaska MVR', '1', 'US', 'AK', NULL, NULL, NULL, NULL, NULL, NULL, NULL, NULL, NULL, NULL, 'AK', NULL, 'US', NULL, NULL, NULL, NULL, NULL, NULL),
(6, 'Arkansas MVR', '1', 'US', 'AR', NULL, NULL, NULL, NULL, NULL, NULL, NULL, NULL, NULL, NULL, 'AR', NULL, 'US', NULL, NULL, NULL, NULL, NULL, NULL),
(7, 'California MVR', '1', 'US', 'CA', NULL, NULL, NULL, NULL, NULL, NULL, NULL, NULL, NULL, NULL, 'CA', NULL, 'US', NULL, NULL, NULL, NULL, NULL, NULL),
(8, 'Colorado MVR', '1', 'US', 'CO', NULL, NULL, NULL, NULL, NULL, NULL, NULL, NULL, NULL, NULL, 'CO', NULL, 'US', NULL, NULL, NULL, NULL, NULL, NULL),
(9, 'Connecticut MVR', '1', 'US', 'CT', NULL, NULL, NULL, NULL, NULL, NULL, NULL, NULL, NULL, NULL, 'CT', NULL, 'US', NULL, NULL, NULL, NULL, NULL, NULL),
(10, 'Delaware MVR', '1', 'US', 'DE', NULL, NULL, NULL, NULL, NULL, NULL, NULL, NULL, NULL, NULL, 'DE', NULL, 'US', NULL, NULL, NULL, NULL, NULL, NULL),
(11, 'District of Columbia MVR', '1', 'US', 'DC', NULL, NULL, NULL, NULL, NULL, NULL, NULL, NULL, NULL, NULL, 'DC', NULL, 'US', NULL, NULL, NULL, NULL, NULL, NULL),
(12, 'Florida MVR', '1', 'US', 'FL', NULL, NULL, NULL, NULL, NULL, NULL, NULL, NULL, NULL, NULL, 'FL', NULL, 'US', NULL, NULL, NULL, NULL, NULL, NULL),
(13, 'Georgia MVR', '1', 'US', 'GA', NULL, NULL, NULL, NULL, NULL, NULL, NULL, NULL, NULL, NULL, 'GA', NULL, 'US', NULL, NULL, NULL, NULL, NULL, NULL),
(14, 'Hawaii MVR', '1', 'US', 'HI', NULL, NULL, NULL, NULL, NULL, NULL, NULL, NULL, NULL, NULL, 'HI', NULL, 'US', NULL, NULL, NULL, NULL, NULL, NULL),
(15, 'Idaho MVR', '1', 'US', 'ID', NULL, NULL, NULL, NULL, NULL, NULL, NULL, NULL, NULL, NULL, 'ID', NULL, 'US', NULL, NULL, NULL, NULL, NULL, NULL),
(16, 'Illinois MVR', '1', 'US', 'IL', NULL, NULL, NULL, NULL, NULL, NULL, NULL, NULL, NULL, NULL, 'IL', NULL, 'US', NULL, NULL, NULL, NULL, NULL, NULL),
(17, 'Indiana MVR', '1', 'US', 'IN', NULL, NULL, NULL, NULL, NULL, NULL, NULL, NULL, NULL, NULL, 'IN', NULL, 'US', NULL, NULL, NULL, NULL, NULL, NULL),
(18, 'Iowa MVR', '1', 'US', 'IA', NULL, NULL, NULL, NULL, NULL, NULL, NULL, NULL, NULL, NULL, 'IA', NULL, 'US', NULL, NULL, NULL, NULL, NULL, NULL),
(19, 'Kansas MVR', '1', 'US', 'KS', NULL, NULL, NULL, NULL, NULL, NULL, NULL, NULL, NULL, NULL, 'KS', NULL, 'US', NULL, NULL, NULL, NULL, NULL, NULL),
(20, 'Kentucky MVR', '1', 'US', 'KY', NULL, NULL, NULL, NULL, NULL, NULL, NULL, NULL, NULL, NULL, 'KY', NULL, 'US', NULL, NULL, NULL, NULL, NULL, NULL),
(21, 'Louisiana MVR', '1', 'US', 'LA', NULL, NULL, NULL, NULL, NULL, NULL, NULL, NULL, NULL, NULL, 'LA', NULL, 'US', NULL, NULL, NULL, NULL, NULL, NULL),
(22, 'Maine MVR', '1', 'US', 'ME', NULL, NULL, NULL, NULL, NULL, NULL, NULL, NULL, NULL, NULL, 'ME', NULL, 'US', NULL, NULL, NULL, NULL, NULL, NULL),
(23, 'Maryland MVR', '1', 'US', 'MD', NULL, NULL, NULL, NULL, NULL, NULL, NULL, NULL, NULL, NULL, 'MD', NULL, 'US', NULL, NULL, NULL, NULL, NULL, NULL),
(24, 'Massachusetts MVR', '1', 'US', 'MA', NULL, NULL, NULL, NULL, NULL, NULL, NULL, NULL, NULL, NULL, 'MA', NULL, 'US', NULL, NULL, NULL, NULL, NULL, NULL),
(25, 'Minnesota MVR', '1', 'US', 'MN', NULL, NULL, NULL, NULL, NULL, NULL, NULL, NULL, NULL, NULL, 'MN', NULL, 'US', NULL, NULL, NULL, NULL, NULL, NULL),
(26, 'Mississippi MVR', '1', 'US', 'MS', NULL, NULL, NULL, NULL, NULL, NULL, NULL, NULL, NULL, NULL, 'MS', NULL, 'US', NULL, NULL, NULL, NULL, NULL, NULL),
(27, 'Missouri MVR', '1', 'US', 'MO', NULL, NULL, NULL, NULL, NULL, NULL, NULL, NULL, NULL, NULL, 'MO', NULL, 'US', NULL, NULL, NULL, NULL, NULL, NULL),
(28, 'Montana MVR', '1', 'US', 'MT', NULL, NULL, NULL, NULL, NULL, NULL, NULL, NULL, NULL, NULL, 'MT', NULL, 'US', NULL, NULL, NULL, NULL, NULL, NULL),
(29, 'Nebraska MVR', '1', 'US', 'NE', NULL, NULL, NULL, NULL, NULL, NULL, NULL, NULL, NULL, NULL, 'NE', NULL, 'US', NULL, NULL, NULL, NULL, NULL, NULL),
(30, 'Nevada MVR', '1', 'US', 'NV', NULL, NULL, NULL, NULL, NULL, NULL, NULL, NULL, NULL, NULL, 'NV', NULL, 'US', NULL, NULL, NULL, NULL, NULL, NULL),
(31, 'New Hampshire MVR', '1', 'US', 'NH', NULL, NULL, NULL, NULL, NULL, NULL, NULL, NULL, NULL, NULL, 'NH', NULL, 'US', NULL, NULL, NULL, NULL, NULL, NULL),
(32, 'New Jersey MVR', '1', 'US', 'NJ', NULL, NULL, NULL, NULL, NULL, NULL, NULL, NULL, NULL, NULL, 'NJ', NULL, 'US', NULL, NULL, NULL, NULL, NULL, NULL),
(33, 'New Mexico MVR', '1', 'US', 'NM', NULL, NULL, NULL, NULL, NULL, NULL, NULL, NULL, NULL, NULL, 'NM', NULL, 'US', NULL, NULL, NULL, NULL, NULL, NULL),
(34, 'New York MVR', '1', 'US', 'NY', NULL, NULL, NULL, NULL, NULL, NULL, NULL, NULL, NULL, NULL, 'NY', NULL, 'US', NULL, NULL, NULL, NULL, NULL, NULL),
(35, 'North Carolina MVR', '1', 'US', 'NC', NULL, NULL, NULL, NULL, NULL, NULL, NULL, NULL, NULL, NULL, 'NC', NULL, 'US', NULL, NULL, NULL, NULL, NULL, NULL),
(36, 'North Dakota MVR', '1', 'US', 'ND', NULL, NULL, NULL, NULL, NULL, NULL, NULL, NULL, NULL, NULL, 'ND', NULL, 'US', NULL, NULL, NULL, NULL, NULL, NULL),
(37, 'Ohio MVR', '1', 'US', 'OH', NULL, NULL, NULL, NULL, NULL, NULL, NULL, NULL, NULL, NULL, 'OH', NULL, 'US', NULL, NULL, NULL, NULL, NULL, NULL),
(38, 'Oklahoma MVR', '1', 'US', 'OK', NULL, NULL, NULL, NULL, NULL, NULL, NULL, NULL, NULL, NULL, 'OK', NULL, 'US', NULL, NULL, NULL, NULL, NULL, NULL),
(39, 'Oregon MVR', '1', 'US', 'OR', NULL, NULL, NULL, NULL, NULL, NULL, NULL, NULL, NULL, NULL, 'OR', NULL, 'US', NULL, NULL, NULL, NULL, NULL, NULL),
(40, 'Pennsylvania MVR', '1', 'US', 'PA', NULL, NULL, NULL, NULL, NULL, NULL, NULL, NULL, NULL, NULL, 'PA', NULL, 'US', NULL, NULL, NULL, NULL, NULL, NULL),
(41, 'Rhode Island MVR', '1', 'US', 'RI', NULL, NULL, NULL, NULL, NULL, NULL, NULL, NULL, NULL, NULL, 'RI', NULL, 'US', NULL, NULL, NULL, NULL, NULL, NULL),
(42, 'South Carolina MVR', '1', 'US', 'SC', NULL, NULL, NULL, NULL, NULL, NULL, NULL, NULL, NULL, NULL, 'SC', NULL, 'US', NULL, NULL, NULL, NULL, NULL, NULL),
(43, 'South Dakota MVR', '1', 'US', 'SD', NULL, NULL, NULL, NULL, NULL, NULL, NULL, NULL, NULL, NULL, 'SD', NULL, 'US', NULL, NULL, NULL, NULL, NULL, NULL),
(44, 'Tennessee MVR', '1', 'US', 'TN', NULL, NULL, NULL, NULL, NULL, NULL, NULL, NULL, NULL, NULL, 'TN', NULL, 'US', NULL, NULL, NULL, NULL, NULL, NULL),
(45, 'Texas MVR', '1', 'US', 'TX', NULL, NULL, NULL, NULL, NULL, NULL, NULL, NULL, NULL, NULL, 'TX', NULL, 'US', NULL, NULL, NULL, NULL, NULL, NULL),
(46, 'Utah MVR', '1', 'US', 'UT', NULL, NULL, NULL, NULL, NULL, NULL, NULL, NULL, NULL, NULL, 'UT', NULL, 'US', NULL, NULL, NULL, NULL, NULL, NULL),
(47, 'Vermont MVR', '1', 'US', 'VT', NULL, NULL, NULL, NULL, NULL, NULL, NULL, NULL, NULL, NULL, 'VT', NULL, 'US', NULL, NULL, NULL, NULL, NULL, NULL),
(48, 'Virginia MVR', '1', 'US', 'VA', NULL, NULL, NULL, NULL, NULL, NULL, NULL, NULL, NULL, NULL, 'VA', NULL, 'US', NULL, NULL, NULL, NULL, NULL, NULL),
(49, 'Washington MVR', '1', 'US', 'WA', NULL, NULL, NULL, NULL, NULL, NULL, NULL, NULL, NULL, NULL, 'WA', NULL, 'US', NULL, NULL, NULL, NULL, NULL, NULL),
(50, 'West Virginia MVR', '1', 'US', 'WV', NULL, NULL, NULL, NULL, NULL, NULL, NULL, NULL, NULL, NULL, 'WV', NULL, 'US', NULL, NULL, NULL, NULL, NULL, NULL),
(51, 'Wisconsin MVR', '1', 'US', 'WI', NULL, NULL, NULL, NULL, NULL, NULL, NULL, NULL, NULL, NULL, 'WI', NULL, 'US', NULL, NULL, NULL, NULL, NULL, NULL),
(52, 'Wyoming MVR', '1', 'US', 'WY', NULL, NULL, NULL, NULL, NULL, NULL, NULL, NULL, NULL, NULL, 'WY', NULL, 'US', NULL, NULL, NULL, NULL, NULL, NULL);

-- --------------------------------------------------------

--
-- Estructura de tabla para la tabla `mvr_verifications`
--

CREATE TABLE `mvr_verifications` (
  `id` bigint(20) NOT NULL,
  `order_id` mediumint(9) DEFAULT NULL,
  `status` varchar(255) DEFAULT NULL,
  `vehicle_id` mediumint(9) DEFAULT NULL,
  `license_number` varchar(100) DEFAULT NULL,
  `license_country_id` varchar(255) DEFAULT NULL,
  `license_state_id` varchar(255) DEFAULT NULL,
  `chauffeur_cdl` varchar(10) DEFAULT NULL,
  `chauffeur_cdl_endorsement` varchar(255) DEFAULT NULL,
  `license_clear` varchar(10) DEFAULT NULL,
  `requirement_not_met` char(1) DEFAULT NULL,
  `verified_by_src` varchar(255) DEFAULT NULL,
  `verified_by_emp` varchar(255) DEFAULT NULL,
  `fees` decimal(9,2) DEFAULT NULL,
  `verified_date` varchar(255) DEFAULT NULL,
  `verification_status` varchar(255) DEFAULT NULL,
  `employee` varchar(255) DEFAULT NULL,
  `last_update` varchar(255) DEFAULT NULL,
  `added_by_recruiter` char(1) DEFAULT NULL,
  `hard_copies_required` char(1) DEFAULT NULL,
  `file` varchar(255) DEFAULT NULL,
  `show_note_to_recruiter` char(1) DEFAULT NULL,
  `is_rush` char(1) DEFAULT NULL,
  `created_at` datetime DEFAULT NULL,
  `recruiter_reviewed` tinyint(1) NOT NULL
) ENGINE=MyISAM DEFAULT CHARSET=utf8;

--
-- Volcado de datos para la tabla `mvr_verifications`
--

INSERT INTO `mvr_verifications` (`id`, `order_id`, `status`, `vehicle_id`, `license_number`, `license_country_id`, `license_state_id`, `chauffeur_cdl`, `chauffeur_cdl_endorsement`, `license_clear`, `requirement_not_met`, `verified_by_src`, `verified_by_emp`, `fees`, `verified_date`, `verification_status`, `employee`, `last_update`, `added_by_recruiter`, `hard_copies_required`, `file`, `show_note_to_recruiter`, `is_rush`, `created_at`, `recruiter_reviewed`) VALUES
(2, 141206, NULL, NULL, NULL, NULL, NULL, NULL, NULL, NULL, NULL, NULL, NULL, NULL, NULL, NULL, 'Kim Ulrich', '2017-03-28T14:34:39-04:00', NULL, NULL, NULL, NULL, NULL, '2017-03-28 14:34:39', 0),
(7, 141192, NULL, 1, 'N153564515455', NULL, NULL, '1', 'No endorsements', 'YES', NULL, NULL, NULL, '12.25', NULL, NULL, 'Pablo Bertran', '2018-05-01T11:10:36-04:00', NULL, NULL, NULL, NULL, NULL, '2017-05-02 13:38:38', 0),
(5, 141201, 'IP', 1, 'S567867564786', NULL, NULL, NULL, NULL, 'UN', NULL, NULL, NULL, NULL, NULL, NULL, 'Pablo Bertran', '2018-04-27T16:23:50-04:00', NULL, NULL, NULL, NULL, NULL, '2017-04-03 10:14:49', 0),
(8, 141192, NULL, 37, 'O97686885688', NULL, NULL, NULL, NULL, NULL, NULL, NULL, NULL, NULL, NULL, NULL, 'Kim Ulrich', '2017-04-03T11:30:16-04:00', NULL, NULL, NULL, NULL, NULL, '2017-04-03 11:30:16', 0),
(9, 141192, NULL, 1, 'N153564515455', NULL, NULL, '1', 'CDL', NULL, NULL, NULL, NULL, '12.25', NULL, NULL, 'Kim Ulrich', '2017-04-03T14:22:18-04:00', NULL, NULL, NULL, NULL, NULL, '2017-04-03 14:22:18', 0),
(10, 141192, NULL, NULL, NULL, NULL, NULL, NULL, NULL, NULL, NULL, NULL, NULL, NULL, NULL, NULL, 'Kim Ulrich', '2017-05-02T13:25:53-04:00', NULL, NULL, NULL, NULL, NULL, '2017-05-02 13:25:53', 0),
(18, 141210, 'IP', 1, '1321321321', NULL, NULL, '1', 'asdfasdf', 'NO', '1', NULL, 'Pablo Bertran', '12.25', '2018-05-17T16:20:59.447Z', NULL, 'Pablo Bertran', '2018-05-17T12:21:33-04:00', NULL, NULL, NULL, NULL, NULL, '2018-05-16 13:44:52', 0),
(12, 141192, NULL, NULL, NULL, NULL, NULL, NULL, NULL, NULL, NULL, NULL, NULL, NULL, NULL, NULL, 'Kim Ulrich', '2017-05-02T13:38:40-04:00', NULL, NULL, NULL, NULL, NULL, '2017-05-02 13:38:40', 0),
(13, 141209, 'DP', 1, 'M325346346', NULL, NULL, NULL, NULL, NULL, NULL, NULL, NULL, '12.25', NULL, NULL, 'Kim Ulrich', '2017-06-16T10:27:35-04:00', NULL, NULL, NULL, NULL, NULL, '2017-06-16 10:27:35', 0),
(14, 141209, 'CO', 18, NULL, NULL, NULL, '1', 'No endorsement', NULL, '1', NULL, NULL, NULL, NULL, NULL, 'Kim Ulrich', '2017-05-05T12:27:44-04:00', NULL, NULL, NULL, NULL, NULL, '2017-05-05 12:27:44', 0),
(15, 141218, 'IP', 1, NULL, NULL, NULL, NULL, 'asdf', NULL, '1', NULL, NULL, '12.25', NULL, NULL, 'Pablo Bertran', '2018-05-23T11:31:39-04:00', NULL, NULL, NULL, NULL, NULL, '2017-09-29 09:57:08', 0),
(16, 141228, 'IP', 1, NULL, NULL, NULL, NULL, NULL, NULL, NULL, NULL, NULL, '12.25', NULL, NULL, 'Stephanie Gorecki', '2018-03-28T13:35:12-04:00', NULL, NULL, NULL, NULL, NULL, '2018-03-28 13:35:12', 0),
(17, 141208, 'CO', 1, NULL, NULL, NULL, NULL, NULL, 'YES', NULL, NULL, 'Stephanie Gorecki', '12.25', '2018-04-12T19:22:51.507Z', NULL, 'Stephanie Gorecki', '2018-04-12T16:18:40-04:00', NULL, NULL, NULL, NULL, NULL, '2018-04-12 13:35:35', 0);

-- --------------------------------------------------------

--
-- Estructura de tabla para la tabla `notes`
--

CREATE TABLE `notes` (
  `id` int(11) NOT NULL,
  `order_id` int(11) NOT NULL,
  `note` text CHARACTER SET utf8 COLLATE utf8_unicode_ci NOT NULL,
  `verification_type_id` int(11) DEFAULT NULL,
  `verification_id` int(11) DEFAULT NULL,
  `email` char(1) DEFAULT NULL,
  `fax` char(1) DEFAULT NULL,
  `leftmessage` char(1) DEFAULT NULL,
  `onlinereq` char(1) DEFAULT NULL,
  `priority` char(1) DEFAULT NULL,
  `status` char(1) DEFAULT NULL,
  `other` char(1) DEFAULT NULL,
  `user` int(11) NOT NULL,
  `updated_by` int(11) NOT NULL,
  `created_at` datetime NOT NULL,
  `updated_at` datetime NOT NULL
) ENGINE=MyISAM DEFAULT CHARSET=utf8;

--
-- Volcado de datos para la tabla `notes`
--

INSERT INTO `notes` (`id`, `order_id`, `note`, `verification_type_id`, `verification_id`, `email`, `fax`, `leftmessage`, `onlinereq`, `priority`, `status`, `other`, `user`, `updated_by`, `created_at`, `updated_at`) VALUES
(17, 141213, 'Test 123', 2, 29, '0', '1', '0', '0', '1', '1', '0', 59, 20, '2018-04-03 16:18:09', '2018-04-09 13:59:16'),
(19, 141213, 'for Sally in HR', 2, 36, '0', '0', '1', '0', '0', '1', '0', 20, 20, '2018-04-09 13:43:31', '2018-04-09 13:43:31'),
(20, 141213, 'to 3333333333', 2, 36, '0', '1', '0', '0', '0', '1', '0', 20, 20, '2018-04-09 13:43:54', '2018-04-09 13:43:54'),
(21, 141213, 'to sally@refco.com', 2, 36, '1', '0', '0', '0', '0', '1', '0', 20, 20, '2018-04-09 13:44:31', '2018-04-09 13:44:31'),
(22, 141213, 'contact joe on Wednesday at noon asdf', 2, 36, '0', '0', '0', '0', '0', '1', '1', 20, 59, '2018-04-09 13:45:26', '2018-04-27 15:57:17'),
(23, 141218, 'qwer', 2, 33, '0', '1', '0', '0', '0', '1', '0', 20, 20, '2018-04-09 13:57:19', '2018-04-09 13:57:19'),
(25, 141223, 'Supr ooo until 4/10', 5, 28, '0', '0', '0', '0', '0', '1', '1', 20, 20, '2018-04-09 14:46:00', '2018-04-09 14:46:00'),
(26, 141201, 'alt iref #2', 5, 26, '0', '0', '0', '0', '0', '1', '1', 20, 20, '2018-04-09 15:12:06', '2018-04-09 15:12:06'),
(27, 141200, 'for Sally Mae.', 1, 3, '0', '0', '1', '0', '0', '1', '0', 20, 20, '2018-04-11 13:01:36', '2018-04-11 13:01:36'),
(28, 141200, 'sally mae', 1, 3, '1', '0', '0', '0', '0', '1', '0', 20, 20, '2018-04-11 13:01:49', '2018-04-11 13:01:49'),
(29, 141200, 'spoke with askf fja a However, the', 1, 3, '0', '0', '0', '0', '0', '1', '1', 20, 20, '2018-04-11 13:08:02', '2018-04-11 13:08:02'),
(30, 141222, 'asdf', 1, NULL, '0', '1', '0', '0', '0', '1', '0', 59, 59, '2018-04-17 15:18:22', '2018-04-17 15:18:22'),
(31, 141201, 'aasdfasdf', 1, 38, '0', '0', '1', '0', '0', '1', '0', 59, 59, '2018-05-09 15:50:29', '2018-05-09 15:50:29'),
(32, 141198, 'asdf', 2, 15, '0', '0', '1', '0', '0', '1', '0', 59, 59, '2018-05-15 16:52:11', '2018-05-15 16:52:11'),
(33, 141207, 'test', 1, 48, '0', '0', '1', '0', '0', '1', '0', 59, 59, '2018-05-16 11:17:45', '2018-05-16 11:17:45');

-- --------------------------------------------------------

--
-- Estructura de tabla para la tabla `orders`
--

CREATE TABLE `orders` (
  `id` int(10) UNSIGNED NOT NULL,
  `applicant_id` int(10) UNSIGNED NOT NULL,
  `recruiter_id` int(10) UNSIGNED DEFAULT NULL,
  `client_id` int(10) UNSIGNED DEFAULT NULL,
  `package_id` int(10) UNSIGNED DEFAULT NULL,
  `acad` tinyint(3) UNSIGNED DEFAULT NULL,
  `crim` tinyint(3) UNSIGNED DEFAULT NULL,
  `identity` tinyint(3) UNSIGNED DEFAULT NULL,
  `empl` tinyint(3) UNSIGNED DEFAULT NULL,
  `malpractice` tinyint(3) UNSIGNED DEFAULT NULL,
  `lrc` tinyint(3) UNSIGNED DEFAULT NULL,
  `mvr` tinyint(3) UNSIGNED DEFAULT NULL,
  `ref` tinyint(3) UNSIGNED DEFAULT NULL,
  `paf` varchar(100) DEFAULT NULL,
  `call_app_fee` decimal(5,2) UNSIGNED DEFAULT NULL,
  `user_id` int(10) UNSIGNED DEFAULT NULL,
  `files_user_id` int(10) UNSIGNED DEFAULT NULL,
  `triaged_user_id` int(10) UNSIGNED DEFAULT NULL,
  `billing_notes` varchar(255) DEFAULT NULL,
  `internal_notes` text,
  `recruiter_notes` text,
  `is_rush` char(1) DEFAULT NULL,
  `is_irefs` char(1) DEFAULT NULL,
  `is_excluded_from_report` char(1) DEFAULT NULL,
  `department_field` varchar(100) DEFAULT NULL,
  `specialty_field` varchar(100) DEFAULT NULL,
  `first_date` datetime DEFAULT NULL,
  `first_complete_date` datetime DEFAULT NULL,
  `date` datetime NOT NULL,
  `complete_date` datetime DEFAULT NULL,
  `is_disabled_app_email` char(1) DEFAULT NULL,
  `is_disabled_sms` char(1) DEFAULT NULL,
  `is_hard_copies_required` char(1) DEFAULT NULL,
  `is_do_not_contact_applicant` char(1) DEFAULT NULL,
  `release_form` varchar(200) DEFAULT NULL,
  `privileges` varchar(200) DEFAULT NULL,
  `other_client_id` int(10) DEFAULT NULL,
  `is_red_flagged` char(1) DEFAULT NULL
) ENGINE=InnoDB DEFAULT CHARSET=utf8;

--
-- Volcado de datos para la tabla `orders`
--

INSERT INTO `orders` (`id`, `applicant_id`, `recruiter_id`, `client_id`, `package_id`, `acad`, `crim`, `identity`, `empl`, `malpractice`, `lrc`, `mvr`, `ref`, `paf`, `call_app_fee`, `user_id`, `files_user_id`, `triaged_user_id`, `billing_notes`, `internal_notes`, `recruiter_notes`, `is_rush`, `is_irefs`, `is_excluded_from_report`, `department_field`, `specialty_field`, `first_date`, `first_complete_date`, `date`, `complete_date`, `is_disabled_app_email`, `is_disabled_sms`, `is_hard_copies_required`, `is_do_not_contact_applicant`, `release_form`, `privileges`, `other_client_id`, `is_red_flagged`) VALUES
(141185, 37649, 6, 121, 160, NULL, 2, 1, NULL, 2, NULL, NULL, NULL, 'Staff', NULL, 5, 5, 5, NULL, NULL, NULL, NULL, NULL, NULL, NULL, NULL, NULL, NULL, '2016-05-26 13:40:11', '2016-06-07 03:31:05', NULL, NULL, NULL, NULL, NULL, NULL, NULL, NULL),
(141192, 37656, 613, 91, 244, 1, 6, 1, NULL, NULL, 1, NULL, 2, 'Staff', NULL, 53, 5, 5, NULL, NULL, NULL, NULL, '1', NULL, NULL, NULL, '2016-10-26 10:32:06', '2018-04-27 16:19:48', '2017-03-24 11:10:10', '2018-04-27 16:19:48', NULL, NULL, NULL, '1', NULL, NULL, NULL, NULL),
(141200, 37655, 259, 98, 23, 1, 5, 1, 2, NULL, 1, NULL, 1, 'Test', NULL, 5, 5, 5, NULL, NULL, NULL, NULL, NULL, NULL, NULL, NULL, NULL, NULL, '2017-02-07 12:19:28', NULL, NULL, NULL, '1', '1', NULL, NULL, NULL, NULL),
(141201, 37650, 267, 49, 115, 1, 2, 1, 2, NULL, 1, NULL, 1, 'Test', NULL, 5, 5, 5, NULL, 'DO NOT DELETE (ORDER USED FOR TESTING)', NULL, NULL, '1', NULL, NULL, NULL, NULL, '2018-03-12 14:12:24', '2017-02-07 12:22:54', '2018-03-12 14:12:24', NULL, NULL, '1', NULL, '141201_r_1502457633158185.pdf', NULL, NULL, NULL),
(141206, 37650, 559, 34, 276, 1, 5, 1, NULL, NULL, 1, NULL, 2, 'Test', NULL, 5, 5, 5, NULL, NULL, NULL, NULL, NULL, NULL, NULL, NULL, NULL, NULL, '2017-03-17 09:38:58', NULL, NULL, NULL, NULL, '1', NULL, NULL, NULL, NULL),
(141207, 37650, 462, 75, 90, NULL, 10, 1, NULL, NULL, NULL, NULL, NULL, 'Test', NULL, 5, 5, 5, NULL, NULL, NULL, NULL, NULL, NULL, NULL, NULL, NULL, NULL, '2017-03-17 09:39:50', '2017-06-16 09:59:23', NULL, NULL, '1', NULL, NULL, NULL, NULL, NULL),
(141208, 37665, 613, 91, 244, 1, 6, 1, NULL, NULL, 1, NULL, 2, 'Doctor', NULL, 5, 5, 5, NULL, NULL, NULL, NULL, NULL, NULL, NULL, NULL, NULL, '2018-05-14 20:15:42', '2017-04-28 13:07:52', '2018-05-14 20:15:42', NULL, NULL, '1', '1', NULL, NULL, NULL, NULL),
(141209, 37666, 613, 91, 108, 1, 5, 1, NULL, NULL, 1, NULL, 2, 'TEST', NULL, 5, 5, 5, NULL, 'Test order 5/5/2017', NULL, NULL, NULL, NULL, NULL, NULL, NULL, NULL, '2017-05-05 09:10:11', '2017-06-16 10:25:16', NULL, NULL, NULL, '1', NULL, NULL, NULL, NULL),
(141210, 37667, 613, 91, 244, 1, 6, 1, NULL, NULL, 1, NULL, 2, 'TEST 5-9-2017', NULL, 5, 5, 5, NULL, NULL, NULL, NULL, '1', NULL, NULL, NULL, NULL, NULL, '2017-05-09 09:56:26', NULL, NULL, NULL, NULL, '1', NULL, NULL, NULL, NULL),
(141211, 37668, 496, 75, 90, NULL, 10, 1, NULL, NULL, NULL, NULL, NULL, 'TestAcaInfo', NULL, 5, 24, 24, NULL, NULL, NULL, NULL, NULL, NULL, NULL, NULL, NULL, NULL, '2017-05-09 10:24:30', '2017-06-16 10:03:23', NULL, NULL, '1', NULL, NULL, NULL, NULL, NULL),
(141212, 37671, 204, 173, 301, NULL, NULL, NULL, NULL, NULL, NULL, NULL, 2, 'Test Position', NULL, 5, 5, 5, NULL, NULL, NULL, NULL, '1', NULL, NULL, NULL, NULL, NULL, '2017-07-14 12:43:43', NULL, NULL, NULL, NULL, NULL, '141212_r_1517242792592545.pdf', '141212_p_1517242762309618.pdf', NULL, NULL),
(141214, 37674, 613, 91, 244, 1, 5, 1, NULL, NULL, 1, NULL, 2, 'Test Sept', NULL, 5, 44, 5, NULL, NULL, 'Test 123', NULL, '1', NULL, NULL, NULL, NULL, NULL, '2017-09-07 15:14:58', NULL, NULL, NULL, NULL, '1', NULL, NULL, NULL, NULL),
(141215, 37675, 613, 91, 244, 1, 5, 1, NULL, NULL, 1, NULL, 2, 'Test', NULL, 5, 5, 5, NULL, NULL, NULL, NULL, '1', NULL, NULL, NULL, NULL, NULL, '2017-09-07 15:37:41', NULL, NULL, NULL, NULL, '1', NULL, NULL, NULL, NULL),
(141216, 37678, 204, 176, 303, 1, 6, 1, NULL, NULL, NULL, NULL, 2, 'Test', NULL, 5, 5, 5, 'These notes will show for billing report.', 'These are our internal notes (will not show for billing)', 'These notes should show up on order status report.', NULL, NULL, NULL, NULL, NULL, NULL, NULL, '2017-09-08 08:35:02', NULL, '1', '1', NULL, NULL, NULL, '141216_p_1516631896687497.pdf', NULL, NULL),
(141217, 37681, 613, 91, 244, 1, 7, 1, NULL, NULL, 1, NULL, 2, 'Test Results', NULL, 5, 5, 5, NULL, NULL, NULL, NULL, '1', NULL, NULL, NULL, NULL, '2018-06-05 12:25:05', '2017-09-22 17:45:15', '2018-06-05 12:25:05', NULL, NULL, NULL, '1', NULL, NULL, NULL, NULL),
(141218, 37682, 321, 98, 246, 1, 6, 1, 1, 1, 1, NULL, NULL, 'Test', NULL, 5, 5, 5, NULL, NULL, NULL, NULL, '1', NULL, NULL, NULL, '2017-09-29 09:48:35', '2018-04-30 11:31:25', '2018-05-23 12:44:57', NULL, NULL, NULL, NULL, NULL, NULL, NULL, NULL, NULL),
(141219, 37683, 613, 91, 244, 1, 7, 1, NULL, NULL, 1, NULL, 2, 'Test', NULL, 5, 5, 5, NULL, NULL, NULL, NULL, NULL, NULL, NULL, NULL, NULL, NULL, '2017-10-27 12:55:50', NULL, NULL, NULL, NULL, NULL, NULL, NULL, NULL, NULL),
(141220, 37688, 123, 17, 33, NULL, 4, 1, NULL, NULL, NULL, NULL, 1, 'Test', NULL, 5, 5, 5, NULL, NULL, NULL, NULL, NULL, NULL, NULL, NULL, NULL, NULL, '2018-01-29 08:36:24', NULL, NULL, NULL, NULL, '1', NULL, NULL, NULL, NULL),
(141221, 37689, 123, 17, 61, NULL, 5, 1, NULL, NULL, NULL, NULL, NULL, 'Test', NULL, 5, 5, 5, NULL, NULL, NULL, NULL, '1', NULL, NULL, NULL, NULL, NULL, '2018-01-29 10:18:36', NULL, NULL, NULL, NULL, '1', NULL, NULL, NULL, NULL),
(141222, 37690, 123, 17, 33, NULL, 4, 1, NULL, NULL, NULL, NULL, 1, 'Test', NULL, 5, 5, 5, NULL, NULL, NULL, NULL, '1', NULL, NULL, NULL, NULL, NULL, '2018-01-29 15:47:58', NULL, NULL, NULL, NULL, '1', NULL, NULL, NULL, NULL),
(141223, 37683, 613, 91, 108, 1, 5, 1, NULL, NULL, 1, NULL, 2, 'Test', NULL, 5, 5, 5, NULL, NULL, NULL, NULL, '1', NULL, NULL, NULL, NULL, NULL, '2018-02-05 14:49:24', NULL, NULL, NULL, NULL, '1', NULL, '141223_p_1523391238123870.pdf', NULL, NULL),
(141224, 37673, 304, 3, 37, NULL, NULL, NULL, NULL, NULL, NULL, NULL, 1, 'Test', NULL, 5, 5, 5, NULL, NULL, NULL, NULL, NULL, NULL, NULL, NULL, NULL, NULL, '2018-02-19 12:31:09', NULL, NULL, NULL, NULL, '1', NULL, NULL, 86, NULL),
(141226, 37671, 613, 91, 108, 1, 5, 1, NULL, NULL, 1, NULL, 2, 'Test', NULL, 5, 5, 5, NULL, NULL, NULL, NULL, '1', NULL, NULL, NULL, NULL, '2018-05-15 16:18:34', '2018-03-05 15:13:47', '2018-05-15 16:18:34', '1', NULL, NULL, '1', NULL, NULL, NULL, NULL),
(141229, 37696, 321, 54, 114, 1, 5, 1, 2, NULL, NULL, NULL, 1, 'manager', NULL, 20, 20, 20, NULL, NULL, NULL, NULL, NULL, NULL, NULL, NULL, NULL, NULL, '2018-04-12 15:47:40', NULL, NULL, NULL, NULL, NULL, NULL, NULL, NULL, NULL),
(141230, 37699, 414, 122, 202, 1, 7, 1, NULL, NULL, 1, NULL, 2, 'maanger', NULL, 20, 20, 20, NULL, NULL, NULL, NULL, NULL, NULL, NULL, NULL, NULL, NULL, '2018-04-12 15:49:39', NULL, NULL, NULL, NULL, NULL, NULL, NULL, NULL, NULL),
(141231, 37700, 615, 178, 304, 1, 10, 1, 3, 1, 1, 1, 2, 'King', NULL, 20, 20, 20, NULL, NULL, NULL, NULL, NULL, NULL, NULL, NULL, NULL, NULL, '2018-04-17 12:48:17', NULL, NULL, NULL, NULL, '1', NULL, NULL, NULL, NULL),
(141232, 37708, 140, 2, 55, 1, 5, 1, NULL, NULL, NULL, 1, 2, 'Developer', NULL, 59, 59, 59, NULL, NULL, NULL, NULL, '1', NULL, NULL, NULL, NULL, NULL, '2018-04-27 17:15:31', NULL, NULL, NULL, NULL, NULL, NULL, NULL, NULL, NULL),
(141233, 37710, 140, 2, 55, 1, 5, 1, NULL, 2, NULL, 1, 2, 'asdfas', NULL, 59, 59, 59, NULL, NULL, NULL, NULL, NULL, NULL, NULL, NULL, NULL, NULL, '2018-05-01 12:24:55', NULL, NULL, NULL, NULL, NULL, NULL, NULL, NULL, NULL),
(141234, 37712, 140, 2, 55, 1, 5, 1, NULL, NULL, NULL, 1, 2, 'Developer', NULL, 59, 59, 59, NULL, NULL, NULL, NULL, NULL, NULL, NULL, NULL, NULL, NULL, '2018-05-03 18:27:45', NULL, NULL, NULL, NULL, NULL, NULL, NULL, NULL, NULL),
(141235, 37713, 542, 122, 207, NULL, 7, 1, NULL, NULL, NULL, NULL, NULL, 'asdf', NULL, 59, 59, 59, NULL, NULL, NULL, NULL, NULL, NULL, NULL, NULL, NULL, NULL, '2018-05-03 18:56:50', NULL, NULL, NULL, NULL, NULL, NULL, NULL, NULL, NULL),
(141236, 37715, 414, 122, 202, 1, 7, 1, NULL, NULL, 1, NULL, 2, 'test', NULL, 59, 59, 59, NULL, NULL, NULL, NULL, NULL, NULL, NULL, NULL, NULL, NULL, '2018-05-04 18:22:49', NULL, NULL, NULL, NULL, NULL, NULL, NULL, NULL, NULL),
(141237, 37717, 542, 122, 207, NULL, 7, 1, NULL, NULL, NULL, NULL, NULL, 'test', NULL, 59, 59, 59, NULL, NULL, NULL, NULL, NULL, NULL, NULL, NULL, '2018-05-07 18:34:16', '2018-05-08 16:04:05', '2018-05-08 16:04:13', '2018-05-08 16:04:23', NULL, NULL, NULL, NULL, NULL, NULL, NULL, NULL),
(141238, 37719, 613, 180, 305, 1, 4, 1, 3, 1, 1, 1, 1, 'test', NULL, 59, 59, 59, NULL, NULL, NULL, NULL, NULL, NULL, NULL, NULL, NULL, NULL, '2018-05-25 13:17:02', NULL, NULL, NULL, '1', NULL, NULL, NULL, NULL, NULL),
(141239, 37720, 460, 91, 244, 1, 7, 1, NULL, NULL, 1, NULL, 2, 'test', NULL, 59, 59, 59, NULL, NULL, NULL, NULL, NULL, NULL, NULL, NULL, NULL, NULL, '2018-05-25 14:41:11', NULL, NULL, NULL, NULL, NULL, NULL, NULL, NULL, NULL);

-- --------------------------------------------------------

--
-- Estructura de tabla para la tabla `organizations`
--

CREATE TABLE `organizations` (
  `id` int(10) UNSIGNED NOT NULL,
  `name` varchar(100) NOT NULL,
  `code` varchar(10) NOT NULL,
  `is_active` char(1) DEFAULT NULL,
  `is_app_mode` char(1) DEFAULT NULL,
  `is_show_dob` char(1) DEFAULT NULL,
  `is_show_full_ssn` char(1) DEFAULT NULL,
  `msg_board` text,
  `msg_expiration` date DEFAULT NULL,
  `release_msg_subject` varchar(100) DEFAULT NULL,
  `release_msg_body` text,
  `is_ievals` char(1) DEFAULT NULL,
  `lead_db_unsub_email` varchar(100) DEFAULT NULL,
  `logo` varchar(20) DEFAULT NULL,
  `call_app_fee` tinyint(3) DEFAULT NULL,
  `rush_fee` tinyint(3) DEFAULT NULL,
  `id_verify` tinyint(3) DEFAULT NULL,
  `e_verify` tinyint(3) DEFAULT NULL,
  `is_app_receive_copy_of_report` char(1) DEFAULT NULL,
  `lists_fee` tinyint(3) DEFAULT NULL,
  `federal_crim` tinyint(3) DEFAULT NULL,
  `federal_civil` tinyint(3) DEFAULT NULL,
  `bankruptcy` tinyint(3) DEFAULT NULL,
  `empl` tinyint(3) DEFAULT NULL,
  `affiliation` tinyint(3) DEFAULT NULL,
  `internship` tinyint(3) DEFAULT NULL,
  `malpractice` tinyint(3) DEFAULT NULL,
  `lrc` tinyint(3) DEFAULT NULL,
  `mvr` tinyint(3) DEFAULT NULL,
  `ref` tinyint(3) DEFAULT NULL,
  `drug_testing` tinyint(3) DEFAULT NULL,
  `statewide_crim` tinyint(3) DEFAULT NULL,
  `county_civil` tinyint(3) DEFAULT NULL,
  `county_crim` tinyint(3) DEFAULT NULL,
  `academic` tinyint(3) DEFAULT NULL
) ENGINE=InnoDB DEFAULT CHARSET=utf8;

--
-- Volcado de datos para la tabla `organizations`
--

INSERT INTO `organizations` (`id`, `name`, `code`, `is_active`, `is_app_mode`, `is_show_dob`, `is_show_full_ssn`, `msg_board`, `msg_expiration`, `release_msg_subject`, `release_msg_body`, `is_ievals`, `lead_db_unsub_email`, `logo`, `call_app_fee`, `rush_fee`, `id_verify`, `e_verify`, `is_app_receive_copy_of_report`, `lists_fee`, `federal_crim`, `federal_civil`, `bankruptcy`, `empl`, `affiliation`, `internship`, `malpractice`, `lrc`, `mvr`, `ref`, `drug_testing`, `statewide_crim`, `county_civil`, `county_crim`, `academic`) VALUES
(1, 'St. John Providence Health System', 'sjphs', NULL, '1', NULL, NULL, NULL, NULL, 'Application Uploaded', 'Thank you for submitting your application. We will contact you if we have any questions.', NULL, NULL, NULL, NULL, NULL, NULL, NULL, '', NULL, NULL, NULL, NULL, NULL, NULL, NULL, NULL, NULL, NULL, NULL, NULL, NULL, NULL, NULL, NULL),
(2, 'Henry Ford Health System', 'hfhs', NULL, NULL, '1', NULL, NULL, NULL, 'Thank you', 'Thank you for submitting your Release of Information Authorization Form. We will contact you if we have any questions.', NULL, NULL, NULL, NULL, NULL, NULL, NULL, '', NULL, NULL, NULL, NULL, NULL, NULL, NULL, NULL, NULL, NULL, NULL, NULL, NULL, NULL, NULL, NULL),
(3, 'ProMedica Monroe Regional Hospital', 'mm', '1', NULL, NULL, NULL, NULL, NULL, 'Thank you', 'Thank you for submitting your Release of Information Authorization Form. We will contact you if we have any questions.', NULL, NULL, NULL, NULL, NULL, NULL, NULL, '', NULL, NULL, NULL, NULL, NULL, NULL, NULL, NULL, NULL, NULL, NULL, NULL, NULL, NULL, NULL, NULL),
(8, 'Henry Ford Credentialing', 'mlp', '1', NULL, NULL, NULL, NULL, NULL, 'Application Uploaded', 'Thank you for submitting your application. We will contact you if we have any questions.', NULL, NULL, NULL, NULL, NULL, NULL, NULL, '', NULL, NULL, NULL, NULL, NULL, NULL, NULL, NULL, NULL, NULL, NULL, NULL, NULL, NULL, NULL, NULL),
(9, 'Clark Hill', 'clh', '1', NULL, NULL, NULL, NULL, NULL, 'Application Uploaded', 'Thank you for submitting your application. We will contact you if we have any questions.', NULL, NULL, NULL, NULL, NULL, NULL, NULL, '', NULL, NULL, NULL, NULL, NULL, NULL, NULL, NULL, NULL, NULL, NULL, NULL, NULL, NULL, NULL, NULL),
(10, 'Royal Oak Industries', 'roi', '1', NULL, NULL, NULL, NULL, NULL, 'Application Uploaded', 'Thank you for submitting your application. We will contact you if we have any questions.', NULL, NULL, NULL, NULL, NULL, NULL, NULL, '', NULL, NULL, NULL, NULL, NULL, NULL, NULL, NULL, NULL, NULL, NULL, NULL, NULL, NULL, NULL, NULL),
(12, 'St John Corp Med Staff Svcs', 'sjc', '1', NULL, NULL, NULL, NULL, NULL, 'Application Uploaded', 'Thank you for submitting your application. We will contact you if we have any questions.', NULL, NULL, NULL, NULL, NULL, NULL, NULL, '', NULL, NULL, NULL, NULL, NULL, NULL, NULL, NULL, NULL, NULL, NULL, NULL, NULL, NULL, NULL, NULL),
(13, 'Henry Ford Volunteers and Medical Centers', 'hfv', '1', NULL, NULL, NULL, NULL, NULL, 'Application Uploaded', 'Thank you for submitting your application. We will contact you if we have any questions.', NULL, NULL, NULL, NULL, NULL, NULL, NULL, '', NULL, NULL, NULL, NULL, NULL, NULL, NULL, NULL, NULL, NULL, NULL, NULL, NULL, NULL, NULL, NULL),
(14, 'Your Company', 'dmo', '1', NULL, NULL, NULL, 'TEST ORGANIZATION MESSAGE', '2018-02-18', 'Release Uploaded', 'Thank you for submitting your Release of Information Authorization Form. We will contact you if we have any questions.', '1', NULL, '1490279486919733', 5, 7, 7, 7, '1', 5, 7, 7, 7, 7, 10, 10, 10, 5, 7, 20, 7, NULL, NULL, NULL, NULL),
(15, 'Forest Health Services', 'fhs', '1', NULL, NULL, NULL, NULL, NULL, 'Application Uploaded', 'Thank you for submitting your application. We will contact you if we have any questions.', NULL, NULL, NULL, NULL, NULL, NULL, NULL, '', NULL, NULL, NULL, NULL, NULL, NULL, NULL, NULL, NULL, NULL, NULL, NULL, NULL, NULL, NULL, NULL),
(18, 'McLaren Healthcare Corporation', 'mcl', '1', NULL, '1', '1', 'This is a message for McLaren recruiters only', '2018-06-20', 'McLaren Release Submitted', 'Thank you for submitting your information regarding  McLaren\'s background check process.  If we have any questions about this information, we will contact you.', '1', NULL, NULL, 5, 7, 7, 7, '1', 5, 7, 7, 7, 7, 15, 15, 15, 5, 7, 20, 7, NULL, NULL, NULL, NULL),
(21, 'The Fourmidable Group', 'tfg', '1', NULL, NULL, NULL, NULL, NULL, NULL, NULL, NULL, NULL, NULL, NULL, NULL, NULL, NULL, '', NULL, NULL, NULL, NULL, NULL, NULL, NULL, NULL, NULL, NULL, NULL, NULL, NULL, NULL, NULL, NULL),
(22, 'Herndonwood Associates', 'her', '1', NULL, NULL, NULL, NULL, NULL, NULL, NULL, NULL, NULL, NULL, NULL, NULL, NULL, NULL, '', NULL, NULL, NULL, NULL, NULL, NULL, NULL, NULL, NULL, NULL, NULL, NULL, NULL, NULL, NULL, NULL),
(33, 'Dietz Management', 'dtz', '1', NULL, NULL, NULL, NULL, NULL, NULL, NULL, NULL, NULL, NULL, NULL, NULL, NULL, NULL, '', NULL, NULL, NULL, NULL, NULL, NULL, NULL, NULL, NULL, NULL, NULL, NULL, NULL, NULL, NULL, NULL),
(35, 'St John Interns and Residents', 'sjir', '1', NULL, NULL, NULL, NULL, NULL, NULL, NULL, NULL, NULL, NULL, NULL, NULL, NULL, NULL, '', NULL, NULL, NULL, NULL, NULL, NULL, NULL, NULL, NULL, NULL, NULL, NULL, NULL, NULL, NULL, NULL),
(36, 'Gormans Furniture', 'gfi', '1', NULL, NULL, NULL, NULL, NULL, NULL, NULL, NULL, NULL, NULL, NULL, NULL, NULL, NULL, '', NULL, NULL, NULL, NULL, NULL, NULL, NULL, NULL, NULL, NULL, NULL, NULL, NULL, NULL, NULL, NULL),
(37, 'Botsford Hospital', 'bgh', '1', NULL, NULL, NULL, NULL, NULL, NULL, NULL, NULL, NULL, NULL, NULL, NULL, NULL, NULL, '', NULL, NULL, NULL, NULL, NULL, NULL, NULL, NULL, NULL, NULL, NULL, NULL, NULL, NULL, NULL, NULL),
(41, 'Depression and Bipolar Support Alliance', 'dbsa', '1', NULL, NULL, NULL, NULL, NULL, 'Confirmation of release form submission', 'Your online release form has been submitted.  Thank you.', NULL, NULL, NULL, NULL, NULL, NULL, NULL, '', NULL, NULL, NULL, NULL, NULL, NULL, NULL, NULL, NULL, NULL, NULL, NULL, NULL, NULL, NULL, NULL),
(42, 'The Crown Group', 'tcg', '1', NULL, NULL, NULL, NULL, NULL, NULL, NULL, NULL, NULL, NULL, NULL, NULL, NULL, NULL, '', NULL, NULL, NULL, NULL, NULL, NULL, NULL, NULL, NULL, NULL, NULL, NULL, NULL, NULL, NULL, NULL),
(45, 'Greenfield Health', 'grh', '1', NULL, NULL, NULL, NULL, NULL, NULL, NULL, NULL, NULL, NULL, NULL, NULL, NULL, NULL, '', NULL, NULL, NULL, NULL, NULL, NULL, NULL, NULL, NULL, NULL, NULL, NULL, NULL, NULL, NULL, NULL),
(46, 'JDM Systems Consultants', 'jdm', '1', NULL, NULL, NULL, NULL, NULL, NULL, NULL, NULL, NULL, NULL, NULL, NULL, NULL, NULL, '', NULL, NULL, NULL, NULL, NULL, NULL, NULL, NULL, NULL, NULL, NULL, NULL, NULL, NULL, NULL, NULL),
(47, 'North Ottawa Community Health System', 'noch', '1', NULL, '1', NULL, NULL, NULL, NULL, NULL, NULL, NULL, NULL, NULL, NULL, NULL, NULL, '', NULL, NULL, NULL, NULL, NULL, NULL, NULL, NULL, NULL, NULL, NULL, NULL, NULL, NULL, NULL, NULL),
(50, 'Beaumont Health', 'wbh', '1', NULL, NULL, NULL, 'TEST', '2016-04-14', NULL, NULL, NULL, NULL, NULL, NULL, NULL, NULL, NULL, '', NULL, NULL, NULL, NULL, NULL, NULL, NULL, NULL, NULL, NULL, NULL, NULL, NULL, NULL, NULL, NULL),
(51, 'PACE Southeast Michigan', 'pacesemi', '1', NULL, NULL, NULL, NULL, NULL, NULL, NULL, NULL, NULL, NULL, NULL, NULL, NULL, NULL, '', NULL, NULL, NULL, NULL, NULL, NULL, NULL, NULL, NULL, NULL, NULL, NULL, NULL, NULL, NULL, NULL),
(58, 'Coles Quality Foods', 'cole', '1', NULL, NULL, NULL, NULL, NULL, NULL, NULL, NULL, NULL, NULL, NULL, NULL, NULL, NULL, '', NULL, NULL, NULL, NULL, NULL, NULL, NULL, NULL, NULL, NULL, NULL, NULL, NULL, NULL, NULL, NULL),
(59, 'CEO Imaging Systems, Inc.', 'CEO', '1', NULL, NULL, '1', NULL, NULL, NULL, NULL, NULL, NULL, NULL, NULL, NULL, NULL, NULL, '', NULL, NULL, NULL, NULL, NULL, NULL, NULL, NULL, NULL, NULL, NULL, NULL, NULL, NULL, NULL, NULL),
(60, 'Greater Macomb PHO', 'gmp', '1', NULL, NULL, NULL, NULL, NULL, NULL, NULL, NULL, NULL, NULL, NULL, NULL, NULL, NULL, '', NULL, NULL, NULL, NULL, NULL, NULL, NULL, NULL, NULL, NULL, NULL, NULL, NULL, NULL, NULL, NULL),
(62, 'Phoenix Medical Group, P.C.', 'pmg', '1', NULL, NULL, '1', NULL, NULL, NULL, NULL, NULL, NULL, NULL, NULL, NULL, NULL, NULL, '', NULL, NULL, NULL, NULL, NULL, NULL, NULL, NULL, NULL, NULL, NULL, NULL, NULL, NULL, NULL, NULL),
(64, 'AFC Services, LLC', 'afc', '1', NULL, NULL, '1', NULL, NULL, 'Release Submitted', 'Thank you for submitting your information regarding  AFC Services\'s background check process.  If we have any questions about this information, we will contact you.', NULL, NULL, '1490275832421904', NULL, NULL, NULL, NULL, NULL, NULL, NULL, NULL, NULL, NULL, NULL, NULL, NULL, NULL, NULL, NULL, NULL, NULL, NULL, NULL, NULL),
(65, 'Shaheen, Jacobs and Ross, P.C.', 'sjr', '1', NULL, NULL, NULL, NULL, NULL, NULL, NULL, NULL, NULL, NULL, NULL, NULL, NULL, NULL, '', NULL, NULL, NULL, NULL, NULL, NULL, NULL, NULL, NULL, NULL, NULL, NULL, NULL, NULL, NULL, NULL),
(66, 'McLaren Volunteers', 'mcv', '1', NULL, NULL, NULL, NULL, NULL, NULL, NULL, NULL, NULL, NULL, NULL, NULL, NULL, NULL, '1', NULL, NULL, NULL, NULL, NULL, NULL, NULL, NULL, NULL, NULL, NULL, NULL, NULL, NULL, NULL, NULL),
(67, 'Emerald Hospice, LLC', 'emerald', '1', NULL, NULL, NULL, NULL, NULL, 'Thank you', 'Thank you for submitting your Release of Information Authorization Form. We will contact you if we have any questions.', NULL, NULL, NULL, NULL, NULL, NULL, NULL, '', NULL, NULL, NULL, NULL, NULL, NULL, NULL, NULL, NULL, NULL, NULL, NULL, NULL, NULL, NULL, NULL),
(68, 'Telamon Group', 'tgr', '1', NULL, NULL, NULL, NULL, NULL, NULL, NULL, NULL, NULL, NULL, NULL, NULL, NULL, NULL, '', NULL, NULL, NULL, NULL, NULL, NULL, NULL, NULL, NULL, NULL, NULL, NULL, NULL, NULL, NULL, NULL),
(70, 'Aragona Dentistry', 'ad', '1', NULL, NULL, NULL, NULL, NULL, 'Thank you', 'Thank you for completing our test. This has been a test of the emergency broadcast system. Have a marvelous wonderful jolly day!', '1', 'kulrich22@gmail.com', NULL, NULL, NULL, NULL, NULL, '', NULL, NULL, NULL, NULL, NULL, NULL, NULL, NULL, NULL, NULL, NULL, NULL, NULL, NULL, NULL, NULL),
(71, 'Argent International, Inc.', 'aii', '1', NULL, NULL, NULL, NULL, NULL, NULL, NULL, NULL, NULL, NULL, 6, 6, 6, 6, NULL, 6, 6, 6, 6, 6, 6, 6, 6, 6, 6, 6, 6, NULL, NULL, NULL, NULL),
(72, 'Bell and Howell', 'bah', '1', NULL, NULL, NULL, NULL, NULL, NULL, NULL, NULL, NULL, NULL, NULL, NULL, NULL, NULL, '', NULL, NULL, NULL, NULL, NULL, NULL, NULL, NULL, NULL, NULL, NULL, NULL, NULL, NULL, NULL, NULL),
(73, 'Corporate Clean, Inc.', 'cci', '1', NULL, NULL, NULL, NULL, NULL, NULL, NULL, NULL, NULL, NULL, NULL, NULL, NULL, NULL, '', NULL, NULL, NULL, NULL, NULL, NULL, NULL, NULL, NULL, NULL, NULL, NULL, NULL, NULL, NULL, NULL),
(74, 'Chicago Cares', 'chi', '1', NULL, NULL, NULL, NULL, NULL, NULL, NULL, NULL, NULL, NULL, NULL, NULL, NULL, NULL, '', NULL, NULL, NULL, NULL, NULL, NULL, NULL, NULL, NULL, NULL, NULL, NULL, NULL, NULL, NULL, NULL),
(75, 'Group Associates', 'gai', '1', NULL, NULL, NULL, NULL, NULL, NULL, NULL, NULL, NULL, NULL, NULL, NULL, NULL, NULL, '', NULL, NULL, NULL, NULL, NULL, NULL, NULL, NULL, NULL, NULL, NULL, NULL, NULL, NULL, NULL, NULL),
(76, 'Guilford Properties', 'gpr', '1', NULL, NULL, NULL, NULL, NULL, NULL, NULL, NULL, NULL, NULL, NULL, NULL, NULL, NULL, '', NULL, NULL, NULL, NULL, NULL, NULL, NULL, NULL, NULL, NULL, NULL, NULL, NULL, NULL, NULL, NULL),
(77, 'Holiday Enterprises', 'hol', '1', NULL, NULL, NULL, NULL, NULL, NULL, NULL, NULL, NULL, NULL, NULL, NULL, NULL, NULL, '', NULL, NULL, NULL, NULL, NULL, NULL, NULL, NULL, NULL, NULL, NULL, NULL, NULL, NULL, NULL, NULL),
(78, 'International Hardcoat', 'ihc', '1', NULL, NULL, NULL, NULL, NULL, NULL, NULL, NULL, NULL, NULL, NULL, NULL, NULL, NULL, '', NULL, NULL, NULL, NULL, NULL, NULL, NULL, NULL, NULL, NULL, NULL, NULL, NULL, NULL, NULL, NULL),
(79, 'Indian Village Manor Condominiums', 'ivm', '1', NULL, NULL, NULL, NULL, NULL, NULL, NULL, NULL, NULL, NULL, NULL, NULL, NULL, NULL, '', NULL, NULL, NULL, NULL, NULL, NULL, NULL, NULL, NULL, NULL, NULL, NULL, NULL, NULL, NULL, NULL),
(80, 'Lakeshore Communication Disorders Center', 'lcd', '1', NULL, NULL, NULL, NULL, NULL, NULL, NULL, NULL, NULL, NULL, NULL, NULL, NULL, NULL, '', NULL, NULL, NULL, NULL, NULL, NULL, NULL, NULL, NULL, NULL, NULL, NULL, NULL, NULL, NULL, NULL),
(81, 'Maid Brigade of Macomb', 'mbm', '1', NULL, NULL, NULL, NULL, NULL, NULL, NULL, NULL, NULL, NULL, NULL, NULL, NULL, NULL, '', NULL, NULL, NULL, NULL, NULL, NULL, NULL, NULL, NULL, NULL, NULL, NULL, NULL, NULL, NULL, NULL),
(82, 'Midwest Emergency Services', 'midwest', '1', NULL, NULL, NULL, NULL, NULL, NULL, NULL, NULL, NULL, NULL, NULL, NULL, NULL, NULL, '', NULL, NULL, NULL, NULL, NULL, NULL, NULL, NULL, NULL, NULL, NULL, NULL, NULL, NULL, NULL, NULL),
(83, 'Northern Equities Group', 'neg', '1', NULL, NULL, NULL, NULL, NULL, NULL, NULL, NULL, NULL, NULL, NULL, NULL, NULL, NULL, '', NULL, NULL, NULL, NULL, NULL, NULL, NULL, NULL, NULL, NULL, NULL, NULL, NULL, NULL, NULL, NULL),
(84, 'VisiCom Services, Inc.', 'visicom', '1', NULL, NULL, NULL, NULL, NULL, NULL, NULL, NULL, NULL, '1468267821498567', NULL, NULL, NULL, NULL, '', NULL, NULL, NULL, NULL, NULL, NULL, NULL, NULL, NULL, NULL, NULL, NULL, NULL, NULL, NULL, NULL),
(85, 'BCC Software', 'bcc', '1', NULL, NULL, '1', NULL, NULL, 'Thank you', 'Thank you for submitting your Release of Information Authorization Form. We will contact you if we have any questions.', NULL, NULL, NULL, NULL, NULL, NULL, NULL, '', NULL, NULL, NULL, NULL, NULL, NULL, NULL, NULL, NULL, NULL, NULL, NULL, NULL, NULL, NULL, NULL),
(86, 'iVantage Group', 'ivg', '1', NULL, NULL, '1', NULL, NULL, 'Thank you', 'Thank you for submitting your Release of Information Authorization Form. We will contact you if we have any questions.', NULL, NULL, NULL, NULL, NULL, NULL, NULL, '', NULL, NULL, NULL, NULL, NULL, NULL, NULL, NULL, NULL, NULL, NULL, NULL, NULL, NULL, NULL, NULL),
(87, 'Cirrus Group LLC', 'cgl', '1', NULL, NULL, NULL, NULL, NULL, NULL, NULL, NULL, NULL, NULL, NULL, NULL, NULL, NULL, '', NULL, NULL, NULL, NULL, NULL, NULL, NULL, NULL, NULL, NULL, NULL, NULL, NULL, NULL, NULL, NULL),
(88, 'Henry Ford Corporate', 'hfc', '1', NULL, NULL, NULL, NULL, NULL, NULL, NULL, NULL, NULL, NULL, NULL, NULL, NULL, NULL, '', NULL, NULL, NULL, NULL, NULL, NULL, NULL, NULL, NULL, NULL, NULL, NULL, NULL, NULL, NULL, NULL),
(89, 'Pioneer Specialty Hospital', 'psh', '1', NULL, NULL, '1', NULL, NULL, 'Thank you', 'Thank you for submitting your Release of Information Authorization Form. We will contact you if we have any questions.', NULL, NULL, NULL, NULL, NULL, NULL, NULL, '', NULL, NULL, NULL, NULL, NULL, NULL, NULL, NULL, NULL, NULL, NULL, NULL, NULL, NULL, NULL, NULL),
(90, 'ABM Healthcare Support Services', 'abm', '1', NULL, NULL, '1', NULL, NULL, 'Thank you', 'Thank you for submitting your Release of Information Authorization Form. We will contact you if we have any questions.', NULL, NULL, NULL, NULL, NULL, NULL, NULL, NULL, NULL, NULL, NULL, NULL, NULL, NULL, NULL, NULL, NULL, NULL, NULL, NULL, 12, 12, 12, 12),
(91, 'Health Plus', 'HP', '1', NULL, NULL, NULL, NULL, NULL, 'Thank You', 'Thank you for submitting your authorization form. Have a great day.', NULL, NULL, NULL, NULL, NULL, NULL, NULL, '', NULL, NULL, NULL, NULL, NULL, NULL, NULL, NULL, NULL, NULL, NULL, NULL, NULL, NULL, NULL, NULL),
(92, 'asdfasdfasd', '23432', '1', NULL, NULL, NULL, NULL, NULL, NULL, NULL, NULL, NULL, NULL, NULL, NULL, NULL, NULL, '', NULL, NULL, NULL, NULL, NULL, NULL, NULL, NULL, NULL, NULL, NULL, NULL, NULL, NULL, NULL, NULL),
(94, 'sfsd', 'ass', NULL, NULL, NULL, NULL, NULL, NULL, NULL, NULL, NULL, NULL, NULL, NULL, NULL, NULL, NULL, '', NULL, NULL, NULL, NULL, NULL, NULL, NULL, NULL, NULL, NULL, NULL, NULL, NULL, NULL, NULL, NULL),
(95, '+123', '123', NULL, NULL, NULL, NULL, NULL, NULL, NULL, NULL, NULL, NULL, NULL, 4, 4, 4, 5, NULL, 6, 7, 8, 9, 10, 11, 12, 13, 14, 15, 16, 17, NULL, NULL, NULL, NULL),
(100, 'asdfasdfasdf', 'ff', '1', NULL, NULL, NULL, NULL, NULL, NULL, NULL, NULL, NULL, '1490273640297723', NULL, NULL, NULL, NULL, NULL, NULL, NULL, NULL, NULL, NULL, NULL, NULL, NULL, NULL, NULL, NULL, NULL, NULL, NULL, NULL, NULL),
(101, 'sdfgsdfg', 'sdfgsdfg', '1', NULL, NULL, NULL, NULL, NULL, NULL, NULL, NULL, NULL, NULL, NULL, NULL, NULL, NULL, '', NULL, NULL, NULL, NULL, NULL, NULL, NULL, NULL, NULL, NULL, NULL, NULL, NULL, NULL, NULL, NULL),
(106, 'Organization Name', 'code', '1', NULL, NULL, NULL, NULL, NULL, 'Thank you', 'Thank you for submitting your Release of Information Authorization Form. We will contact you if we have any questions.', NULL, NULL, '1490636578539062', 5, 7, 7, 5, NULL, 5, 7, 7, 7, 7, 10, 10, 10, 5, 5, 20, 7, NULL, NULL, NULL, NULL),
(107, 'SSS', 'ABCD', '1', NULL, NULL, NULL, NULL, NULL, NULL, NULL, NULL, NULL, NULL, NULL, NULL, NULL, NULL, NULL, NULL, NULL, NULL, NULL, NULL, NULL, NULL, NULL, NULL, NULL, NULL, NULL, NULL, NULL, NULL, NULL),
(108, 'Organization #1', 'Org1', '1', NULL, NULL, NULL, NULL, NULL, NULL, NULL, NULL, NULL, NULL, NULL, NULL, NULL, NULL, NULL, NULL, NULL, NULL, NULL, NULL, NULL, NULL, NULL, NULL, NULL, NULL, NULL, NULL, NULL, NULL, NULL),
(110, 'TEST ORGANIZATION', 'TEST', '1', NULL, NULL, NULL, NULL, NULL, 'Thank you', 'Thank you for submitting your Release of Information Authorization Form. We will contact you if we have any questions.', NULL, NULL, NULL, 5, 5, 5, 5, NULL, 5, 5, 5, 5, 5, 5, 5, 5, 5, 5, 5, 5, NULL, NULL, NULL, NULL),
(111, 'System Test Company Blue', 'Blue', '1', NULL, NULL, NULL, 'Welcome System Test Blue Company!', '2018-04-01', 'Thank you!', 'We have received your release!', NULL, NULL, '1521144111472413', NULL, NULL, NULL, NULL, NULL, NULL, NULL, NULL, NULL, NULL, NULL, NULL, NULL, NULL, NULL, NULL, NULL, NULL, NULL, NULL, NULL);

-- --------------------------------------------------------

--
-- Estructura de tabla para la tabla `orgonization_billings`
--

CREATE TABLE `orgonization_billings` (
  `id` int(10) NOT NULL
) ENGINE=InnoDB DEFAULT CHARSET=utf8;

-- --------------------------------------------------------

--
-- Estructura de tabla para la tabla `packages`
--

CREATE TABLE `packages` (
  `id` int(10) UNSIGNED NOT NULL,
  `organization_id` int(10) UNSIGNED DEFAULT NULL,
  `label` varchar(100) NOT NULL,
  `price` decimal(6,2) UNSIGNED NOT NULL,
  `is_credentialing` char(1) DEFAULT NULL,
  `is_identity` char(1) DEFAULT NULL,
  `is_corrections` char(1) DEFAULT NULL,
  `is_sex_offenders` char(1) DEFAULT NULL,
  `is_oig` char(1) DEFAULT NULL,
  `is_epls` char(1) DEFAULT NULL,
  `is_federal_crim` char(1) DEFAULT NULL,
  `is_federal_civil` char(1) DEFAULT NULL,
  `is_bankruptcy` char(1) DEFAULT NULL,
  `acad` tinyint(3) UNSIGNED DEFAULT NULL,
  `state_crim` tinyint(3) UNSIGNED DEFAULT NULL,
  `county_crim` tinyint(3) UNSIGNED DEFAULT NULL,
  `county_civil` tinyint(3) UNSIGNED DEFAULT NULL,
  `empl` tinyint(3) UNSIGNED DEFAULT NULL,
  `affiliation` tinyint(3) UNSIGNED DEFAULT NULL,
  `internship` tinyint(3) UNSIGNED DEFAULT NULL,
  `malpractice` tinyint(3) UNSIGNED DEFAULT NULL,
  `lrc` tinyint(3) UNSIGNED DEFAULT NULL,
  `mvr` tinyint(3) UNSIGNED DEFAULT NULL,
  `ref` tinyint(3) UNSIGNED DEFAULT NULL,
  `comments` text,
  `is_active` char(1) DEFAULT NULL,
  `is_iref` char(1) DEFAULT NULL,
  `is_disable_email` char(1) DEFAULT NULL,
  `is_disable_sms` char(1) DEFAULT NULL,
  `drug_testing` tinyint(3) DEFAULT NULL,
  `reference_form_id` int(10) DEFAULT NULL
) ENGINE=InnoDB DEFAULT CHARSET=utf8;

--
-- Volcado de datos para la tabla `packages`
--

INSERT INTO `packages` (`id`, `organization_id`, `label`, `price`, `is_credentialing`, `is_identity`, `is_corrections`, `is_sex_offenders`, `is_oig`, `is_epls`, `is_federal_crim`, `is_federal_civil`, `is_bankruptcy`, `acad`, `state_crim`, `county_crim`, `county_civil`, `empl`, `affiliation`, `internship`, `malpractice`, `lrc`, `mvr`, `ref`, `comments`, `is_active`, `is_iref`, `is_disable_email`, `is_disable_sms`, `drug_testing`, `reference_form_id`) VALUES
(1, 15, 'Package 2', '109.00', NULL, '1', NULL, NULL, NULL, NULL, NULL, NULL, NULL, 1, 3, NULL, NULL, NULL, NULL, NULL, NULL, 1, NULL, 2, '* 3/10/2011 - added $10.00 per Tony - there is an additional LCR in this pkg. In lieu of 3 separate counties = OH state fee.  Any other county fee is a 10.00 charge.  OH State is always 15.00 for any 2nd or 3rd  name only.¥AS OF 10/2004 Price changed fro', '1', NULL, NULL, NULL, NULL, NULL),
(2, 1, 'Package 3', '103.00', NULL, '1', NULL, NULL, NULL, NULL, NULL, NULL, NULL, 1, 6, NULL, NULL, NULL, NULL, NULL, NULL, NULL, 1, 2, 'ID/CRIMINAL: SJ Lists (Corr, SexO-Nation, OIG*,EPLS*); Counties live(d) in last 7 years (up to 3 included in package price), (No MSP)\r\nREFS: Employment #1 and Employment #2 (unless stated otherwise)\r\nIf only one employer listed, mark second employer as To Be Determined, No Second Employment Provided and mark as Do Not Pursue\r\nIf supervisor not available, go to HR\r\nACA: Highest degree obtained (or relevant degree for RN, etc.); MVR', '1', NULL, NULL, NULL, NULL, NULL),
(3, 1, 'Medical Asst Pkg', '103.00', NULL, '1', NULL, NULL, NULL, NULL, NULL, NULL, NULL, 2, 6, NULL, NULL, NULL, NULL, NULL, NULL, NULL, NULL, 2, 'ID/CRIMINAL: SJ Lists (Corr, SexO-Nation, OIG*,EPLS*); Counties live(d) in last 7 years (up to 3 included in package price), (No MSP)\r\nREFS: Employment #1 and Employment #2 (unless stated otherwise)\r\nIf only one employer listed, mark second employer as To Be Determined, No Second Employment Provided and mark as Do Not Pursue\r\nIf supervisor not available, go to HR\r\nACA: HS/GED and MA Certificate of Completion', '1', NULL, NULL, NULL, NULL, NULL),
(4, 1, 'Miscellaneous', '0.00', NULL, NULL, NULL, NULL, NULL, NULL, NULL, NULL, NULL, NULL, NULL, NULL, NULL, NULL, NULL, NULL, NULL, NULL, NULL, NULL, 'Aca=$15; LCR=$15; MVR=$15; REF=$20; CRIM COUNTIES=$15\r\n(plus fees)', '1', NULL, NULL, NULL, NULL, NULL),
(5, 1, 'Package 2', '103.00', NULL, '1', NULL, NULL, NULL, NULL, NULL, NULL, NULL, 1, 6, NULL, NULL, NULL, NULL, NULL, NULL, 1, NULL, 2, 'ID/CRIMINAL: SJ Lists (Corr, SexO-Nation, OIG*,EPLS*); Counties live(d) in last 7 years (up to 3 included in package price), (No MSP)\r\nREFS: Employment #1 and Employment #2 (unless stated otherwise)\r\nIf only one employer listed, mark second employer as To Be Determined, No Second Employment Provided and mark as Do Not Pursue\r\nIf supervisor not available, go to HR\r\nACA: Highest degree obtained (or relevant degree for RN,etc.); LCR', '1', NULL, NULL, NULL, NULL, NULL),
(6, 1, 'Package 1', '90.25', NULL, '1', NULL, NULL, NULL, NULL, NULL, NULL, NULL, 1, 6, NULL, NULL, NULL, NULL, NULL, NULL, NULL, NULL, 2, 'ID/CRIMINAL: SJ Lists (Corr, SexO-Nation, OIG*,EPLS*); Counties live(d) in last 7 years (up to 3 included in package price), (No MSP)\r\nREFS: Employment #1 and Employment #2 (unless stated otherwise)\r\nIf only one employer listed, mark second employer as To Be Determined, No Second Employment Provided and mark as Do Not Pursue\r\nIf supervisor not available, go to HR\r\nACA: Highest degree obtained (or relevant degree for RN, etc.)', '1', NULL, NULL, NULL, NULL, NULL),
(7, 15, 'Package 1', '99.00', NULL, '1', NULL, NULL, NULL, NULL, NULL, NULL, NULL, 1, 1, NULL, NULL, NULL, NULL, NULL, NULL, NULL, NULL, 2, NULL, '1', NULL, NULL, NULL, NULL, NULL),
(8, 21, 'Standard', '45.00', NULL, '1', NULL, NULL, NULL, NULL, NULL, NULL, NULL, NULL, 3, NULL, NULL, NULL, NULL, NULL, NULL, NULL, NULL, NULL, 'Do not contact applicant.¥MVR if indicated.¥ID Verification or Social SearchÖ if requested.¥Contact Recruiter prior to faxing any confidential information to obtain authorization to mail or fax that information.', '1', NULL, NULL, NULL, NULL, NULL),
(9, 21, 'Out-of-Area', '55.00', NULL, '1', NULL, NULL, NULL, NULL, NULL, NULL, NULL, NULL, 3, NULL, NULL, NULL, NULL, NULL, NULL, NULL, NULL, NULL, 'Do not contact applicant.¥MVR or ID if indicated', '1', NULL, NULL, NULL, NULL, NULL),
(10, 2, 'Package 2', '110.00', NULL, '1', NULL, NULL, NULL, NULL, NULL, NULL, NULL, 1, 6, NULL, NULL, NULL, NULL, NULL, NULL, 1, NULL, 2, 'ID/Crim: MSP (if MI);  Counties live(d) in last 7 years (up to 3 counties included in package price)\r\nLists (Corr, SexO-Nation, OIG, EPLS)\r\nAca: Highest degree obtained or relevant position\r\nLCR\r\n2 Refs (HR acceptable)\r\nIf only one employment reference listed, obtain professional references (use email procedure)', NULL, NULL, NULL, NULL, NULL, NULL),
(11, 2, 'Package 3', '89.00', NULL, '1', NULL, NULL, NULL, NULL, NULL, NULL, NULL, 1, 6, NULL, NULL, NULL, NULL, NULL, NULL, 1, NULL, 1, 'ID/Crim: MSP (if MI;  Counties live(d) in last 7 years (up to 3 counties included in package price); \r\nLists (Corr, SexO-Nation, OIG, EPLS)\r\nAca: Highest degree obtained or relevant position\r\nLCR\r\n1 Ref (HR acceptable)\r\nOnly use if recruiter requests a Package 3 (with only one reference). Do not change a package 2 to a package 3 (obtain professional references using email procedure)', NULL, NULL, NULL, NULL, NULL, NULL),
(12, 2, 'Package 5', '105.00', NULL, '1', NULL, NULL, NULL, NULL, NULL, NULL, NULL, 1, 6, NULL, NULL, NULL, NULL, NULL, NULL, NULL, NULL, 2, 'ID/Crim: MSP (if MI); Counties live(d) in last 7 years (up to 3 counties included in package price); \r\nLists (Corr, SexO-Nation, OIG, EPLS)\r\nAca: Highest degree obtained or relevant position\r\n2 Refs (HR acceptable)\r\nIf only one employment reference listed, obtain professional references (use email procedure)', NULL, NULL, NULL, NULL, NULL, NULL),
(13, 2, 'Package 6', '80.00', NULL, '1', NULL, NULL, NULL, NULL, NULL, NULL, NULL, 1, 6, NULL, NULL, NULL, NULL, NULL, NULL, NULL, NULL, 1, 'ID/Crim: MSP (if MI), counties live(d) in last 7 years (up to 3 counties included in package price), Lists (Corr, SexO-Nation, OIG, EPLS)\r\nAca: Highest degree obtained or relevant position\r\n1 Ref (HR acceptable)\r\nOnly use if recruiter requests a Package 6 (with only one reference). Do not change a package 5 to a package 6 (obtain professional references using email procedure)', NULL, NULL, NULL, NULL, NULL, NULL),
(14, 2, 'Medical Assistant Package', '120.00', NULL, '1', NULL, NULL, NULL, NULL, NULL, NULL, NULL, 2, 6, NULL, NULL, NULL, NULL, NULL, NULL, NULL, NULL, 2, 'ID/Crim: MSP (if MI); Counties live(d) in last 7 years (up to 3 counties included in package price); \r\nLists (Corr, SexO-Nation, OIG, EPLS)\r\n2 Aca: HS/GED and Med Asst Cert \r\n2 Refs (HR acceptable)\r\n\r\nIf only one employment reference provided, obtain professional references (using email procedure)', '1', NULL, NULL, NULL, NULL, NULL),
(15, NULL, 'Package 1', '98.00', NULL, '1', NULL, NULL, NULL, NULL, NULL, NULL, NULL, 1, 6, NULL, NULL, NULL, NULL, NULL, NULL, NULL, NULL, 2, 'StatewideÖ Counties (up to 3)Ö Sexual OffenderÖ FederalÖ EPLS¥MATCHES BOWE BELL + HOWELL PACKAGE 3¥4/2011: old package $84 did not include statewide and federal (additional $14 plus state fee)-spoke with Barb okÜd additional $14 charge - ku¥¥12/19/05', '1', NULL, NULL, NULL, NULL, NULL),
(16, 13, 'Volunteer', '35.00', NULL, '1', NULL, NULL, NULL, NULL, NULL, NULL, NULL, NULL, 5, NULL, NULL, NULL, NULL, NULL, NULL, NULL, NULL, NULL, 'Corrections, Sex Offenders-National, Counties live(d) in last 7 years (up to 3 counties included in price, addt\'l counties extra)', '1', NULL, NULL, NULL, NULL, NULL),
(17, 21, 'Standard+MVR', '60.00', NULL, '1', NULL, NULL, NULL, NULL, NULL, NULL, NULL, NULL, 3, NULL, NULL, NULL, NULL, NULL, NULL, NULL, 1, NULL, '**Price will include an MVR 15.00Ö plus MVR fee', '1', NULL, NULL, NULL, NULL, NULL),
(18, 2, 'Miscellaneous', '0.00', NULL, NULL, NULL, NULL, NULL, NULL, NULL, NULL, NULL, NULL, NULL, NULL, NULL, NULL, NULL, NULL, NULL, NULL, NULL, NULL, 'REFS:$30; LCR:$15; ACA:$15; CRIM COUNTIES:$15; MVR:$15', '1', NULL, NULL, NULL, NULL, NULL),
(19, 18, 'Miscellaneous', '15.00', NULL, NULL, NULL, NULL, NULL, NULL, NULL, NULL, NULL, NULL, NULL, NULL, NULL, NULL, NULL, NULL, NULL, NULL, NULL, NULL, 'Request to be determined', NULL, NULL, NULL, NULL, NULL, NULL),
(20, 81, 'Standard', '30.00', NULL, '1', NULL, NULL, NULL, NULL, NULL, NULL, NULL, NULL, 3, NULL, NULL, NULL, NULL, NULL, NULL, NULL, NULL, NULL, '05/07/10 - Per Tony Increase Pkg from $20.00 - adding $ 10.00 statewide fee to SO & Corrections already done.\r\n12/22 Increase from $30 effective w/ NovemberÖ 2004 billing.', '1', NULL, NULL, NULL, NULL, NULL),
(21, 1, 'MVR Only', '15.00', NULL, NULL, NULL, NULL, NULL, NULL, NULL, NULL, NULL, NULL, NULL, NULL, NULL, NULL, NULL, NULL, NULL, NULL, 1, NULL, 'plus fee', '1', NULL, NULL, NULL, NULL, NULL),
(22, 21, 'Out-of-Area+MVR', '70.00', NULL, '1', NULL, NULL, NULL, NULL, NULL, NULL, NULL, NULL, 3, NULL, NULL, NULL, NULL, NULL, NULL, NULL, 1, NULL, '**Price will include an MVR 15.00, plus MVR fee', '1', NULL, NULL, NULL, NULL, NULL),
(23, 18, 'Professional Pkg', '52.00', NULL, '1', NULL, NULL, NULL, NULL, NULL, NULL, NULL, 1, 5, NULL, NULL, 2, NULL, NULL, NULL, 1, NULL, 1, 'EVs: Up to 2 Evs (within last 7 yrs)-(If none provided, enter \"No employment provided\", and mark as Do Not Pursue)\r\nACA: Highest degree obtained (or relevant degree)\r\nLCR\r\nREF: 1 Prof. Ref (If no refs provided, enter \"No references provided\", and mark as Do Not Pursue) \r\nID/Crim: Corrections; Counties lived in last 7 years', NULL, NULL, NULL, NULL, NULL, NULL),
(25, 72, 'Package 1', '98.00', NULL, '1', NULL, NULL, NULL, NULL, NULL, NULL, NULL, 1, 6, NULL, NULL, NULL, NULL, NULL, NULL, NULL, NULL, 2, 'StatewideÖ Counties (up to 3)Ö Sexual OffenderÖ FederalÖ EPLS¥MATCHES BOWE BELL + HOWELL PACKAGE 3¥4/2011: old package $84 did not include statewide and federal (additional $14 plus state fee)-spoke with Barb okÜd additional $14 charge - ku¥¥12/19/05', '1', NULL, NULL, NULL, NULL, NULL),
(27, 78, 'Standard', '30.00', NULL, '1', NULL, NULL, NULL, NULL, NULL, NULL, NULL, NULL, 3, NULL, NULL, NULL, NULL, NULL, NULL, NULL, NULL, NULL, NULL, '1', NULL, NULL, NULL, NULL, NULL),
(28, 1, 'ID+CRIM', '58.00', NULL, '1', NULL, NULL, NULL, NULL, NULL, NULL, NULL, NULL, 6, 2, NULL, NULL, NULL, NULL, NULL, NULL, NULL, NULL, 'ID/CRIMINAL: SJ Lists (Corr, SexO-Nation, OIG*,EPLS*); Counties live(d) in last 7 years (up to 3 included in package price), (No MSP)', '1', NULL, NULL, NULL, NULL, NULL),
(29, 10, 'Package 1', '51.00', NULL, '1', NULL, NULL, NULL, NULL, NULL, NULL, NULL, NULL, 3, NULL, NULL, NULL, NULL, NULL, NULL, NULL, NULL, NULL, '06/17/10 -  Per Tony Ö No charge for any extra statewide fees.  Any extra county over the 3Ö is an extra $10.00 feeÖ plus any incurred fees.¥12/4/2009 Per TonyÖ discount 15% ($60 changes to $51)¥$ 10.00 increase 12/13/07 per Tony¥Make sure to run State', '1', NULL, NULL, NULL, NULL, NULL),
(30, 2, 'Package 1', '125.00', NULL, '1', NULL, NULL, NULL, NULL, NULL, NULL, NULL, 1, 6, NULL, NULL, NULL, NULL, NULL, NULL, 1, NULL, 3, '11/2012: Package no longer used\r\nID/Crim: MSP (if MI); Counties live(d) in last 7 years (up to 3 counties included in price); \r\nLists (Corr, SexO-Nation, OIG, EPLS)\r\nAca: Highest degree obtained or relevant position\r\nLCR\r\n3 Refs (HR acceptable)\r\nIf 3 employment references not provided, change package to Package 2 (2 Refs) or Package 3 (1 ref)', NULL, NULL, NULL, NULL, NULL, NULL),
(31, NULL, 'Package 1', '124.00', NULL, '1', NULL, NULL, NULL, NULL, NULL, NULL, NULL, 1, 6, NULL, NULL, NULL, NULL, NULL, NULL, NULL, 1, 2, 'Price effective 6/14/2010 (adding OIG & EPLS to crim @$15) Was $109   ¥Price effective 5/1/04.  Was $99', '1', NULL, NULL, NULL, NULL, NULL),
(32, NULL, 'Package 2', '109.00', NULL, '1', NULL, NULL, NULL, NULL, NULL, NULL, NULL, 1, 6, NULL, NULL, NULL, NULL, NULL, NULL, NULL, NULL, 2, 'Price effective 6/14/2010 (adding OIG & EPLS @$15)  Was $94    bjc¥Price effective 5/1/04.  Was $84', '1', NULL, NULL, NULL, NULL, NULL),
(33, 58, 'Package 1 (ID+Crim+Ref)', '85.00', NULL, '1', NULL, NULL, NULL, NULL, NULL, NULL, NULL, NULL, 4, NULL, NULL, NULL, NULL, NULL, NULL, NULL, NULL, 1, 'Criminal - Up to 3 counties(outside of Iowa) and 1 Statewide Iowa and Sex Offenders and Corrections if applicable.', '1', NULL, NULL, NULL, NULL, NULL),
(34, 46, 'Standard', '120.00', NULL, '1', NULL, NULL, NULL, NULL, NULL, NULL, NULL, 1, 3, NULL, NULL, 2, NULL, NULL, NULL, NULL, 1, NULL, 'Aca: Highest degree obtained\r\n2 EVs (Additional EVs=$15)\r\nID/Criminal: Sex Off-National, Corrections, EPLS, OIG, Counties lived in (up to 3)\r\nMotor Vehicle Report\r\n12/2012: Add $5 to package (used to be $115) for OIG', '1', NULL, NULL, NULL, NULL, NULL),
(35, 72, 'ID+CRIM+EPLS', '35.00', NULL, '1', NULL, NULL, NULL, NULL, NULL, NULL, NULL, NULL, 6, NULL, NULL, NULL, NULL, NULL, NULL, NULL, NULL, NULL, 'Package includes 1 StatewideÖ 1 FederalÖ EPLS & up to 3 counties¥Extra charge: all fees (statewide fees) & counties over 3', '1', NULL, NULL, NULL, NULL, NULL),
(36, 2, 'Medical Assistant Package', '90.00', NULL, '1', NULL, NULL, NULL, NULL, NULL, NULL, NULL, 2, 6, NULL, NULL, NULL, NULL, NULL, NULL, NULL, NULL, 2, '11/2014 Package Update: remove counties (except Wayne) New price $90 (from $120)\r\nID/Crim: MSP (if MI); Counties live(d) in last 7 years (up to 3 counties included in package price); \r\nLists (Corr, SexO-Nation, OIG, EPLS)\r\n2 Aca: HS/GED and Med Asst Cert \r\n2 Refs (HR acceptable)\r\n\r\nIf only one employment reference provided, obtain professional references (using email procedure)', '1', NULL, NULL, NULL, NULL, NULL),
(37, 50, '1 Ref', '25.00', NULL, NULL, NULL, NULL, NULL, NULL, NULL, NULL, NULL, NULL, NULL, NULL, NULL, NULL, NULL, NULL, NULL, NULL, NULL, 1, NULL, '1', '1', '1', '1', 1, 4),
(38, 36, 'Standard', '65.00', NULL, '1', NULL, NULL, NULL, NULL, NULL, NULL, NULL, NULL, 3, NULL, NULL, NULL, NULL, NULL, NULL, NULL, 1, NULL, '1/5/05:  Standard Price was $80 w/ credit report - so', '1', NULL, NULL, NULL, NULL, NULL),
(39, 42, 'Package 4', '50.00', NULL, '1', NULL, NULL, NULL, NULL, NULL, NULL, NULL, NULL, 3, NULL, NULL, NULL, NULL, NULL, NULL, NULL, NULL, NULL, NULL, '1', NULL, NULL, NULL, NULL, NULL),
(40, 18, 'ID+Crim', '27.00', NULL, '1', NULL, NULL, NULL, NULL, NULL, NULL, NULL, NULL, 2, NULL, NULL, NULL, NULL, NULL, NULL, NULL, NULL, NULL, 'ID/Crim: Lists; Counties lived in last 7 years\r\n\r\nFor Residents: add, Federal, Nationwide-Criminal (Resident Crim $20)', '1', NULL, NULL, NULL, NULL, NULL),
(41, 2, 'Package 3', '89.00', NULL, '1', NULL, NULL, NULL, NULL, NULL, NULL, NULL, 1, 5, NULL, NULL, NULL, NULL, NULL, NULL, 1, NULL, 1, 'ID/Crim: MSP (if MI;  Counties live(d) in last 7 years (up to 3 counties included in package price); \r\nLists (Corr, SexO-Nation, OIG, EPLS)\r\nAca: Highest degree obtained or relevant position\r\nLCR\r\n1 Ref (HR acceptable)\r\nOnly use if recruiter requests a Package 3 (with only one reference). Do not change a package 2 to a package 3 (obtain professional references using email procedure)', NULL, NULL, NULL, NULL, NULL, NULL),
(42, 2, 'ID+Criminal Package', '65.00', NULL, '1', '1', '1', NULL, NULL, '1', NULL, NULL, 3, 6, NULL, NULL, NULL, NULL, NULL, NULL, NULL, NULL, NULL, 'ID/Crim: MSP (if MI);  Counties live(d) in last 7 years (up to 3 counties included in package price); \r\nLists (Corr, SexO-Nation, OIG, EPLS)', '1', NULL, NULL, NULL, NULL, NULL),
(43, 50, 'Miscellaneous', '0.00', NULL, NULL, NULL, NULL, NULL, NULL, NULL, NULL, NULL, NULL, NULL, NULL, NULL, NULL, NULL, NULL, NULL, NULL, NULL, NULL, NULL, '1', NULL, NULL, NULL, NULL, NULL),
(44, 74, 'Pkg 1', '85.00', NULL, '1', NULL, NULL, NULL, NULL, NULL, NULL, NULL, NULL, 3, NULL, NULL, NULL, NULL, NULL, NULL, NULL, NULL, 2, '2010 Crim: Sex offender, 1 County, 1 Statewide Illinois (Statewide fee extra)', '1', NULL, NULL, NULL, NULL, NULL),
(45, 73, 'Standard', '50.00', NULL, '1', NULL, NULL, NULL, NULL, NULL, NULL, NULL, NULL, 3, NULL, NULL, NULL, NULL, NULL, NULL, NULL, 1, NULL, 'Includes MSP fee (add MVR fee)', '1', NULL, NULL, NULL, NULL, NULL),
(46, 2, 'Package 2', '110.00', NULL, '1', NULL, NULL, NULL, NULL, NULL, NULL, NULL, 1, 6, NULL, NULL, NULL, NULL, NULL, NULL, 1, NULL, 2, 'ID/Crim: MSP (if MI); counties live(d) in last 7 years;\r\nLISTS (OIG, EPLS, Corrections, Sex Offender-National)\r\nAca (highest degree or relevant position)\r\nLCR\r\n2 Full Refs (HR NOT acceptable); supplemental ref list priority over application; Do not reduce number of references requested, must obtain 2 full refs (contact app for additional references if needed)', NULL, NULL, NULL, NULL, NULL, NULL),
(47, 2, 'Package 3', '89.00', NULL, '1', NULL, NULL, NULL, NULL, NULL, NULL, NULL, 1, 6, NULL, NULL, NULL, NULL, NULL, NULL, 1, NULL, 1, 'ID/Crim: MSP (if MI); Counties live(d) in last 7 years; \r\nLISTS (OIG, EPLS, Corrections, Sex Offender-National)\r\nAca: highest degree obtained or relevant position\r\nLCR\r\n1 Full Ref (HR NOT acceptable); supplemental ref list priority over application; ONLY use this package if recruiter requests Pkg 3 w/only 1 Reference (Do not reduce number of references requested), Must obtain a full ref (contact app for additional references if needed)', NULL, NULL, NULL, NULL, NULL, NULL),
(48, 2, 'Package 5', '105.00', NULL, '1', NULL, NULL, NULL, NULL, NULL, NULL, NULL, 1, 6, NULL, NULL, NULL, NULL, NULL, NULL, NULL, NULL, 2, 'ID/Crim: MSP (if MI); Counties live(d) in last 7 years;\r\nLISTS (OIG, EPLS, Corrections, Sex Offender-National)\r\nAca (highest degree or relevant position\r\n2 Full Refs (HR NOT acceptable); supplemental ref list priority over application; Do not reduce number of references, must obtain 2 full refs (contact app if needed)', NULL, NULL, NULL, NULL, NULL, NULL),
(49, 2, 'Package 6', '80.00', NULL, '1', NULL, NULL, NULL, NULL, NULL, NULL, NULL, 1, 6, NULL, NULL, NULL, NULL, NULL, NULL, NULL, NULL, 1, 'ID/Crim: MSP (if MI); Counties live(d) in last 7 years;\r\nLISTS (OIG, EPLS, Corrections, Sex Offender-National)\r\nAca: highest degree obtained or relevant position)\r\n1 Full Ref (HR NOT acceptable); supplemental ref list priority over application; ONLY use this package if recruiter requests Pkg 6 w/only 1 Reference (Do not reduce number of references requested), Must obtain a full ref (contact app for additional references if needed)', NULL, NULL, NULL, NULL, NULL, NULL),
(50, 2, '2 Refs', '60.00', NULL, NULL, NULL, NULL, NULL, NULL, NULL, NULL, NULL, NULL, NULL, NULL, NULL, NULL, NULL, NULL, NULL, NULL, NULL, 2, '2 Full Refs (HR NOT acceptable); supplemental ref list priority over application; Do not reduce number of references requested, must obtain 2 full refs (contact app for additional references if needed)\r\n\r\nNO ID NECESSARY', NULL, NULL, NULL, NULL, NULL, NULL),
(51, 2, 'ID+Criminal Package', '35.00', NULL, '1', NULL, NULL, NULL, NULL, NULL, NULL, NULL, NULL, 5, NULL, NULL, NULL, NULL, NULL, NULL, NULL, NULL, NULL, '11/2014: Updated No counties (except Wayne-MI); New Price $35 plus fees (instead of $65)\r\nID/Crim: MSP (if MI);  Counties live(d) in last 7 years (up to 3 counties included in package price); \r\nLists (Corr, SexO-Nation, OIG, EPLS)', '1', NULL, NULL, NULL, NULL, NULL),
(52, 18, 'Miscellaneous', '0.00', NULL, NULL, NULL, NULL, NULL, NULL, NULL, NULL, NULL, NULL, NULL, NULL, NULL, NULL, NULL, NULL, NULL, NULL, NULL, NULL, NULL, '1', NULL, NULL, NULL, NULL, NULL),
(53, 10, 'Package 3', '80.75', NULL, '1', NULL, NULL, NULL, NULL, NULL, NULL, NULL, 1, 3, NULL, NULL, NULL, NULL, NULL, NULL, NULL, NULL, 2, '06/17/10 -  Per Tony , No charge for any extra statewide fees.  Any extra county over the 3, is an extra $10.00 fee, plus any incurred fees.\r\n12/4/2009 Per Tony, discount 15% ($95 changes to $80.75)', '1', NULL, NULL, NULL, NULL, NULL),
(54, NULL, 'Standard', '50.00', NULL, '1', NULL, NULL, NULL, NULL, NULL, NULL, NULL, NULL, 3, NULL, NULL, NULL, NULL, NULL, NULL, NULL, NULL, NULL, NULL, '1', NULL, NULL, NULL, NULL, NULL),
(55, 71, 'Comprehensive Pkg', '95.00', NULL, '1', NULL, NULL, NULL, NULL, NULL, NULL, NULL, 1, 5, NULL, NULL, NULL, NULL, NULL, NULL, NULL, 1, 2, NULL, '1', NULL, NULL, NULL, 2, NULL),
(56, 50, '3 Refs', '75.00', NULL, NULL, NULL, NULL, NULL, NULL, NULL, NULL, NULL, NULL, NULL, NULL, NULL, NULL, NULL, NULL, NULL, NULL, NULL, 3, NULL, '1', NULL, NULL, NULL, NULL, NULL),
(57, 50, '4 Refs', '100.00', NULL, NULL, NULL, NULL, NULL, NULL, NULL, NULL, NULL, NULL, NULL, NULL, NULL, NULL, NULL, NULL, NULL, NULL, NULL, 4, NULL, '1', NULL, NULL, NULL, NULL, NULL),
(58, 9, 'Miscellaneous', '0.00', NULL, NULL, NULL, NULL, NULL, NULL, NULL, NULL, NULL, NULL, NULL, NULL, NULL, NULL, NULL, NULL, NULL, NULL, NULL, NULL, NULL, '1', NULL, NULL, NULL, NULL, NULL),
(59, 9, 'Package 1 (Attorney Package)', '135.00', NULL, '1', NULL, NULL, NULL, NULL, NULL, NULL, NULL, 2, 6, NULL, NULL, 3, NULL, NULL, NULL, 1, NULL, NULL, '1/2013: New Package- ID, Academic (all degrees, Transcript for law degree), All E/V within last 10 years EXCEPT current employer (do NOT contact current employer), All state bar licensure (active or inactive), County Criminal, County Civil, State Criminal, Federal Criminal, Federal Civil (Sex Off and Corrections, if applicable, are not charged)\r\nCivil(20), Crim(10), Aca(15), LCR(15), EV(15), ID(10)', '1', NULL, NULL, NULL, NULL, NULL),
(60, 9, 'Package 2 (Non-Attorney Package)', '95.00', NULL, '1', NULL, NULL, NULL, NULL, NULL, NULL, NULL, 1, 3, NULL, NULL, 3, NULL, NULL, NULL, NULL, NULL, NULL, '1/2013: New Package- ID, Academic (all degrees/certifications, if no college, do HS), All E/V within last 10 years EXCEPT current employer (do NOT contact current employer), County Criminal, County Civil, State Criminal, Sex Off and Corrections (if applicable)- No charge for sex off and corr\r\n8/2012: Civil searches to be added for all applicants - ku\r\nCivil(20), Crim(10), Aca(15), EV(15), ID(10)', '1', NULL, NULL, NULL, NULL, NULL),
(61, 58, 'Package 2 (ID+Crim)', '65.00', NULL, '1', NULL, NULL, NULL, NULL, NULL, NULL, NULL, NULL, 5, NULL, NULL, NULL, NULL, NULL, NULL, NULL, NULL, NULL, 'Criminal checks = counties up to 3  counties(outside of Iowa) & statewide Iowa and Sex Offenders and Corrections if MI applicant.', '1', NULL, '1', NULL, NULL, NULL),
(62, 33, 'Standard Pkg', '38.00', NULL, '1', NULL, NULL, NULL, NULL, NULL, NULL, NULL, NULL, 3, NULL, NULL, NULL, NULL, NULL, NULL, NULL, NULL, NULL, 'Add County $10', '1', NULL, NULL, NULL, NULL, NULL),
(63, 33, 'Standard+MVR', '50.00', NULL, '1', NULL, NULL, NULL, NULL, NULL, NULL, NULL, NULL, 3, NULL, NULL, NULL, NULL, NULL, NULL, NULL, 1, NULL, 'Add County $10', '1', NULL, NULL, NULL, NULL, NULL),
(64, 1, 'Package 2', '103.00', NULL, '1', NULL, NULL, NULL, NULL, NULL, NULL, NULL, 1, 6, NULL, NULL, NULL, NULL, NULL, NULL, 1, NULL, 2, 'ID/CRIMINAL: SJ Lists (Corr, SexO-Nation, OIG*,EPLS*); Counties live(d) in last 7 years (up to 3 included in package price), (No MSP)\r\nREFS: Employment #1 and Employment #2 (unless stated otherwise)\r\nIf only one employer listed, mark second employer as To Be Determined, No Second Employment Provided and mark as Do Not Pursue\r\nIf supervisor not available, go to HR\r\nACA: Highest degree obtained (or relevant degree for RN,etc.); LCR\r\n\r\n\r\n\r\n5/2011 Now called Pkg 2 (used to be Pkg 2+Aca)Ö new price $103 instead of $108.50. - ku', '1', NULL, NULL, NULL, NULL, NULL),
(65, 79, 'ID+Crim', '50.00', NULL, '1', NULL, NULL, NULL, NULL, NULL, NULL, NULL, NULL, 3, NULL, NULL, NULL, NULL, NULL, NULL, NULL, NULL, NULL, NULL, '1', NULL, NULL, NULL, NULL, NULL),
(66, 2, 'Package 4', '120.00', NULL, '1', NULL, NULL, NULL, NULL, NULL, NULL, NULL, 1, 6, NULL, NULL, NULL, NULL, NULL, NULL, NULL, NULL, 3, 'ID/Crim: MSP (if MI); counties live(d) in last 7 years; \r\nLISTS (OIG, EPLS, Corrections, Sex Offender-National)\r\nAca: Highest degree obtained or relevant position)\r\n3 Full Refs (HR NOT acceptable); supplemental ref list priority over application; Do not reduce number of references, must obtain 3 full refs (contact app for additional references if needed)', NULL, NULL, NULL, NULL, NULL, NULL),
(67, 2, 'Package 5', '105.00', NULL, '1', NULL, NULL, NULL, NULL, NULL, NULL, NULL, 1, 6, NULL, NULL, NULL, NULL, NULL, NULL, NULL, NULL, 2, 'ID/Crim: MSP (if MI); counties live(d) in last 7 years;\r\nLISTS (OIG, EPLS, Corrections, Sex Offender-National)\r\nAca (highest degree or relevant position)\r\nLCR\r\n2 Full Refs (HR NOT acceptable); supplemental ref list priority over application; Do not reduce number of references requested, must obtain 2 full refs (contact app for additional references if needed)', NULL, NULL, NULL, NULL, NULL, NULL),
(68, NULL, 'Package 1', '75.00', NULL, '1', NULL, NULL, NULL, NULL, NULL, NULL, NULL, 1, 5, NULL, NULL, NULL, NULL, NULL, NULL, NULL, NULL, NULL, 'ID, ACA (highest degree), CRIM (Sex Off, Corrections, Up to 3 counties)', '1', NULL, NULL, NULL, NULL, NULL),
(69, NULL, 'Package 1', '115.00', NULL, '1', NULL, NULL, NULL, NULL, NULL, NULL, NULL, 1, 3, NULL, NULL, NULL, NULL, NULL, NULL, NULL, NULL, 2, NULL, '1', NULL, NULL, NULL, NULL, NULL),
(70, 2, '1 Ref+Aca', '45.00', NULL, NULL, NULL, NULL, NULL, NULL, NULL, NULL, NULL, 1, NULL, NULL, NULL, NULL, NULL, NULL, NULL, NULL, NULL, 1, 'Aca: highest degree obtained (or relevant degree for RN, etc.)\r\n1 Full Ref (HR NOT acceptable); supplemental ref list priority over application; ONLY use this package if recruiter requests only 1 Reference (Do not reduce number of references requested), Must obtain a full ref (contact app for additional references if needed)\r\n\r\nNO ID NECESSARY', '1', NULL, NULL, NULL, NULL, NULL),
(71, 2, 'Package 4', '120.00', NULL, '1', NULL, NULL, NULL, NULL, NULL, NULL, NULL, 1, 6, NULL, NULL, NULL, NULL, NULL, NULL, NULL, NULL, 3, '11/2012: Package no longer used\r\nID/Crim: MSP (if MI); Counties live(d) in last 7 years (up to 3 counties included in package price); \r\nLists (Corr, SexO-Nation, OIG, EPLS)\r\nAca: Highest degree obtained or relevant position\r\n3 Refs (HR acceptable)\r\n\r\nIf 3 employment references not provided, change package to Package 5 (2 Refs) or Package 6 (1 ref)', NULL, NULL, NULL, NULL, NULL, NULL),
(72, 2, '2 Refs+Aca', '75.00', NULL, NULL, NULL, NULL, NULL, NULL, NULL, NULL, NULL, 1, NULL, NULL, NULL, NULL, NULL, NULL, NULL, NULL, NULL, 2, 'Aca (highest degree or relevant position)\r\n2 Full Refs (HR NOT acceptable); supplemental ref list priority over application; Do not reduce number of references requested, must obtain 2 full refs (contact app for additional references if needed)\r\n\r\nNO ID NECESSARY', '1', NULL, NULL, NULL, NULL, NULL),
(73, NULL, 'Standard', '45.00', NULL, '1', NULL, NULL, NULL, NULL, NULL, NULL, NULL, NULL, 3, NULL, NULL, NULL, NULL, NULL, NULL, NULL, NULL, NULL, 'cc Lisa Killinger', '1', NULL, NULL, NULL, NULL, NULL),
(74, 3, 'Package 2', '110.00', NULL, '1', NULL, NULL, NULL, NULL, NULL, NULL, NULL, 1, 7, NULL, NULL, NULL, NULL, NULL, NULL, 1, NULL, 2, 'ID/CRIM:  MSP (if MI); Counties live(d) in within the past 7 years;\r\nLISTS (Corrections, OIG, EPLS, Sex Offender-National)\r\nACA: Highest degree obtained, or most relevant to the position\r\nLCR\r\n2 References:  Must obtain 2 full refs, no HR\'s.  Start with employment, if no viable references, go to reference list.  Professional refs only, no friends or family.  Call app if alt refs are needed (use email procedure). \r\n\r\nIf a Package 2 is selected, however, no license is listed, change to a Package 5.', NULL, NULL, NULL, NULL, NULL, NULL),
(75, 3, 'Package 5', '105.00', NULL, '1', NULL, NULL, NULL, NULL, NULL, NULL, NULL, 1, 7, NULL, NULL, NULL, NULL, NULL, NULL, NULL, NULL, 2, 'ID/CRIM:  MSP (if MI); Counties live(d) in within the past 7 years;\r\nLISTS (Corrections, OIG, EPLS, Sex Offender-National)\r\nACA: Highest degree obtained, or most relevant to the position\r\n2 References:  Must obtain 2 full refs, no HR\'s.  Start with employment, if no viable references, go to reference list.  Professional refs only, no friends or family.  Call app if alt refs are needed (use email procedure). \r\n\r\nIf Package 2 is selected, however, no license is listed, change to a Package 5.', NULL, NULL, NULL, NULL, NULL, NULL),
(76, 3, 'ID+Criminal Package', '35.00', NULL, '1', NULL, NULL, NULL, NULL, NULL, NULL, NULL, NULL, 7, NULL, NULL, NULL, NULL, NULL, NULL, NULL, NULL, NULL, '11/11 Lists, MSP if MI, Wayne/OOS Counties new price 35\r\nWayne and Lucas OH included in Package if applicable, Out of state extra charge of $ 10\r\n\r\nID/CRIM:  MSP (if MI); Counties live(d) in within the past 7 years;\r\nLISTS (Corrections, OIG, EPLS, Sex Offender-National).\r\nold price 65', '1', NULL, NULL, NULL, NULL, NULL),
(77, 3, 'Miscellaneous', '0.00', NULL, NULL, NULL, NULL, NULL, NULL, NULL, NULL, NULL, NULL, NULL, NULL, NULL, NULL, NULL, NULL, NULL, NULL, NULL, NULL, NULL, '1', NULL, NULL, NULL, NULL, NULL),
(78, 3, 'Package 6', '80.00', NULL, '1', NULL, NULL, NULL, NULL, NULL, NULL, NULL, 1, 6, NULL, NULL, NULL, NULL, NULL, NULL, NULL, NULL, 1, 'ID/CRIM:  MSP (if MI); Counties live(d) in within the past 7 years;\r\nLISTS (Corrections, OIG, EPLS, Sex Offender-National)\r\nACA: Highest degree obtained, or most relevant to the position\r\nLCR\r\n1 Reference:  Must obtain 1 full ref, no HR\'s.  Start with employment, if no viable references, go to reference list.  Professional refs only, no friends or family.  Call app if alt refs are needed (use email procedure).\r\n\r\nONLY USE IF RECRUITER SELECTS PACKAGE 6 (ONLY ASKING FOR ONE REFERENCE).  Do not change a package 5 (2 Refs) to a package 6 (1 Ref).', NULL, NULL, NULL, NULL, NULL, NULL),
(79, 75, 'Package 2', '125.00', NULL, '1', NULL, NULL, NULL, NULL, NULL, NULL, NULL, 1, 3, NULL, NULL, NULL, NULL, NULL, NULL, NULL, NULL, 2, 'If no academic is requestedÖ subtract $20 from the package.', '1', NULL, NULL, NULL, NULL, NULL),
(80, 1, 'ID+Crim', '58.00', NULL, '1', NULL, NULL, NULL, NULL, NULL, NULL, NULL, NULL, 6, NULL, NULL, NULL, NULL, NULL, NULL, NULL, NULL, NULL, 'ID/CRIMINAL: SJ Lists (Corr, SexO-Nation, OIG*,EPLS*); Counties live(d) in last 7 years (up to 3 included in package price), (No MSP)', '1', NULL, NULL, NULL, NULL, NULL),
(81, 77, 'ID+Crim', '75.00', NULL, '1', NULL, NULL, NULL, NULL, NULL, NULL, NULL, NULL, 3, NULL, NULL, NULL, NULL, NULL, NULL, NULL, NULL, NULL, 'Statewide-MI if applies, Sex Offender, and Corrections\r\nFor previous orders in TRIMS, Statewide-MI fee was included (can\'t locate information on package though)', '1', NULL, NULL, NULL, NULL, NULL),
(82, 1, 'Package 1', '90.25', NULL, '1', NULL, NULL, NULL, NULL, NULL, NULL, NULL, 1, 6, NULL, NULL, NULL, NULL, NULL, NULL, NULL, NULL, 2, 'ID/CRIMINAL: SJ Lists (Corr, SexO-Nation, OIG*,EPLS*); Counties live(d) in last 7 years (up to 3 included in package price), (No MSP)\r\nREFS: Employment #1 and Employment #2 (unless stated otherwise)\r\nIf only one employer listed, mark second employer as To Be Determined, No Second Employment Provided and mark as Do Not Pursue\r\nIf supervisor not available, go to HR\r\nACA: Highest degree obtained (or relevant degree for RN, etc.)\r\n\r\n5/2011 Now called Pkg 1 (used to be Pkg 1+Aca)Ö new price $90.25 instead of $95. - ku', '1', NULL, NULL, NULL, NULL, NULL),
(83, 2, 'Package 4', '120.00', NULL, '1', NULL, NULL, NULL, NULL, NULL, NULL, NULL, 1, 6, NULL, NULL, NULL, NULL, NULL, NULL, NULL, NULL, 3, '11/2012: This package is no longer used\r\nID/Crim: MSP (if MI); Counties live(d) in last 7 years (up to 3 counties included in package price); \r\nLists (Corr, SexO-Nation, OIG, EPLS)\r\nAca: Highest degree obtained or relevant position\r\n3 Refs (HR acceptable)\r\n\r\nIf 3 employment references not provided, change package to Package 5 (2 Refs) or Package 6 (1 ref)', NULL, NULL, NULL, NULL, NULL, NULL),
(84, NULL, 'ID+CRIM+EPLS', '35.00', NULL, '1', NULL, NULL, NULL, NULL, NULL, NULL, NULL, NULL, 6, NULL, NULL, NULL, NULL, NULL, NULL, NULL, NULL, NULL, 'Package includes 1 StatewideÖ 1 FederalÖ EPLS & up to 3 counties¥Extra charge: all fees (statewide fees) & counties over 3', '1', NULL, NULL, NULL, NULL, NULL),
(85, NULL, 'Package 1', '90.25', NULL, '1', NULL, NULL, NULL, NULL, NULL, NULL, NULL, 1, 6, NULL, NULL, NULL, NULL, NULL, NULL, NULL, NULL, 2, 'ID/CRIMINAL: SJ Lists (Corr, SexO-Nation, OIG*,EPLS*); Counties live(d) in last 7 years (up to 3 included in package price), (No MSP)\r\nREFS: Employment #1 and Employment #2 (unless stated otherwise)\r\nIf only one employer listed, mark second employer as To Be Determined, No Second Employment Provided and mark as Do Not Pursue\r\nIf supervisor not available, go to HR\r\nACA: Highest degree obtained (or relevant degree for RN, etc.)', '1', NULL, NULL, NULL, NULL, NULL),
(86, NULL, 'Package 2', '103.00', NULL, '1', NULL, NULL, NULL, NULL, NULL, NULL, NULL, 1, 6, NULL, NULL, NULL, NULL, NULL, NULL, 1, NULL, 2, 'ID/CRIMINAL: SJ Lists (Corr, SexO-Nation, OIG*,EPLS*); Counties live(d) in last 7 years (up to 3 included in package price), (No MSP)\r\nREFS: Employment #1 and Employment #2 (unless stated otherwise)\r\nIf only one employer listed, mark second employer as To Be Determined, No Second Employment Provided and mark as Do Not Pursue\r\nIf supervisor not available, go to HR\r\nACA: Highest degree obtained (or relevant degree for RN,etc.); LCR', '1', NULL, NULL, NULL, NULL, NULL),
(87, NULL, 'Medical Asst Pkg', '103.00', NULL, '1', NULL, NULL, NULL, NULL, NULL, NULL, NULL, 2, 6, NULL, NULL, NULL, NULL, NULL, NULL, NULL, NULL, 2, 'ID/CRIMINAL: SJ Lists (Corr, SexO-Nation, OIG*,EPLS*); Counties live(d) in last 7 years (up to 3 included in package price), (No MSP)\r\nREFS: Employment #1 and Employment #2 (unless stated otherwise)\r\nIf only one employer listed, mark second employer as To Be Determined, No Second Employment Provided and mark as Do Not Pursue\r\nIf supervisor not available, go to HR\r\nACA: HS/GED and MA Certificate of Completion', '1', NULL, NULL, NULL, NULL, NULL),
(88, NULL, 'ID+Crim', '58.00', NULL, '1', NULL, NULL, NULL, NULL, NULL, NULL, NULL, NULL, 6, NULL, NULL, NULL, NULL, NULL, NULL, NULL, NULL, NULL, 'ID/CRIMINAL: SJ Lists (Corr, SexO-Nation, OIG*,EPLS*); Counties live(d) in last 7 years (up to 3 included in package price), (No MSP)', '1', NULL, NULL, NULL, NULL, NULL),
(89, NULL, 'Miscellaneous', '0.00', NULL, NULL, NULL, NULL, NULL, NULL, NULL, NULL, NULL, NULL, NULL, NULL, NULL, NULL, NULL, NULL, NULL, NULL, NULL, NULL, 'Aca=$15; LCR=$15; MVR=$15; REF=$20; CRIM COUNTIES=$15\r\n(plus fees)', '1', NULL, NULL, NULL, NULL, NULL),
(90, 12, 'Physician Pkg', '100.00', '1', '1', NULL, NULL, NULL, NULL, NULL, NULL, NULL, NULL, 10, NULL, NULL, NULL, NULL, NULL, NULL, NULL, NULL, NULL, 'COUNTIES (LAST 7 YRS)+OIG/EPLS/OFAC/CORRECTIONS/SEX O/FEDERAL\r\nSTATEWIDE (UP TO 3)\r\n+FEES', '1', NULL, NULL, NULL, NULL, 27),
(91, NULL, 'Package 1', '90.25', NULL, '1', NULL, NULL, NULL, NULL, NULL, NULL, NULL, 1, 6, NULL, NULL, NULL, NULL, NULL, NULL, NULL, NULL, 2, 'ID/CRIMINAL: SJ Lists (Corr, SexO-Nation, OIG*,EPLS*); Counties live(d) in last 7 years (up to 3 included in package price), (No MSP)\r\nREFS: Employment #1 and Employment #2 (unless stated otherwise)\r\nIf only one employer listed, mark second employer as To Be Determined, No Second Employment Provided and mark as Do Not Pursue\r\nIf supervisor not available, go to HR\r\nACA: Highest degree obtained (or relevant degree for RN, etc.)\r\n\r\n\r\n\r\n\r\n\r\n\r\n5/2011 Now called Pkg 1 (used to be Pkg 1+Aca)Ö new price $90.25 instead of $95. - ku', '1', NULL, NULL, NULL, NULL, NULL),
(92, 13, 'Volunteer', '35.00', NULL, '1', NULL, NULL, NULL, NULL, NULL, NULL, NULL, NULL, 5, NULL, NULL, NULL, NULL, NULL, NULL, NULL, NULL, NULL, 'CorrectionsÖ Sex OffendersÖ Counties', '1', NULL, NULL, NULL, NULL, NULL),
(93, 82, 'ID+Crim', '50.00', NULL, '1', NULL, NULL, NULL, NULL, NULL, NULL, NULL, NULL, 4, NULL, NULL, NULL, NULL, NULL, NULL, NULL, 1, NULL, 'The last ones billed also included a MVR (add MVR fee)', '1', NULL, NULL, NULL, NULL, NULL),
(94, 80, 'ID+Crim', '65.00', NULL, '1', NULL, NULL, NULL, NULL, NULL, NULL, NULL, NULL, 3, NULL, NULL, NULL, NULL, NULL, NULL, NULL, NULL, NULL, NULL, '1', NULL, NULL, NULL, NULL, NULL),
(95, 66, 'Volunteer Pkg', '35.00', NULL, '1', NULL, NULL, NULL, NULL, NULL, NULL, NULL, NULL, 4, NULL, NULL, NULL, NULL, NULL, NULL, NULL, NULL, NULL, '01/16/2014- Sex Off/Corrections and Counties(up to 7 years) \r\n6/2/2009: Per TonyÖ $9.00 per additional county', '1', NULL, NULL, NULL, NULL, NULL),
(96, 2, 'Medical Assistant Package', '90.00', NULL, '1', NULL, NULL, NULL, NULL, NULL, NULL, NULL, 2, 5, NULL, NULL, NULL, NULL, NULL, NULL, NULL, NULL, 2, '11/2014 Package Updated (removed counties except Wayne) $90 (from $120)\r\nID/Crim: MSP (if MI); Counties live(d) in last 7 years (up to 3 counties included in package price); \r\nLists (Corr, SexO-Nation, OIG, EPLS)\r\n2 Aca: HS/GED and Med Asst Cert \r\n2 Refs (HR acceptable)\r\n\r\nIf only one employment reference provided, obtain professional references (using email procedure)', '1', NULL, NULL, NULL, NULL, NULL),
(97, 8, 'MLP Package', '230.00', NULL, '1', NULL, NULL, NULL, NULL, NULL, NULL, NULL, 2, 12, NULL, NULL, 2, NULL, NULL, 2, 2, NULL, 3, 'Criminal=Federal, State and County level checks (Sexual Off, Corrections, OIG, EPLS)\r\nEmployment Verifications (Up to 5 years included in package price, but MUST do all relevant evs to the position at additional charge)\r\nLCR and Aca- Up to 2 each included in package (Add\'l LCR/Aca $10 each)\r\nMalpractice (Up to 2 included in package). Additional Malpractice $10\r\nRefs: 3 included in package (Add\'l Ref $25)\r\nE/V\'s ONLY if outside of 5 years (if applicable) ($10)', '1', NULL, NULL, NULL, NULL, NULL),
(98, 8, 'Physician Package', '100.00', NULL, '1', NULL, NULL, NULL, NULL, NULL, NULL, NULL, NULL, 10, NULL, NULL, NULL, NULL, NULL, NULL, NULL, NULL, NULL, 'INCLUDED IN PACKAGE:\r\nCOUNTIES (LAST 7 YRS)+EPLS/OFAC/SEX O/CORRECTIONS/OIG/FEDERAL\r\nSTATEWIDE (UP TO 3)\r\n+FEES\r\nTRIAGE:  ALL COUNTIES EVER LIVED IN, ALL STATES EVER LICENSED IN (IN BILLING NOTES ENUMERATE ALL COUNTIES OVER 7 YRS)', '1', NULL, NULL, NULL, NULL, NULL),
(99, NULL, 'Package 1', '51.00', NULL, '1', NULL, NULL, NULL, NULL, NULL, NULL, NULL, NULL, 3, NULL, NULL, NULL, NULL, NULL, NULL, NULL, NULL, NULL, 'Crim: Sex Off-National, Statewide-TX, Texas counties listed on release only (up to 3), any out of state counties (if applicable within last 7 years)\r\n12/4/2009 Per TonyÖ discount 15% ($60 changes to $51)¥06/17/10 -  Per Tony Ö No charge for any Texas statewide fees.  Any extra county over the 3Ö is an extra $10.00 feeÖ plus any incurred fees.  Charge for all other statewide feesÖ plus fees incurred.', '1', NULL, NULL, NULL, NULL, NULL),
(100, NULL, 'Package 1', '51.00', NULL, '1', NULL, NULL, NULL, NULL, NULL, NULL, NULL, NULL, 3, NULL, NULL, NULL, NULL, NULL, NULL, NULL, NULL, NULL, '12/4/2009 Per TonyÖ discount 15% ($60 changes to $51)¥06/17/10 -  Per Tony Ö No charge for any extra statewide fees.  Any extra county over the 3Ö is an extra $10.00 feeÖ plus any incurred fees.', '1', NULL, NULL, NULL, NULL, NULL),
(101, 10, 'Package 1', '51.00', NULL, '1', NULL, NULL, NULL, NULL, NULL, NULL, NULL, NULL, 3, NULL, NULL, NULL, NULL, NULL, NULL, NULL, NULL, NULL, '06/17/10 -  Per Tony Ö No charge for any extra statewide fees.  Any extra county over the 3Ö is an extra $10.00 feeÖ plus any incurred fees.¥12/4/2009 Per TonyÖ discount 15% ($60 changes to $51)', '1', NULL, NULL, NULL, NULL, NULL),
(102, 3, 'Medical Asst Package', '90.00', NULL, '1', NULL, NULL, NULL, NULL, NULL, NULL, NULL, 2, 7, NULL, NULL, NULL, NULL, NULL, NULL, NULL, NULL, 2, 'ID/CRIM:  MSP (if MI); Counties live(d) in within the past 7 years;\r\nLISTS (Corrections, OIG, EPLS, Sex Offender-National)\r\n2 ACA: HS and Certificate program \r\n2 References:  Must obtain 2 full refs, no HR\'s.  Start with employment, if no viable references, go to reference list.  Professional refs only, no friends or family.  Call app if alt refs are needed (use email procedure).', '1', NULL, NULL, NULL, NULL, NULL),
(103, 8, 'Update MLP Pkg', '130.00', NULL, '1', NULL, NULL, NULL, NULL, NULL, NULL, NULL, NULL, 12, NULL, NULL, NULL, NULL, NULL, NULL, NULL, NULL, 3, NULL, '1', NULL, NULL, NULL, NULL, NULL),
(104, 35, 'ECFMG/Intern', '125.00', NULL, '1', NULL, NULL, NULL, NULL, NULL, NULL, NULL, 1, 8, NULL, NULL, NULL, NULL, NULL, NULL, NULL, 1, NULL, 'Federal, EPLS, OIG, SEX OFF-National, Corrections, MSP, CRIM COUNTIES (up to 3 included in package), ECFMG, MVR', '1', NULL, NULL, NULL, NULL, NULL),
(105, 35, 'Intern', '107.00', NULL, '1', NULL, NULL, NULL, NULL, NULL, NULL, NULL, NULL, 8, NULL, NULL, NULL, NULL, NULL, NULL, NULL, 1, NULL, 'Federal, EPLS, OIG, SEX OFF-National, Corrections, MSP, CRIM COUNTIES (up to 3 included in package), MVR\r\n\r\n(These are interns for Michael Campbell that include the MVR)\r\nKim Krygier is now recruiter', '1', NULL, NULL, NULL, NULL, NULL),
(107, 18, 'Resident Pkg', '72.00', NULL, '1', NULL, NULL, NULL, NULL, NULL, NULL, NULL, 1, 5, NULL, NULL, 2, NULL, NULL, NULL, 1, NULL, 1, 'Professional Package that includes Federal, Nationwide-Criminal, and Sexual Offender-National', NULL, NULL, NULL, NULL, NULL, NULL),
(108, 14, 'Standard Package', '0.00', NULL, '1', NULL, NULL, '1', '1', NULL, NULL, NULL, 1, 1, 2, NULL, NULL, NULL, NULL, NULL, 1, NULL, 2, 'Test Package', '1', NULL, NULL, NULL, NULL, 27),
(109, 2, 'Package A', '120.00', NULL, '1', NULL, NULL, NULL, NULL, NULL, NULL, NULL, NULL, 10, NULL, NULL, 3, NULL, NULL, NULL, NULL, NULL, NULL, 'National Sex OffÖ National Criminal SearchÖ State and County LevelÖ Federal Wanted PersonsÖ Terrorist Watch List (EPLS)Ö Prison Parole and Release Files (in the nationwide search)Ö Other state agenciesÖ All Employment Verifications (for past 3 years)', NULL, NULL, NULL, NULL, NULL, NULL),
(110, 2, 'Package B', '120.00', NULL, '1', NULL, NULL, NULL, NULL, NULL, NULL, NULL, NULL, 10, NULL, NULL, 5, NULL, NULL, NULL, NULL, NULL, NULL, 'National Sex OffÖ National Criminal SearchÖ State and County LevelÖ Federal Wanted PersonsÖ Terrorist Watch List (EPLS)Ö Prison Parole and Release Files (in the nationwide search)Ö Other state agenciesÖ All Employment Verifications (for past 5 years)', NULL, NULL, NULL, NULL, NULL, NULL),
(111, 2, 'Package D', '150.00', NULL, '1', NULL, NULL, NULL, NULL, NULL, NULL, NULL, 1, 12, NULL, NULL, 5, NULL, NULL, NULL, NULL, NULL, 5, 'National Sex OffÖ National Criminal SearchÖ State and County LevelÖ Federal Wanted PersonsÖ Terrorist Watch List (EPLS)Ö Prison Parole and Release Files (in the nationwide search)Ö Other state agenciesÖ BankruptcyÖ FederalÖAll  Employment Verifications wi', NULL, NULL, NULL, NULL, NULL, NULL),
(112, 18, 'Resident Pkg', '72.00', NULL, '1', NULL, NULL, NULL, NULL, NULL, NULL, NULL, 1, 5, NULL, NULL, 2, NULL, NULL, NULL, 1, NULL, 1, 'Professional Package that includes Federal, Nationwide-Criminal, and Sexual Offender-National and Corrections (1 County included only).', NULL, NULL, NULL, NULL, NULL, NULL),
(113, 18, 'Standard Pkg', '46.00', NULL, '1', NULL, NULL, NULL, NULL, NULL, NULL, NULL, 1, 2, NULL, NULL, 2, NULL, NULL, NULL, NULL, NULL, 1, 'EVs: Up to 2 Evs (within last 7 yrs)-(If none provided, enter \"No employment provided\", and mark as Do Not Pursue)\r\nACA: Highest degree obtained (or relevant degree)\r\nREF: 1 Prof. Ref (If no refs provided, enter \"No references provided\", and mark as Do Not Pursue) \r\nID/Crim: Corrections; Counties lived in last 7 years', '1', NULL, NULL, NULL, NULL, NULL),
(114, 18, 'Standard Pkg', '46.00', NULL, '1', NULL, NULL, NULL, NULL, NULL, NULL, NULL, 1, 5, NULL, NULL, 2, NULL, NULL, NULL, NULL, NULL, 1, 'EVs: Up to 2 Evs (within last 7 yrs)-(If none provided, enter \"No employment provided\", and mark as Do Not Pursue)\r\nACA: Highest degree obtained (or relevant degree)\r\nREF: 1 Prof. Ref (If no refs provided, enter \"No references provided\", and mark as Do Not Pursue) \r\nID/Crim: Corrections; Counties lived in last 7 years', '1', NULL, NULL, NULL, NULL, NULL),
(115, 18, 'Professional Pkg', '52.00', NULL, '1', NULL, NULL, NULL, NULL, NULL, NULL, NULL, 1, 2, NULL, NULL, 2, NULL, NULL, NULL, 1, NULL, 1, 'EVs: Up to 2 Evs (within last 7 yrs)-(If none provided, enter \"No employment provided\", and mark as Do Not Pursue)\r\nACA: Highest degree obtained (or relevant degree)\r\nLCR\r\nREF: 1 Prof. Ref (If no refs provided, enter \"No references provided\", and mark as Do Not Pursue) \r\nID/Crim: Corrections; Counties lived in last 7 years', NULL, NULL, NULL, NULL, NULL, NULL),
(116, 71, 'ID+CRIM', '50.00', NULL, '1', NULL, NULL, NULL, NULL, NULL, NULL, NULL, NULL, 5, NULL, NULL, NULL, NULL, NULL, NULL, NULL, NULL, NULL, NULL, '1', '1', NULL, NULL, NULL, NULL),
(117, 22, 'Standard Package', '100.00', NULL, '1', NULL, NULL, NULL, NULL, NULL, NULL, NULL, 1, 6, NULL, NULL, NULL, NULL, NULL, NULL, NULL, 1, 2, '9/2012: OFAC (EPLS) and National Crim added to package (price changed from $90 to $100) \r\n4/25/2011: Spoke with GaryÖ he wants MVR to be included in the standard package; correctionsÖ sexual offenderÖ countiesÖ statewide-mi', '1', NULL, NULL, NULL, NULL, NULL),
(118, NULL, 'Miscellaneous', '0.00', NULL, NULL, NULL, NULL, NULL, NULL, NULL, NULL, NULL, NULL, NULL, NULL, NULL, NULL, NULL, NULL, NULL, NULL, NULL, NULL, NULL, '1', NULL, NULL, NULL, NULL, NULL),
(119, 59, 'Standard Pkg', '60.00', NULL, '1', NULL, NULL, NULL, NULL, NULL, NULL, NULL, NULL, 4, NULL, NULL, NULL, NULL, NULL, NULL, NULL, 1, NULL, 'MSP (fee included), County/Counties of Residence, MVR (County Court Fees/MVR Fees to be added)', '1', NULL, NULL, NULL, NULL, NULL),
(120, 50, '2 Refs', '50.00', NULL, NULL, NULL, NULL, NULL, NULL, NULL, NULL, NULL, NULL, NULL, NULL, NULL, NULL, NULL, NULL, NULL, NULL, NULL, 2, NULL, '1', NULL, NULL, NULL, NULL, NULL),
(121, 35, 'Intern', '100.00', NULL, '1', NULL, NULL, NULL, NULL, NULL, NULL, NULL, NULL, 8, NULL, NULL, NULL, NULL, NULL, NULL, NULL, NULL, NULL, '6/5 Per Anne, do MSP if from Michigan (no MVR needed)', '1', NULL, NULL, NULL, NULL, NULL),
(123, NULL, 'Package 1', '51.00', NULL, '1', NULL, NULL, NULL, NULL, NULL, NULL, NULL, NULL, 3, NULL, NULL, NULL, NULL, NULL, NULL, NULL, NULL, NULL, NULL, '1', NULL, NULL, NULL, NULL, NULL),
(124, 35, 'ECFMG/Intern', '100.00', NULL, '1', NULL, NULL, NULL, NULL, NULL, NULL, NULL, 1, 8, NULL, NULL, NULL, NULL, NULL, NULL, NULL, NULL, NULL, '1/2012 ECFMG FEE IS NOW $35 (Add to package cost)- ku\r\n05/2007   ECFMG FEE IS $25', '1', NULL, NULL, NULL, NULL, NULL),
(125, NULL, 'Package 4', '50.00', NULL, '1', NULL, NULL, NULL, NULL, NULL, NULL, NULL, NULL, 3, NULL, NULL, NULL, NULL, NULL, NULL, NULL, NULL, NULL, NULL, '1', NULL, NULL, NULL, NULL, NULL),
(126, 1, 'Package 3', '103.00', NULL, '1', NULL, NULL, NULL, NULL, NULL, NULL, NULL, 1, 6, NULL, NULL, NULL, NULL, NULL, NULL, NULL, 1, 2, 'ID/CRIMINAL: SJ Lists (Corr, SexO-Nation, OIG*,EPLS*); Counties live(d) in last 7 years (up to 3 included in package price), (No MSP)\r\nREFS: Employment #1 and Employment #2 (unless stated otherwise)\r\nIf only one employer listed, mark second employer as To Be Determined, No Second Employment Provided and mark as Do Not Pursue\r\nIf supervisor not available, go to HR\r\nACA: Highest degree obtained (or relevant degree for RN, etc.); MVR\r\n\r\n5/2011 - Package added 5/2011', '1', NULL, NULL, NULL, NULL, NULL),
(127, 2, 'Package 1', '125.00', NULL, '1', NULL, NULL, NULL, NULL, NULL, NULL, NULL, 1, 6, NULL, NULL, NULL, NULL, NULL, NULL, 1, NULL, 3, 'ID/Crim: MSP (if MI);  Counties live(d) in last 7 years; \r\nLists (OIG, EPLS, Corrections, Sex Offender-National)\r\nAca (highest degree or relevant position)\r\nLCR\r\n3 Full Refs (HR NOT acceptable); supplemental ref list priority over application; Do not reduce number of references requested, must obtain 3 full refs (contact app for additional references if needed)', NULL, NULL, NULL, NULL, NULL, NULL),
(128, NULL, 'ID+Crim', '45.00', NULL, '1', NULL, NULL, NULL, NULL, NULL, NULL, NULL, NULL, 3, NULL, NULL, NULL, NULL, NULL, NULL, NULL, NULL, NULL, '2/2012: Additional Items (per tony) MVR $7 plus fee; Bankruptcy $7; E/V $10 (plus fee).', '1', NULL, NULL, NULL, NULL, NULL),
(129, NULL, 'Standard', '65.00', NULL, NULL, NULL, NULL, NULL, NULL, NULL, NULL, NULL, NULL, 3, NULL, NULL, NULL, NULL, NULL, NULL, NULL, 1, NULL, 'Corrections, Sexual Offender-National, Counties (up to 3 included in package price) \r\n$65 (plus MVR Fee).  Additional crim (if applicable) $15', '1', NULL, NULL, NULL, NULL, NULL),
(130, 50, '2 Refs', '50.00', NULL, NULL, NULL, NULL, NULL, NULL, NULL, NULL, NULL, NULL, NULL, NULL, NULL, NULL, NULL, NULL, NULL, NULL, NULL, 2, 'Refs are $25 a piece', NULL, NULL, NULL, NULL, NULL, NULL),
(131, NULL, 'Package 1', '90.25', NULL, '1', NULL, NULL, NULL, NULL, NULL, NULL, NULL, 1, 6, NULL, NULL, NULL, NULL, NULL, NULL, NULL, NULL, 2, NULL, '1', NULL, NULL, NULL, NULL, NULL),
(132, 2, '1 Ref', '30.00', NULL, NULL, NULL, NULL, NULL, NULL, NULL, NULL, NULL, NULL, NULL, NULL, NULL, NULL, NULL, NULL, NULL, NULL, NULL, 1, '1 Full Ref (HR NOT acceptable); supplemental ref list priority over application; ONLY use this package if recruiter requests only 1 Reference (Do not reduce number of references requested), Must obtain a full ref (contact app for additional references if needed)\r\n\r\nNO ID NECESSARY', '1', NULL, NULL, NULL, NULL, NULL);
INSERT INTO `packages` (`id`, `organization_id`, `label`, `price`, `is_credentialing`, `is_identity`, `is_corrections`, `is_sex_offenders`, `is_oig`, `is_epls`, `is_federal_crim`, `is_federal_civil`, `is_bankruptcy`, `acad`, `state_crim`, `county_crim`, `county_civil`, `empl`, `affiliation`, `internship`, `malpractice`, `lrc`, `mvr`, `ref`, `comments`, `is_active`, `is_iref`, `is_disable_email`, `is_disable_sms`, `drug_testing`, `reference_form_id`) VALUES
(133, 2, 'Medical Assistant Package', '120.00', NULL, '1', NULL, NULL, NULL, NULL, NULL, NULL, NULL, 2, 6, NULL, NULL, NULL, NULL, NULL, NULL, NULL, NULL, 2, 'ID/Crim: MSP (if MI); Counties live(d) in last 7 years;\r\nLists (OIG, EPLS, Corrections, Sex Offender-National)\r\n2 Aca: HS/GED and Med asst Certificate\r\n2 Full Refs (HR NOT acceptable); supplemental ref list priority over application; Do not reduce number of references requested, must obtain 2 full refs (contact app for additional references if needed)', '1', NULL, NULL, NULL, NULL, NULL),
(134, 2, 'ID+Criminal Package', '65.00', NULL, '1', NULL, NULL, NULL, NULL, NULL, NULL, NULL, NULL, 6, NULL, NULL, NULL, NULL, NULL, NULL, NULL, NULL, NULL, 'ID/Crim: MSP (if MI); Counties live(d) in last 7 years;\r\nLISTS (Corrections, Sexual Offender-National, OIG, EPLS)', '1', NULL, NULL, NULL, NULL, NULL),
(135, 2, 'Package 1', '125.00', NULL, '1', NULL, NULL, NULL, NULL, NULL, NULL, NULL, 1, 6, NULL, NULL, NULL, NULL, NULL, NULL, 1, NULL, 3, '11/2012: This package is no longer used\r\nID/Crim: MSP (if MI); Counties live(d) in last 7 years (up to 3 counties included in price); \r\nLists (Corr, SexO-Nation, OIG, EPLS)\r\nAca: Highest degree obtained or relevant position\r\nLCR\r\n3 Refs (HR acceptable)\r\nIf 3 employment references not provided, change package to Package 2 (2 Refs) or Package 3 (1 ref)', NULL, NULL, NULL, NULL, NULL, NULL),
(136, NULL, 'ID+Crim', '10.00', NULL, '1', NULL, NULL, NULL, NULL, NULL, NULL, NULL, NULL, 3, NULL, NULL, NULL, NULL, NULL, NULL, NULL, NULL, NULL, 'ID, Sex Offenders, Corrections = $10; $9.00 per county (plus fees)', '1', NULL, NULL, NULL, NULL, NULL),
(137, 77, 'Miscellaneous', '0.00', NULL, NULL, NULL, NULL, NULL, NULL, NULL, NULL, NULL, NULL, NULL, NULL, NULL, NULL, NULL, NULL, NULL, NULL, NULL, NULL, NULL, '1', NULL, NULL, NULL, NULL, NULL),
(138, NULL, 'Standard Package', '55.00', NULL, '1', NULL, NULL, NULL, NULL, NULL, NULL, NULL, 1, 2, NULL, NULL, 1, NULL, NULL, NULL, NULL, NULL, 2, '08/2011:  EV=Most Recent (not Present), Criminal= Only current county (no sexual offender) and Corrections Michigan, Academic=Highest degree Obtained. (Add on EV or Aca $10, Add on County or MVR $9) (Individual EV, County, Aca $15, ID $10)', '1', NULL, NULL, NULL, NULL, NULL),
(139, 76, 'Standard', '45.00', NULL, '1', NULL, NULL, NULL, NULL, NULL, NULL, NULL, NULL, 3, NULL, NULL, NULL, NULL, NULL, NULL, NULL, NULL, NULL, NULL, '1', NULL, NULL, NULL, NULL, NULL),
(140, 76, 'Standard+MVR', '60.00', NULL, '1', NULL, NULL, NULL, NULL, NULL, NULL, NULL, NULL, 3, NULL, NULL, NULL, NULL, NULL, NULL, NULL, 1, NULL, NULL, '1', NULL, NULL, NULL, NULL, NULL),
(141, NULL, 'Standard', '45.00', NULL, '1', NULL, NULL, NULL, NULL, NULL, NULL, NULL, NULL, 3, NULL, NULL, NULL, NULL, NULL, NULL, NULL, NULL, NULL, 'Package includes:  criminal, sexual offender, corrections-for Michigan applicants', '1', NULL, NULL, NULL, NULL, NULL),
(142, NULL, 'Standard+MVR', '60.00', NULL, '1', NULL, NULL, NULL, NULL, NULL, NULL, NULL, NULL, 3, NULL, NULL, NULL, NULL, NULL, NULL, NULL, 1, NULL, 'Package includes:  criminal, sexual offender, corrections-for Michigan applicants', '1', NULL, NULL, NULL, NULL, NULL),
(143, NULL, 'ID+Crim', '45.00', NULL, '1', NULL, NULL, NULL, NULL, NULL, NULL, NULL, NULL, 3, NULL, NULL, NULL, NULL, NULL, NULL, NULL, NULL, NULL, NULL, '1', NULL, NULL, NULL, NULL, NULL),
(144, NULL, 'Package 3', '103.00', NULL, '1', NULL, NULL, NULL, NULL, NULL, NULL, NULL, 1, 6, NULL, NULL, NULL, NULL, NULL, NULL, NULL, 1, 2, NULL, NULL, NULL, NULL, NULL, NULL, NULL),
(145, NULL, 'Package 3', '103.00', NULL, '1', NULL, NULL, NULL, NULL, NULL, NULL, NULL, 1, 6, NULL, NULL, NULL, NULL, NULL, NULL, NULL, 1, 2, NULL, '1', NULL, NULL, NULL, NULL, NULL),
(146, 37, 'Licensed', '85.00', NULL, '1', NULL, NULL, NULL, NULL, NULL, NULL, NULL, 1, 7, NULL, NULL, NULL, NULL, NULL, NULL, 1, NULL, 2, 'Aca: Highest Non-Foreign Degree Obtained - If no non-US education (a certificate will work if only thing obtained in US), mark as Academic outside USA (and do not pursue)/1 LCR\r\nID/Crim: Lists (OIG, EPLS, Sex Off-National, Corrections), Counties (up to 3 included in package) No MSP\r\n2 References: If supervisor no longer there, HR is acceptable.  If we do not have two employment reference and/or professional references, we need to contact app for references (use email procedure). For references, priority goes to supervisors/academic instructors, then co-workers/peers (NO friends or relatives!!)', '1', NULL, NULL, NULL, NULL, NULL),
(147, 37, 'Standard', '80.00', NULL, '1', NULL, NULL, NULL, NULL, NULL, NULL, NULL, 1, 7, NULL, NULL, NULL, NULL, NULL, NULL, NULL, NULL, 2, 'Aca: Highest Non-Foreign Degree Obtained - If no non-US education (a certificate will work if only thing obtained in US), mark as Academic outside USA (and do not pursue)\r\nID/Crim: Lists (OIG, EPLS, Sex Off-National, Corrections), Counties (up to 3 included in package) No MSP\r\n2 References: If supervisor no longer there, HR is acceptable.  If we do not have two employment reference and/or professional references, we need to contact app for references (use email procedure). For references, priority goes to supervisors/academic instructors, then co-workers/peers (NO friends or relatives!!)', '1', NULL, NULL, NULL, NULL, NULL),
(148, 37, 'Mid Level Provider', '230.00', NULL, '1', NULL, NULL, NULL, NULL, NULL, NULL, NULL, 2, 9, NULL, NULL, 2, NULL, NULL, NULL, 2, NULL, 3, 'Federal, State and County Crim checks; EV\'s as necessary to verify five years', NULL, NULL, NULL, NULL, NULL, NULL),
(149, NULL, 'Package 2', '110.00', NULL, '1', NULL, NULL, NULL, NULL, NULL, NULL, NULL, 1, 6, NULL, NULL, NULL, NULL, NULL, NULL, 1, NULL, 2, NULL, '1', NULL, NULL, NULL, NULL, NULL),
(150, NULL, 'Package 5', '105.00', NULL, '1', NULL, NULL, NULL, NULL, NULL, NULL, NULL, 1, 6, NULL, NULL, NULL, NULL, NULL, NULL, NULL, NULL, 2, NULL, '1', NULL, NULL, NULL, NULL, NULL),
(151, NULL, 'E-Verify', '10.00', NULL, '1', NULL, NULL, NULL, NULL, NULL, NULL, NULL, NULL, NULL, NULL, NULL, NULL, NULL, NULL, NULL, NULL, NULL, NULL, NULL, '1', NULL, NULL, NULL, NULL, NULL),
(152, 72, 'E-Verify', '10.00', NULL, '1', NULL, NULL, NULL, NULL, NULL, NULL, NULL, NULL, NULL, NULL, NULL, NULL, NULL, NULL, NULL, NULL, NULL, NULL, NULL, '1', NULL, NULL, NULL, NULL, NULL),
(153, 2, 'Miscellaneous', '0.00', NULL, NULL, NULL, NULL, NULL, NULL, NULL, NULL, NULL, NULL, NULL, NULL, NULL, NULL, NULL, NULL, NULL, NULL, NULL, NULL, NULL, '1', NULL, NULL, NULL, NULL, NULL),
(154, 58, 'E-Verify', '7.00', NULL, '1', NULL, NULL, NULL, NULL, NULL, NULL, NULL, NULL, NULL, NULL, NULL, NULL, NULL, NULL, NULL, NULL, NULL, NULL, NULL, '1', NULL, NULL, NULL, NULL, NULL),
(155, 37, 'ID+Criminal', '55.00', NULL, '1', NULL, NULL, NULL, NULL, NULL, NULL, NULL, NULL, 7, NULL, NULL, NULL, NULL, NULL, NULL, NULL, NULL, NULL, 'ID/Crim: Lists (OIG, EPLS, Sex Off-National, Corrections), Counties (up to 3 included in package) No MSP', '1', NULL, NULL, NULL, NULL, NULL),
(156, 37, 'Medical Assistant', '85.00', NULL, '1', NULL, NULL, NULL, NULL, NULL, NULL, NULL, 2, 7, NULL, NULL, NULL, NULL, NULL, NULL, NULL, NULL, 2, '2 Aca: HS and Medical Asst Certificate (No foreign academic)\r\nID/Crim: Lists (OIG, EPLS, Sex Off-National, Corrections), Counties (up to 3 included in package) No MSP\r\n2 References: If supervisor no longer there, HR is acceptable.  If we do not have two employment reference and/or professional references, we need to contact app for references (use email procedure). For references, priority goes to supervisors/academic instructors, then co-workers/peers (NO friends or relatives!!)', '1', NULL, NULL, NULL, NULL, NULL),
(157, 37, 'Miscellaneous', '0.00', NULL, NULL, NULL, NULL, NULL, NULL, NULL, NULL, NULL, NULL, NULL, NULL, NULL, NULL, NULL, NULL, NULL, NULL, NULL, NULL, 'Line Items :\r\nCounty Crim/per name          $10.00*\r\nSup/Prof  ref                 $30.00\r\nE.V.                          $15.00*\r\nL/C/R                         $10.00*\r\nACA verif                     $15.00*\r\nMVR                           $10.00*\r\nRUSH                          $15.00\r\n             * indicates fee', '1', NULL, NULL, NULL, NULL, NULL),
(158, 18, 'ID+Crim', '27.00', NULL, '1', NULL, NULL, NULL, NULL, NULL, NULL, NULL, NULL, 2, NULL, NULL, NULL, NULL, NULL, NULL, NULL, NULL, NULL, 'ID/Crim: Corrections; Counties lived in last 7 years', NULL, NULL, NULL, NULL, NULL, NULL),
(159, 50, 'Academic', '20.00', NULL, NULL, NULL, NULL, NULL, NULL, NULL, NULL, NULL, 1, NULL, NULL, NULL, NULL, NULL, NULL, NULL, NULL, NULL, NULL, NULL, '1', NULL, NULL, NULL, NULL, NULL),
(160, 18, 'ID+Crim', '27.00', NULL, '1', NULL, NULL, NULL, NULL, NULL, NULL, NULL, NULL, 2, NULL, NULL, NULL, NULL, NULL, NULL, NULL, NULL, NULL, NULL, '1', NULL, NULL, NULL, NULL, NULL),
(161, 82, '2 Ref Pkg+MVR', '100.00', NULL, '1', NULL, NULL, NULL, NULL, NULL, NULL, NULL, 1, 5, NULL, NULL, NULL, NULL, NULL, NULL, NULL, 1, 2, '7/5/2012: Per Susan, she does not want professional references done (no co-workers, colleagues, etc). If we can\'t obtain the supervisory reference, contact HR (like St John is set up)', '1', NULL, NULL, NULL, NULL, 1),
(162, NULL, 'RefPack1', '90.00', NULL, '1', NULL, NULL, NULL, NULL, NULL, NULL, NULL, 1, 5, NULL, NULL, NULL, NULL, NULL, NULL, NULL, NULL, 2, 'DO NOT CALL APP - CALL MARIA IF INFO IS NEEDED \r\nID, 1 Supervisory Ref from Employment History(if not go to HR), 1 Professional Reference, 1 Academic Verification (highest degree), 1 County (only current county including alias), Statewide (only current state including alias), Corrections, EPLS, Sex Off-National.\r\nAdd any county(s) OUTSIDE of current state within last 7 years \r\n\r\nBilling: All fees extra; Additional Counties $10', '1', NULL, NULL, NULL, NULL, NULL),
(163, NULL, 'CRNA Package', '130.00', NULL, '1', NULL, NULL, NULL, NULL, NULL, NULL, NULL, 1, 6, NULL, NULL, NULL, NULL, NULL, NULL, NULL, 1, 2, '2 Academic Verifications (BSN, MSN), 2 License (RN, CRNA), 2 Supervisory References (if no, go to HR), Lists (Corrections, EPLS, OIG, Sex Off-Nation), Statewide (current residence), County (current residence with alias)\r\nAdditional County OUTSIDE of current state $10; Add all fees', '1', NULL, NULL, NULL, NULL, NULL),
(164, NULL, 'Package 1', '99.00', NULL, '1', NULL, NULL, NULL, NULL, NULL, NULL, NULL, 1, 3, NULL, NULL, NULL, NULL, NULL, NULL, NULL, NULL, 2, 'ID/Criminal: there is no Statewide-AZ (counties need to be entered instead)\r\nSex Off-National\r\nAca: highest degree obtained \r\n2 References (prefer full refs, not EVs)', '1', NULL, NULL, NULL, NULL, NULL),
(165, NULL, 'Package 2', '109.00', NULL, '1', NULL, NULL, NULL, NULL, NULL, NULL, NULL, 1, 3, NULL, NULL, NULL, NULL, NULL, NULL, 1, NULL, 2, 'ID/Criminal: there is no Statewide-AZ (counties need to be entered instead)\r\nSex Off-National\r\nAca: highest degree obtained (or relevant degree for RN or other professional positions)\r\nLCR\r\n2 References (prefer full refs, not EVs)', '1', NULL, NULL, NULL, NULL, NULL),
(166, 70, 'ID+Crim', '50.00', NULL, '1', NULL, NULL, NULL, NULL, NULL, NULL, NULL, NULL, 3, NULL, NULL, NULL, NULL, NULL, NULL, NULL, NULL, NULL, 'Corr, Sex Off-National, Statewide', '1', NULL, NULL, NULL, NULL, NULL),
(168, 70, 'Basic Package', '90.00', NULL, '1', NULL, NULL, NULL, NULL, NULL, NULL, NULL, NULL, 3, NULL, NULL, NULL, NULL, NULL, NULL, NULL, NULL, 2, 'ID + Crim (Corr, Sex Off-National, Statewide)+ 2 Refs', '1', NULL, NULL, NULL, NULL, NULL),
(169, 15, 'ID+Crim', '0.00', NULL, '1', NULL, NULL, NULL, NULL, NULL, NULL, NULL, NULL, 3, NULL, NULL, NULL, NULL, NULL, NULL, NULL, NULL, NULL, NULL, '1', NULL, NULL, NULL, NULL, NULL),
(170, 10, 'Package 2', '63.75', NULL, '1', NULL, NULL, NULL, NULL, NULL, NULL, NULL, 1, 6, NULL, NULL, NULL, NULL, NULL, NULL, NULL, NULL, NULL, NULL, '1', NULL, NULL, NULL, NULL, NULL),
(171, 50, '1 Ref', '25.00', NULL, NULL, NULL, NULL, NULL, NULL, NULL, NULL, NULL, NULL, NULL, NULL, NULL, NULL, NULL, NULL, NULL, NULL, NULL, 1, '10/14/14 Price change to $ 25 per Tony', '1', NULL, NULL, NULL, NULL, NULL),
(172, 50, '3 Refs', '75.00', NULL, NULL, NULL, NULL, NULL, NULL, NULL, NULL, NULL, NULL, NULL, NULL, NULL, NULL, NULL, NULL, NULL, NULL, NULL, 3, '10/14/14 Price change to $ 75 per Tony', '1', NULL, NULL, NULL, NULL, NULL),
(173, 3, 'MLP Package', '230.00', NULL, '1', NULL, NULL, NULL, NULL, NULL, NULL, NULL, 2, 12, NULL, NULL, 2, NULL, NULL, NULL, 2, NULL, 3, NULL, '1', NULL, NULL, NULL, NULL, NULL),
(174, 50, '2 Refs', '50.00', NULL, NULL, NULL, NULL, NULL, NULL, NULL, NULL, NULL, NULL, NULL, NULL, NULL, NULL, NULL, NULL, NULL, NULL, NULL, 2, '10/14/14 price change to $ 25 per Tony', NULL, NULL, NULL, NULL, NULL, NULL),
(175, 41, 'ID+Crim', '55.00', NULL, '1', NULL, NULL, NULL, NULL, NULL, NULL, NULL, NULL, 2, NULL, NULL, NULL, NULL, NULL, NULL, NULL, NULL, NULL, 'Nationwide Sex Offender Search and \r\n1 Statewide Criminal Record Check in Illinois, Indiana, Michigan or Wisconsin Included in Package Price (Including Court Fee)', '1', NULL, NULL, NULL, NULL, NULL),
(176, 21, 'MVR Only', '15.00', NULL, NULL, NULL, NULL, NULL, NULL, NULL, NULL, NULL, NULL, NULL, NULL, NULL, NULL, NULL, NULL, NULL, NULL, 1, NULL, NULL, '1', NULL, NULL, NULL, NULL, NULL),
(177, NULL, 'Package 3', '103.00', NULL, '1', NULL, NULL, NULL, NULL, NULL, NULL, NULL, 1, 6, NULL, NULL, NULL, NULL, NULL, NULL, NULL, 1, 2, 'ID/CRIMINAL: SJ Lists (Corr, SexO-Nation, OIG*,EPLS*); Counties live(d) in last 7 years (up to 3 included in package price), (No MSP)\r\nREFS: Employment #1 and Employment #2 (unless stated otherwise)\r\nIf only one employer listed, mark second employer as To Be Determined, No Second Employment Provided and mark as Do Not Pursue\r\nIf supervisor not available, go to HR\r\nACA: Highest degree obtained (or relevant degree for RN, etc.); MVR', '1', NULL, NULL, NULL, NULL, NULL),
(178, NULL, 'Package 1', '65.00', NULL, '1', NULL, NULL, NULL, NULL, NULL, NULL, NULL, NULL, 3, NULL, NULL, NULL, NULL, NULL, NULL, NULL, 1, NULL, 'Up to 3 counties, National Sex Off, Corrections, MVR (court fees and MVR state fee extra)', '1', NULL, NULL, NULL, NULL, NULL),
(179, NULL, 'Out-of-Area+MVR', '70.00', NULL, '1', NULL, NULL, NULL, NULL, NULL, NULL, NULL, NULL, 3, NULL, NULL, NULL, NULL, NULL, NULL, NULL, 1, NULL, '**Price will include an MVR 15.00, plus MVR fee', '1', NULL, NULL, NULL, NULL, NULL),
(180, NULL, 'Out-of-Area', '55.00', NULL, '1', NULL, NULL, NULL, NULL, NULL, NULL, NULL, NULL, 3, NULL, NULL, NULL, NULL, NULL, NULL, NULL, NULL, NULL, NULL, '1', NULL, NULL, NULL, NULL, NULL),
(181, NULL, 'Non-Licensed Package', '100.00', NULL, '1', NULL, NULL, NULL, NULL, NULL, NULL, NULL, 1, 8, NULL, NULL, NULL, NULL, NULL, NULL, NULL, NULL, 2, 'OIG, EPLS, Corrections, Sex Off-National, Statewide-MI (add fee to pkg), Counties (up to 3)', '1', NULL, NULL, NULL, NULL, NULL),
(182, NULL, 'Licensed Package', '110.00', NULL, '1', NULL, NULL, NULL, NULL, NULL, NULL, NULL, 1, 8, NULL, NULL, NULL, NULL, NULL, NULL, 1, NULL, 2, 'OIG, EPLS, Corrections, Sex Off-National, Statewide-MI (add fee to pkg), Counties (up to 3)', '1', NULL, NULL, NULL, NULL, NULL),
(183, NULL, 'ID+Crim Package', '60.00', NULL, '1', NULL, NULL, NULL, NULL, NULL, NULL, NULL, NULL, 8, NULL, NULL, NULL, NULL, NULL, NULL, NULL, NULL, NULL, 'OIG, EPLS, Corrections, Sex Off-National, Statewide-MI (add fee to pkg), Counties (up to 3)', '1', NULL, NULL, NULL, NULL, NULL),
(184, NULL, 'Medical Asst Package', '110.00', NULL, '1', NULL, NULL, NULL, NULL, NULL, NULL, NULL, 2, 8, NULL, NULL, NULL, NULL, NULL, NULL, NULL, NULL, 2, 'OIG, EPLS, Corrections, Sex Off-National, Statewide-MI (add fee to pkg), Counties (up to 3)\r\n\r\nAca: Medical Assistant Certificate + HS (or highest degree)', '1', NULL, NULL, NULL, NULL, NULL),
(185, 50, 'LCR Only', '20.00', NULL, NULL, NULL, NULL, NULL, NULL, NULL, NULL, NULL, NULL, NULL, NULL, NULL, NULL, NULL, NULL, NULL, 1, NULL, NULL, 'PTCB fee is included in $20 price', '1', NULL, NULL, NULL, NULL, NULL),
(186, 50, 'Foreign Academic', '110.00', NULL, NULL, NULL, NULL, NULL, NULL, NULL, NULL, NULL, 1, NULL, NULL, NULL, NULL, NULL, NULL, NULL, NULL, NULL, NULL, NULL, '1', NULL, NULL, NULL, NULL, NULL),
(187, 50, 'Domestic Academic', '20.00', NULL, NULL, NULL, NULL, NULL, NULL, NULL, NULL, NULL, 1, NULL, NULL, NULL, NULL, NULL, NULL, NULL, NULL, NULL, NULL, NULL, '1', NULL, NULL, NULL, NULL, NULL),
(188, 78, 'Miscellaneous', '0.00', NULL, NULL, NULL, NULL, NULL, NULL, NULL, NULL, NULL, NULL, NULL, NULL, NULL, NULL, NULL, NULL, NULL, NULL, NULL, NULL, NULL, '1', NULL, NULL, NULL, NULL, NULL),
(189, 45, 'Physician Package (ID+Crim Only)', '125.00', NULL, '1', NULL, NULL, NULL, NULL, NULL, NULL, NULL, NULL, 12, NULL, NULL, NULL, NULL, NULL, NULL, NULL, NULL, NULL, '-ID\r\n-Crim: Counties (last 10 years), Statewide (up to 3 included), Federal Crim, Lists\r\n+FEES\r\nDo not contact app - keep id in process (just like HF Physicians)', '1', NULL, NULL, NULL, NULL, NULL),
(190, 45, 'MLP Package', '230.00', NULL, '1', NULL, NULL, NULL, NULL, NULL, NULL, NULL, 2, NULL, NULL, NULL, 2, NULL, NULL, 2, 2, NULL, 3, 'CRIM: UP TO 3 COUNTIES, 1 STATEWIDE, FEDERAL CRIM,SEX O, CORRECTIONS,OIG,EPLS,OFAC\r\nUP TO 2 EV\'S AND 2 MALPRACTICE \r\n+FEES', '1', NULL, NULL, NULL, NULL, NULL),
(191, 18, 'TRC Physician Criminal Only', '185.00', NULL, '1', NULL, NULL, NULL, NULL, NULL, NULL, NULL, NULL, 6, NULL, NULL, NULL, NULL, NULL, NULL, NULL, NULL, NULL, 'ID, Counties (last 10 years-Up to 3), Statewide criminal check (Last 10 years-up to 3 states),Civil Checks (up to 3-last 10 yrs), Federal, Corrections, Sex Off-National, OIG, EPLS,OFAC\r\n\r\nReferences are $30 each', '1', NULL, NULL, NULL, NULL, NULL),
(192, 8, 'MLP Criminal Only', '100.00', NULL, '1', NULL, NULL, NULL, NULL, NULL, NULL, NULL, NULL, 10, NULL, NULL, NULL, NULL, NULL, NULL, NULL, NULL, NULL, NULL, '1', NULL, NULL, NULL, NULL, NULL),
(193, 2, 'TRC Mid Level Provider Package', '230.00', NULL, '1', NULL, NULL, NULL, NULL, NULL, NULL, NULL, 2, 8, NULL, NULL, 2, NULL, NULL, 2, 2, NULL, 3, 'ID/Counties within last 7 years (2 included in package); Statewide (1); Corr, OIG/EPLS, Sex Off-Nation, Federal\r\nLCR and Aca- Up to 2 each included in package\r\nE/V\'s and Malpractice- Up to 2 within last 5 years included in package\r\nRefs- Up to 3 included in package', NULL, NULL, NULL, NULL, NULL, NULL),
(194, 47, 'Non-Licensed Package', '115.00', NULL, '1', NULL, NULL, NULL, NULL, NULL, NULL, NULL, NULL, 7, NULL, NULL, 1, NULL, NULL, NULL, NULL, NULL, 2, '10/2014: Academic removed from package (if they want academic, they will request it in the notes) and updated price from $125 to $115 (if academic is requested, it adds $10 plus fees\r\nID/Crim: Counties (up to 2 within last 7 years), Statewide (1), Corrections, Sex Off-National, OIG, EPLS\r\nPeer References: Up to 2\r\nEmployment Verification: (1) Current or most recent within last 5 years', NULL, NULL, NULL, NULL, NULL, NULL),
(195, 47, 'Physician Package', '300.00', NULL, '1', NULL, NULL, NULL, NULL, NULL, NULL, NULL, 1, 6, NULL, NULL, NULL, NULL, NULL, NULL, 2, NULL, 2, 'ID/Crim: Counties within last 7 years, Statewide (Up to 3 included in package, additional Statewides $15), Federal,  Corrections, Sex Off-National, OIG, EPLS\r\nSupervisory or Peer References: (Up to 3)\r\nEmployment Verification: EVs within last 5 years (Up to 2 included in package, additional EVs $30) \r\nProfessional Liability Insurance: Malpractice within last 5 years (Up to 2 included in package, additional Malpractice $30)\r\nLCR', NULL, NULL, NULL, NULL, NULL, NULL),
(196, 47, 'TRC ID+Criminal (Criminal Only)', '35.00', NULL, '1', NULL, NULL, NULL, NULL, NULL, NULL, NULL, NULL, 7, NULL, NULL, NULL, NULL, NULL, NULL, NULL, NULL, NULL, '11/11 Lists, MSP + Wayne or Out-of State Counties\r\nID/Crim: Counties (up to 2 within last 7 years), Statewide (1), Corrections, Sex Off-National, OIG, EPLS\r\nOld price 65, new price 35', '1', NULL, NULL, NULL, NULL, NULL),
(197, 47, 'Physician Package (Criminal Only)', '100.00', NULL, '1', NULL, NULL, NULL, NULL, NULL, NULL, NULL, NULL, 12, NULL, NULL, NULL, NULL, NULL, NULL, NULL, NULL, NULL, 'ID/Crim: Counties within last 7 years, Statewide (Up to 3 included in package, additional Statewides $15), Federal, Corrections, Sex Off-National, OIG, EPLS', NULL, NULL, NULL, NULL, NULL, NULL),
(198, 47, 'Provider Package (Mid Levels)', '230.00', NULL, '1', NULL, NULL, NULL, NULL, NULL, NULL, NULL, 2, 8, NULL, NULL, 2, NULL, NULL, 2, 2, NULL, 3, 'ID/Crim: Counties (up to 2 within last 7 years), Statewide (1 included in package, additional Statewide $15), Federal,  Corrections, Sex Off-National, OIG, EPLS\r\nAcademic: (up to 2) Bachelors and Masters; LCR (Up to 2)\r\nSupervisory or Peer References: (Up to 3)\r\nEmployment Verification: EVs within last 5 years (Up to 2 included in package, additional EVs $30)  \r\nProfessional Liability Insurance: Malpractice within last 5 years (Up to 2 included in package, additional Malpractice $30)', '1', NULL, NULL, NULL, NULL, NULL),
(199, 47, 'Resident Package', '115.00', NULL, '1', NULL, NULL, NULL, NULL, NULL, NULL, NULL, 1, 9, NULL, NULL, NULL, NULL, NULL, NULL, NULL, NULL, NULL, 'ID/Crim: Counties within last 7 years, Statewide, Federal, Corrections, Sex Off-National, OIG, EPLS\r\nAcademic: ECFMG (For Non US Medical School Grads)/Medical School(US)', NULL, NULL, NULL, NULL, NULL, NULL),
(200, 46, 'Miscellaneous', '0.00', NULL, NULL, NULL, NULL, NULL, NULL, NULL, NULL, NULL, NULL, NULL, NULL, NULL, NULL, NULL, NULL, NULL, NULL, NULL, NULL, NULL, '1', NULL, NULL, NULL, NULL, NULL),
(201, 47, 'Licensed Package', '120.00', NULL, '1', NULL, NULL, NULL, NULL, NULL, NULL, NULL, NULL, 7, NULL, NULL, 1, NULL, NULL, NULL, 1, NULL, 2, '10/2014: Academic removed from package (if they want academic, they will request it in the notes) and updated price from $130 to $120 (if academic is requested, it adds $10 plus fees\r\nID/Crim: Counties (up to 2 within last 7 years), Statewide (1), Corrections, Sex Off-National, OIG, EPLS\r\nAcademic: (1) Highest degree obtained (or relevant position such as RN)NOTE: The client wants certificate, not HS verification (for CNA, EKG, etc.)\r\nLCR (1)\r\nPeer References: Up to 2\r\nEmployment Verification: (1) Current or most recent within last 5 years', NULL, NULL, NULL, NULL, NULL, NULL),
(202, 2, 'Licensed Package (Pkg 2)', '110.00', NULL, '1', NULL, NULL, NULL, NULL, NULL, NULL, NULL, 1, 7, NULL, NULL, NULL, NULL, NULL, NULL, 1, NULL, 2, 'ID/Counties within last 7 years (2 included in package); Statewide (1); Corr, OIG/EPLS, Sex Off-Nation\r\nAca (1) Highest degree (or relevant degree)\r\nLCR (1)\r\nPeer Refs (up to 2)', NULL, NULL, NULL, NULL, NULL, NULL),
(203, 47, 'Long Term Care (2 Refs+EV)', '75.00', NULL, NULL, NULL, NULL, NULL, NULL, NULL, NULL, NULL, NULL, NULL, NULL, NULL, 1, NULL, NULL, NULL, NULL, NULL, 2, 'CNA (recruiter wants Certificate and CNA license)', '1', NULL, NULL, NULL, NULL, NULL),
(204, 47, 'Academic Only', '0.00', NULL, NULL, NULL, NULL, NULL, NULL, NULL, NULL, NULL, 1, NULL, NULL, NULL, NULL, NULL, NULL, NULL, NULL, NULL, NULL, NULL, NULL, NULL, NULL, NULL, NULL, NULL),
(205, 1, 'Package 2', '103.00', NULL, '1', NULL, NULL, NULL, NULL, NULL, NULL, NULL, 1, 6, NULL, NULL, NULL, NULL, NULL, NULL, 1, NULL, 2, 'ID/CRIMINAL: SJ Lists (Corr, SexO-Nation, OIG*,EPLS*); Counties live(d) in last 7 years (up to 3 included in package price), (No MSP)\r\nREFS: 2 Full Refs (USING IREFS)\r\nIf only one employer listed, mark second employer as To Be Determined, No Second Employment Provided and mark as Do Not Pursue\r\nIf supervisor not available, go to HR\r\nACA: Highest degree obtained (or relevant degree for RN,etc.); LCR', '1', NULL, NULL, NULL, NULL, NULL),
(206, 3, 'Package 3', '89.00', NULL, '1', NULL, NULL, NULL, NULL, NULL, NULL, NULL, 1, 7, NULL, NULL, NULL, NULL, NULL, NULL, 1, NULL, 1, 'ID/CRIM:  MSP (if MI); Counties live(d) in within the past 7 years;\r\nLISTS (Corrections, OIG, EPLS, Sex Offender-National)\r\nACA: Highest degree obtained, or most relevant to the position\r\nLCR\r\n1 Reference:  (ONLY if rec\'r requests just 1 ref)\r\nProfessional refs only, no friends or family.  Call app if alt refs are needed (use email procedure).', NULL, NULL, NULL, NULL, NULL, NULL),
(207, 2, 'ID+Criminal Package', '65.00', NULL, '1', NULL, NULL, NULL, NULL, NULL, NULL, NULL, NULL, 7, NULL, NULL, NULL, NULL, NULL, NULL, NULL, NULL, NULL, 'ID/Counties within last 7 years (2 included in package); Statewide (1); Corr, OIG/EPLS, Sex Off-Nation', '1', NULL, NULL, NULL, NULL, NULL),
(208, 47, 'Miscellaneous', '0.00', NULL, NULL, NULL, NULL, NULL, NULL, NULL, NULL, NULL, NULL, NULL, NULL, NULL, NULL, NULL, NULL, NULL, NULL, NULL, NULL, NULL, '1', NULL, NULL, NULL, NULL, NULL),
(209, 2, 'TRC Physician Package', '270.00', NULL, '1', NULL, NULL, NULL, NULL, NULL, NULL, NULL, NULL, 11, NULL, NULL, 2, NULL, NULL, 2, NULL, NULL, 3, 'ID/All Counties within last 7 years; Statewide (Up to 3); Corr, OIG/EPLS, Sex Off-Nation, Federal\r\nE/V\'s and Malpractice- Up to 2 \r\nRefs- Up to 3 included in package \r\nFOR TRIAGE: CHECK ALL COUNTIES EVER LIVED IN AND ALL STATES EVER LICENSED IN. TELL ORDER ENTRY TO PUT IN THE BILLING NOTES ALL COUNTIES ABOVE 7 YEARS ANS ALL STATE CHECKS ABOVE 3\r\nNO ACA AND NO LICENSE', NULL, NULL, NULL, NULL, NULL, NULL),
(210, 2, 'TRC Physician Package (Criminal)', '100.00', NULL, '1', NULL, NULL, NULL, NULL, NULL, NULL, NULL, NULL, 11, NULL, NULL, NULL, NULL, NULL, NULL, NULL, NULL, NULL, 'ID/All Counties within last 7 years; Statewide (Up to 3); Corr, OIG/EPLS, Sex Off-Nation, Federal', NULL, NULL, NULL, NULL, NULL, NULL),
(211, 2, 'Non-Licensed Package (Pkg 5)', '105.00', NULL, '1', NULL, NULL, NULL, NULL, NULL, NULL, NULL, 1, 7, NULL, NULL, NULL, NULL, NULL, NULL, NULL, NULL, 2, 'ID/Counties within last 7 years (2 included in package); Statewide (1); Corr, OIG/EPLS, Sex Off-Nation\r\nAca (1) Highest degree (or relevant degree)\r\nPeer Refs (up to 2)', NULL, NULL, NULL, NULL, NULL, NULL),
(212, 1, 'Package 1', '90.25', NULL, '1', NULL, NULL, NULL, NULL, NULL, NULL, NULL, 1, 6, NULL, NULL, NULL, NULL, NULL, NULL, NULL, NULL, 2, 'ID/CRIMINAL: SJ Lists (Corr, SexO-Nation, OIG*,EPLS*); Counties live(d) in last 7 years (up to 3 included in package price), (No MSP)\r\nREFS: 2 Full Refs (USING IREFS)\r\nIf only one employer listed, mark second employer as To Be Determined, No Second Employment Provided and mark as Do Not Pursue\r\nIf supervisor not available, go to HR\r\nACA: Highest degree obtained (or relevant degree for RN, etc.)', '1', NULL, NULL, NULL, NULL, NULL),
(213, 18, 'ID+Crim', '27.00', NULL, '1', NULL, NULL, NULL, NULL, NULL, NULL, NULL, NULL, 3, NULL, NULL, NULL, NULL, NULL, NULL, NULL, NULL, NULL, 'ID/Crim: Corrections; Counties lived in last 7 years', NULL, NULL, NULL, NULL, NULL, NULL),
(214, 1, 'Package 3', '103.00', NULL, '1', NULL, NULL, NULL, NULL, NULL, NULL, NULL, 1, 6, NULL, NULL, NULL, NULL, NULL, NULL, NULL, 1, 2, 'ID/CRIMINAL: SJ Lists (Corr, SexO-Nation, OIG*,EPLS*); Counties live(d) in last 7 years (up to 3 included in package price), (No MSP)\r\nREFS: 2 Full Refs (USING IREFS)\r\nIf only one employer listed, mark second employer as To Be Determined, No Second Employment Provided and mark as Do Not Pursue\r\nIf supervisor not available, go to HR\r\nACA: Highest degree obtained (or relevant degree for RN, etc.); MVR', '1', NULL, NULL, NULL, NULL, NULL),
(215, 1, 'Medical Asst Pkg', '103.00', NULL, '1', NULL, NULL, NULL, NULL, NULL, NULL, NULL, 2, 6, NULL, NULL, NULL, NULL, NULL, NULL, NULL, NULL, 2, 'ID/CRIMINAL: SJ Lists (Corr, SexO-Nation, OIG*,EPLS*); Counties live(d) in last 7 years (up to 3 included in package price), (No MSP)\r\nREFS: 2 Full Refs (USING IREFS)\r\nIf only one employer listed, mark second employer as To Be Determined, No Second Employment Provided and mark as Do Not Pursue\r\nIf supervisor not available, go to HR\r\nACA: HS/GED and MA Certificate of Completion', '1', NULL, NULL, NULL, NULL, NULL),
(216, 1, 'ID+Crim', '58.00', NULL, NULL, NULL, NULL, NULL, NULL, NULL, NULL, NULL, 1, 6, NULL, NULL, NULL, NULL, NULL, NULL, NULL, NULL, NULL, 'ID/CRIMINAL: SJ Lists (Corr, SexO-Nation, OIG*,EPLS*); Counties live(d) in last 7 years (up to 3 included in package price), (No MSP)', '1', NULL, NULL, NULL, NULL, NULL),
(217, 1, 'Miscellaneous', '0.00', NULL, NULL, NULL, NULL, NULL, NULL, NULL, NULL, NULL, NULL, NULL, NULL, NULL, NULL, NULL, NULL, NULL, NULL, NULL, NULL, NULL, '1', NULL, NULL, NULL, NULL, NULL),
(218, 83, 'Standard Package', '65.00', NULL, '1', NULL, NULL, NULL, NULL, NULL, NULL, NULL, NULL, 3, NULL, NULL, NULL, NULL, NULL, NULL, NULL, 1, NULL, 'ID+CRIM+MVR (+ Fees)\r\nSexoff\r\nCorrections\r\nStatewide MI', '1', NULL, NULL, NULL, NULL, NULL),
(219, 2, 'Mid Level Provider Package', '230.00', NULL, '1', NULL, NULL, NULL, NULL, NULL, NULL, NULL, 2, 9, NULL, NULL, 2, NULL, NULL, NULL, 2, NULL, 3, 'Federal, State and County Crim checks; EV\'s as necessary to verify five years', NULL, NULL, NULL, NULL, NULL, NULL),
(220, 8, 'Reappointment Package', '100.00', NULL, NULL, NULL, NULL, NULL, NULL, NULL, NULL, NULL, NULL, NULL, NULL, NULL, 3, NULL, NULL, NULL, NULL, NULL, 3, 'INCLUDED IN PACKAGE:\r\n(UP TO 1) MALPRACTICE+ (UP TO 2) AFFILLIATIONS+ (UP TO 3) REFERENCES\r\n\r\nFOR TRIAGE:  EXTRA AFFILIATIONS:$20, MALPRACTICE $20 AND REFERENCES $30', NULL, NULL, NULL, NULL, NULL, NULL),
(221, 8, 'Reappointment Package', '0.00', NULL, NULL, NULL, NULL, NULL, NULL, NULL, NULL, NULL, NULL, NULL, NULL, NULL, 3, NULL, NULL, 3, NULL, NULL, 3, NULL, NULL, NULL, NULL, NULL, NULL, NULL),
(222, 18, 'TRC Physician Pkg', '510.00', NULL, '1', NULL, NULL, NULL, NULL, NULL, NULL, NULL, 1, 12, NULL, NULL, 4, NULL, NULL, NULL, 4, NULL, 3, 'Included (+ statewide fees extra):ID+County Checks (up to 3-last 10 years)+Civil Checks(up to 3)+Statewide (up to 3-last 10 years)+Federal(Crim and Civil)+Fed Bankruptcy+Sex Off+Corrections+OIG EPLS OFAC+ Aca (1)+License (3) +(check all current states licenses) +Training Verification (1)+Board Certification (1)+ Malpractice (Up to 2)+EVs (Up to 2)+Refs (Up to 3)\r\nAMA and DO profile fees are included in package price\r\n\r\nAdditional Items:  Refs ($30), EV\'s ($25), Mal ($25), Statewide\'s ($15),\r\nTraining ($30), Board Certification ($20)', NULL, NULL, NULL, NULL, NULL, NULL),
(223, 51, 'Package 2 (Licensed Pkg)', '85.00', NULL, '1', NULL, NULL, NULL, NULL, NULL, NULL, NULL, 1, 6, NULL, NULL, NULL, NULL, NULL, NULL, 1, NULL, 2, 'ID/Crim: MSP (if MI);   Lists (Corr, SexO-Nation, OIG, EPLS)\r\nAca: Highest degree obtained or relevant position\r\nLCR\r\n2 Refs (Full ref needed-this is a joint venture with HF CCS)\r\nIf only one employment reference listed, obtain professional references (use email procedure)', '1', NULL, NULL, NULL, NULL, NULL),
(224, 51, 'Package 5 (Non-Licensed Pkg)', '80.00', NULL, '1', NULL, NULL, NULL, NULL, NULL, NULL, NULL, 1, 6, NULL, NULL, NULL, NULL, NULL, NULL, NULL, NULL, 2, 'ID/Crim: MSP (if MI);  Lists (Corr, SexO-Nation, OIG, EPLS)\r\nAca: Highest degree obtained or relevant position\r\n2 Refs (Full ref needed-this is a joint venture with HF CCS)\r\nIf only one employment reference listed, obtain professional references (use email procedure)', '1', NULL, NULL, NULL, NULL, NULL),
(225, 87, 'ID+Crim', '50.00', NULL, '1', NULL, NULL, NULL, NULL, NULL, NULL, NULL, NULL, 3, NULL, NULL, NULL, NULL, NULL, NULL, NULL, NULL, NULL, 'Sex Off-National, Corrections, Statewide-MI (if MI applicant).', '1', NULL, NULL, NULL, NULL, NULL),
(226, 51, 'Miscellaneous', '0.00', NULL, NULL, NULL, NULL, NULL, NULL, NULL, NULL, NULL, NULL, NULL, NULL, NULL, NULL, NULL, NULL, NULL, NULL, NULL, NULL, NULL, '1', NULL, NULL, NULL, NULL, NULL),
(227, 51, 'Medical Asst Pkg', '90.00', NULL, '1', NULL, NULL, NULL, NULL, NULL, NULL, NULL, 2, 6, NULL, NULL, NULL, NULL, NULL, NULL, NULL, NULL, 2, 'ID/Crim: MSP (if MI);\r\nLists (Corr, SexO-Nation, OIG, EPLS)\r\n2 Aca: HS/GED and Med Asst Cert \r\n2 Refs (Full ref needed-this is a joint venture with HF CCS)\r\n\r\nIf only one employment reference provided, obtain professional references (using email procedure)', '1', NULL, NULL, NULL, NULL, NULL),
(228, NULL, 'Standard Pkg', '35.00', NULL, '1', NULL, NULL, NULL, NULL, NULL, NULL, NULL, NULL, 2, NULL, NULL, NULL, NULL, NULL, NULL, NULL, NULL, NULL, 'Sex Off National, Statewide-IL(statewide fee included in package), ID', '1', NULL, NULL, NULL, NULL, NULL),
(229, 65, 'ID+Criminal (Criminal Only)', '80.00', NULL, '1', NULL, NULL, NULL, NULL, NULL, NULL, NULL, NULL, 8, NULL, NULL, NULL, NULL, NULL, NULL, NULL, NULL, NULL, 'CRIM: UP TO 3 COUNTIES, 1 STATEWIDE, CORR/SEXO/FEDERAL CRIM/BANKRUPTCY\r\n+FEES\r\nADDITIONAL ITEMS: REFS $30 EACH', '1', NULL, NULL, NULL, NULL, NULL),
(230, 84, 'IT Package', '100.00', NULL, '1', NULL, NULL, NULL, NULL, NULL, NULL, NULL, 1, 6, NULL, NULL, NULL, NULL, NULL, NULL, NULL, 1, NULL, 'Criminal Check: \r\nCounty Level Check (Up to 3 checks within the last seven years included in price), Statewide check (plus fee), Sex Off Registry, Corrections\r\nMVR (1) plus fee\r\nAca (1)\r\nBilling: additional aca $ 10\r\n\r\n4/27/2015 Added $10 to package for 1 Academic verification to be added to package-ku', '1', NULL, NULL, NULL, NULL, NULL),
(231, 8, 'Miscellaneous', '0.00', NULL, NULL, NULL, NULL, NULL, NULL, NULL, NULL, NULL, NULL, NULL, NULL, NULL, NULL, NULL, NULL, NULL, NULL, NULL, NULL, NULL, '1', NULL, NULL, NULL, NULL, NULL),
(232, 74, 'ID+Crim', '50.00', NULL, '1', NULL, NULL, NULL, NULL, NULL, NULL, NULL, NULL, 3, NULL, NULL, NULL, NULL, NULL, NULL, NULL, NULL, NULL, NULL, '1', NULL, NULL, NULL, NULL, NULL),
(233, 18, 'Physician Refs', '120.00', NULL, NULL, NULL, NULL, NULL, NULL, NULL, NULL, NULL, NULL, NULL, NULL, NULL, NULL, NULL, NULL, NULL, NULL, NULL, 4, NULL, '1', NULL, NULL, NULL, NULL, NULL),
(234, 18, 'ID+Crim', '27.00', NULL, '1', NULL, NULL, NULL, NULL, NULL, NULL, NULL, NULL, 3, NULL, NULL, NULL, NULL, NULL, NULL, NULL, NULL, NULL, 'ID/Crim: Corrections; Counties lived in last 7 years', '1', NULL, NULL, NULL, NULL, NULL),
(235, 18, 'MLP Package', '230.00', NULL, '1', NULL, NULL, NULL, NULL, NULL, NULL, NULL, 2, 6, NULL, NULL, 2, NULL, NULL, NULL, 2, NULL, 3, 'Included (+ statewide fees extra):ID+County Checks (up to 3-last 10 years)+Statewide (up to 1-last 10 years)+Federal+Fed Bankruptcy+Sex Off+Corrections+OIG EPLS OFAC+ Aca (2)+License (though 2 are included in package, most have 3 licenses/certs with the ANCC)(2)+ Malpractice (Up to 2)+EVs (Up to 2)+Refs (Up to 3)\r\n\r\n\r\nAdditional Items:  Refs ($30), EV\'s ($25), Mal ($25), Statewide\'s ($15),\r\nTraining ($30), Board Certification ($20), Additional Licenses ($20)', '1', NULL, NULL, NULL, NULL, NULL),
(236, NULL, 'Physician Package (Criminal Only)', '200.00', NULL, '1', NULL, NULL, NULL, NULL, NULL, NULL, NULL, NULL, 10, NULL, NULL, NULL, NULL, NULL, NULL, NULL, NULL, NULL, '8/14 Per Tony, we are doing the package for $200 (including the statewide fees) - ku', '1', NULL, NULL, NULL, NULL, NULL),
(237, 18, 'Resident Pkg', '72.00', NULL, '1', NULL, NULL, NULL, NULL, NULL, NULL, NULL, 1, 5, NULL, NULL, 2, NULL, NULL, NULL, NULL, NULL, 1, 'Includes regular crim + sex o+nationwide crim+federal crim', NULL, NULL, NULL, NULL, NULL, NULL),
(243, 33, 'Miscellaneous', '0.00', NULL, NULL, NULL, NULL, NULL, NULL, NULL, NULL, NULL, NULL, NULL, NULL, NULL, NULL, NULL, NULL, NULL, NULL, NULL, NULL, NULL, '1', NULL, NULL, NULL, NULL, NULL),
(244, 14, 'Licensed Package', '0.00', NULL, '1', '1', '1', '1', '1', NULL, NULL, NULL, 1, 1, 2, NULL, NULL, NULL, NULL, NULL, 1, NULL, 2, NULL, '1', '1', NULL, NULL, NULL, 30),
(245, 18, 'Core Check Non-Licensed iRefs', '0.00', NULL, '1', NULL, NULL, NULL, NULL, NULL, NULL, NULL, 1, 6, NULL, NULL, 1, NULL, NULL, NULL, NULL, NULL, 2, 'Crim: Corrections, OIG, EPLS, Sex Off-Nation (Lists) + County (up to 2 counties); Aca (1) Highest Degree; EV (1) within the past 5 years', '1', '1', NULL, NULL, NULL, NULL),
(246, 18, 'Core Check Licensed', '55.00', NULL, '1', '1', '1', '1', '1', NULL, NULL, NULL, 1, NULL, 2, NULL, 1, NULL, NULL, NULL, 1, NULL, NULL, 'Crim: Corrections, OIG, EPLS, Sex Off-Nation (Lists) + County (up to 2 counties); Aca (1) Highest Degree; EV (1) within the past 5 years; LCR (1)', NULL, NULL, NULL, NULL, NULL, NULL),
(247, 65, 'Staff Package', '100.00', NULL, '1', NULL, NULL, NULL, NULL, NULL, NULL, NULL, 1, 6, NULL, NULL, 2, NULL, NULL, NULL, NULL, NULL, NULL, 'Academic (1), \r\nID+CRIM: UP TO 3 COUNTIES, 1 STATEWIDE, CORR/SEXO\r\nUp to 2 EVs (within last 5 years) or refs (per Tony, whichever they prefer)\r\n1/21 changed price from $90 to $100 (per Tony)', '1', NULL, NULL, NULL, NULL, NULL),
(248, 62, 'Non-Licensed Package', '105.00', NULL, '1', NULL, NULL, NULL, NULL, NULL, NULL, NULL, 1, 8, NULL, NULL, NULL, NULL, NULL, NULL, NULL, NULL, 2, 'ID+Crim (Statewide-MI, Counties up to 3, OIG, EPLS, Sex Off, Corrections), Academic (1), References (2)', '1', NULL, NULL, NULL, NULL, NULL),
(249, 62, 'Licensed Package', '110.00', NULL, '1', NULL, NULL, NULL, NULL, NULL, NULL, NULL, 1, 6, NULL, NULL, NULL, NULL, NULL, NULL, 1, NULL, 2, 'ID+Crim (Statewide-MI, Counties up to 3, OIG, EPLS, Sex Off, Corrections), Academic (1), LCR (1), References (2)', '1', NULL, NULL, NULL, NULL, NULL),
(250, 64, 'Standard ID+Crim', '60.00', NULL, '1', NULL, NULL, NULL, NULL, NULL, NULL, NULL, NULL, 5, NULL, NULL, NULL, NULL, NULL, NULL, NULL, NULL, NULL, 'ID\r\nCounty Level Criminal Record Check (Up to 2 within Last 7 years)\r\nStatewide Criminal Record Check (1)\r\nNationwide Sex Offender Search \r\nCorrections - MI', '1', NULL, NULL, NULL, NULL, NULL),
(251, 64, 'Standard ID+Crim+MVR', '70.00', NULL, '1', NULL, NULL, NULL, NULL, NULL, NULL, NULL, NULL, 5, NULL, NULL, NULL, NULL, NULL, NULL, NULL, 1, NULL, 'ID\r\nCounty Level Criminal Record Check (Up to 2 within Last 7 years)\r\nStatewide Criminal Record Check (1)\r\nNationwide Sex Offender Search \r\nCorrections - MI\r\nMVR', '1', NULL, NULL, NULL, NULL, NULL),
(252, 62, 'Non-Licensed Package', '105.00', NULL, '1', NULL, NULL, NULL, NULL, NULL, NULL, NULL, 1, 6, NULL, NULL, NULL, NULL, NULL, NULL, NULL, NULL, 2, 'ID\r\nCounty Crim - upto 3\r\nStatewide Crim\r\nLists: Nationwide Sex Offenders, Corrections - MI, EPLS/OFAC\r\nOIG\r\nAcademic - 1\r\nReferences - 2', '1', NULL, NULL, NULL, NULL, NULL),
(253, 62, 'Licensed Package', '110.00', NULL, '1', NULL, NULL, NULL, NULL, NULL, NULL, NULL, 1, 6, NULL, NULL, NULL, NULL, NULL, NULL, 1, NULL, 2, 'ID\r\nCounty Crim - upto 3\r\nStatewide Crim\r\nLists: Nationwide Sex Offenders, Corrections - MI, EPLS/OFAC\r\nOIG\r\nAcademic - 1\r\nReferences - 2\r\nLicense - 1', '1', NULL, NULL, NULL, NULL, NULL),
(254, 60, 'Physician Package', '450.00', NULL, '1', NULL, NULL, NULL, NULL, NULL, NULL, NULL, 1, 6, NULL, NULL, 2, NULL, NULL, 2, 2, NULL, 3, 'DO NOT CONTACT APPLICANTS - Direction Questions to Recruiters\r\n\r\nID \r\nCounty Level Criminal Record Check (Last 10 years)\r\nStatewide Criminal Record Check(Last 10 years)\r\nFederal Criminal/Civil Court Search and Bankruptcy\r\nNationwide Sex Offender Search\r\nCorrections‐MI\r\nOIG\r\nEPLS/OFAC\r\nCounty Civil Record Check (Up to 3 Checks)\r\nAcademic Verification (Highest Degree)\r\nLicense Verification (Up to 2)\r\nSupervisory or Peer References(Up to 3) \r\nDEA\r\nEmployment Verifications(Up to 2)\r\nProfessional Liability Insurance (Up to 2)\r\nTraining Verification\r\nBoard Certification Verification', '1', NULL, NULL, NULL, NULL, NULL),
(255, 60, 'MLP Package', '230.00', NULL, '1', NULL, NULL, NULL, NULL, NULL, NULL, NULL, 2, 6, NULL, NULL, 2, NULL, NULL, NULL, 2, NULL, 3, 'DO NOT CONTACT APPLICANTS - Direction Questions to Recruiters\r\n\r\nID \r\nCounty Level Criminal Record Check (Up to 3 Checks)\r\nStatewide Criminal Record Check(MI)\r\nFederal Criminal Court Search\r\nNationwide Sex Offender Search\r\nCorrections‐MI\r\nOIG\r\nEPLS/OFAC\r\nAcademic Verification (Up to 2)\r\nLicense Verification(Up to 2)\r\nEmployment Verifications (Up to 2)\r\nProfessional Liability Insurance (Up to 2)\r\nSupervisory or Peer References (Up to 3)', '1', NULL, NULL, NULL, NULL, NULL),
(256, 60, 'Physicians Crim Only', '165.00', NULL, '1', NULL, NULL, NULL, NULL, NULL, NULL, NULL, NULL, 6, NULL, NULL, NULL, NULL, NULL, NULL, NULL, NULL, NULL, 'DO NOT CONTACT APPLICANTS - Direction Questions to Recruiters\r\n\r\nID\r\nCounty Level Criminal Record Check (Last 10 years)\r\nCounty Civil Criminal Record Check (Up to 3)\r\nStatewide Criminal Record Check(Up to 3 Checks)\r\nFederal Criminal Search\r\nNationwide Sex Offender Search\r\nOIG\r\nEPLS/OFAC', '1', NULL, NULL, NULL, NULL, NULL),
(257, 60, 'Reappointment Package', '140.00', NULL, NULL, NULL, NULL, NULL, NULL, NULL, NULL, NULL, NULL, NULL, NULL, NULL, NULL, NULL, NULL, NULL, NULL, NULL, 3, 'DO NOT CONTACT APPLICANTS - Direction Questions to Recruiters\r\n\r\n\r\nProfessional Liability Insurance (Up to 2)\r\nAffiliation Verifications (Up to 2)\r\nPeer References (Up to 3)', '1', NULL, NULL, NULL, NULL, NULL),
(258, 2, 'Package 2', '0.00', NULL, '1', NULL, NULL, NULL, NULL, NULL, NULL, NULL, 1, 6, NULL, NULL, NULL, NULL, NULL, NULL, 1, NULL, 2, 'Henry Ford\'s package 2', NULL, NULL, NULL, NULL, NULL, NULL),
(259, 2, 'Package 5', '0.00', NULL, '1', NULL, NULL, NULL, NULL, NULL, NULL, NULL, 1, 6, NULL, NULL, NULL, NULL, NULL, NULL, NULL, NULL, 2, 'Henry Ford\'s package 5', NULL, NULL, NULL, NULL, NULL, NULL),
(260, 60, 'DC+OD Doctors Package', '300.00', NULL, '1', NULL, NULL, NULL, NULL, NULL, NULL, NULL, 2, 6, NULL, NULL, 2, NULL, NULL, 2, 2, NULL, 3, 'DO NOT CONTACT APPLICANTS - Direction Questions to Recruiters\r\n\r\nID \r\nCounty Level Criminal Record Check (up to 3 checks)\r\nMSP\r\nFederal Criminal/Federal Civil Court Search and Bankruptcy\r\nNationwide Sex Offender Search\r\nCorrections‐MI\r\nOIG\r\nEPLS/OFAC\r\nCounty Civil Record Check (Up to 3 Checks)\r\n2 Academic Verification (Highest Degree, up to 2 acad, Chiropractors will have one degree)\r\n2 License Verification (Up to 2)\r\nSupervisory or Peer References(Up to 3) \r\nEmployment Verifications(Up to 2)\r\nProfessional Liability Insurance (Up to 2)\r\nAdditional Items: \r\nTraining Verification (not included! $25)\r\nBoard Certification Verification (not included! $25)', '1', NULL, NULL, NULL, NULL, NULL),
(261, 62, 'Miscellaneous', '0.00', NULL, NULL, NULL, NULL, NULL, NULL, NULL, NULL, NULL, NULL, NULL, NULL, NULL, NULL, NULL, NULL, NULL, NULL, NULL, NULL, NULL, '1', NULL, NULL, NULL, NULL, NULL),
(262, 60, 'Non-Licensed Package', '105.00', NULL, '1', NULL, NULL, NULL, NULL, NULL, NULL, NULL, 1, 6, NULL, NULL, NULL, NULL, NULL, NULL, NULL, NULL, 2, 'Crim: State and counties\r\nStatewide, lists,counties', '1', NULL, NULL, NULL, NULL, NULL),
(263, 60, 'Licensed Package', '110.00', NULL, '1', NULL, NULL, NULL, NULL, NULL, NULL, NULL, 1, 6, NULL, NULL, NULL, NULL, NULL, NULL, 1, NULL, 2, 'Crim: State and counties', '1', NULL, NULL, NULL, NULL, NULL),
(264, 67, 'Non-Licensed Package', '80.00', NULL, '1', NULL, NULL, NULL, NULL, NULL, NULL, NULL, 1, 4, NULL, NULL, NULL, NULL, NULL, NULL, NULL, NULL, 2, 'Criminal: OIG, EPLS, Sex Off, Statewide (1)\r\nReferences: iRefs (2)\r\nAcademic (1)', '1', NULL, NULL, NULL, NULL, NULL),
(265, 67, 'Licensed Package', '85.00', NULL, '1', NULL, NULL, NULL, NULL, NULL, NULL, NULL, 1, 4, NULL, NULL, NULL, NULL, NULL, NULL, 1, NULL, 2, 'Criminal: OIG, EPLS, Sex Off, Statewide (1)\r\nReferences: iRefs (2)\r\nAcademic (1)\r\nLicense/Cert (1)', '1', NULL, NULL, NULL, NULL, NULL),
(266, 67, 'Miscellaneous', '0.00', NULL, NULL, NULL, NULL, NULL, NULL, NULL, NULL, NULL, NULL, NULL, NULL, NULL, NULL, NULL, NULL, NULL, NULL, NULL, NULL, NULL, '1', NULL, NULL, NULL, NULL, NULL),
(267, 47, '2 Refs+EV+Aca+LCR', '0.00', NULL, NULL, NULL, NULL, NULL, NULL, NULL, NULL, NULL, 1, NULL, NULL, NULL, 1, NULL, NULL, NULL, 1, NULL, 2, 'CNA (recruiter wants Certificate and CNA license)', NULL, NULL, NULL, NULL, NULL, NULL),
(269, 75, 'ID+Crim', '60.00', NULL, '1', NULL, NULL, NULL, NULL, NULL, NULL, NULL, NULL, 5, NULL, NULL, NULL, NULL, NULL, NULL, NULL, NULL, NULL, 'Sexoff\r\nCorrections (if MI)\r\ncounties (last 7 years)', '1', NULL, NULL, NULL, NULL, NULL),
(270, 22, 'Miscellaneous', '0.00', NULL, NULL, NULL, NULL, NULL, NULL, NULL, NULL, NULL, NULL, NULL, NULL, NULL, NULL, NULL, NULL, NULL, NULL, NULL, NULL, NULL, '1', NULL, NULL, NULL, NULL, NULL),
(271, 50, 'Out of Area Criminal Package', '20.00', NULL, '1', NULL, NULL, NULL, NULL, NULL, NULL, NULL, NULL, 1, NULL, NULL, NULL, NULL, NULL, NULL, NULL, NULL, NULL, 'ID\r\n1 Statewide Criminal Record Check (plus state fee)   (In lieu of the statewide criminal check, up to 2 county checks can be included in the package)', '1', NULL, NULL, NULL, NULL, NULL),
(272, 85, 'Standard Package', '90.00', NULL, '1', NULL, NULL, NULL, NULL, NULL, NULL, NULL, 1, 5, NULL, NULL, NULL, NULL, NULL, NULL, NULL, NULL, 2, 'ID\r\nCrim: County Criminal Record Check (up to 2 within Last seven years*, Nationwide Sex Offender Search, EPLS, Federal Crim)\r\nAcademic Verification (1)\r\nReferences (2)  \r\n\r\nadditional Criminal Check is $10 plus fees*', '1', NULL, NULL, NULL, NULL, NULL),
(273, 86, 'Licensed Package', '110.00', NULL, '1', NULL, NULL, NULL, NULL, NULL, NULL, NULL, 1, 8, NULL, NULL, NULL, NULL, NULL, NULL, 1, NULL, 2, 'ID \r\nCrim (County Level Criminal Record Check-Up to 3 within last 7 years, Statewide Criminal Record Check(1), Nationwide Sex Offender Search, Corrections&#8208;MI, OIG, EPLS)\r\nProfessional References (Up to 2)\r\nAcademic Verification (1)\r\nLicense Verification (1)', '1', NULL, NULL, NULL, NULL, NULL),
(274, 86, 'Non-Licensed Package', '105.00', NULL, '1', NULL, NULL, NULL, NULL, NULL, NULL, NULL, 1, 8, NULL, NULL, NULL, NULL, NULL, NULL, NULL, NULL, 2, 'ID \r\nCrim (County Level Criminal Record Check-Up to 3 within last 7 years, Statewide Criminal Record Check(1), Nationwide Sex Offender Search, Corrections&#8208;MI, OIG, EPLS)\r\nProfessional References (Up to 2)\r\nAcademic Verification (1)', '1', NULL, NULL, NULL, NULL, NULL),
(275, 2, 'Package 5 (Non-Licensed Package)', '80.00', NULL, '1', NULL, NULL, NULL, NULL, NULL, NULL, NULL, 1, 5, NULL, NULL, NULL, NULL, NULL, NULL, NULL, NULL, 2, 'ID/Crim: Statewide-MI (for Michigan applicants); Wayne-MI (if needed); Lists (Corr, SexO-Nation, OIG, EPLS); If applicable, Out of State Counties (within last 7 years) (or Statewide check if available/better option than the out of state counties)\r\nAca: Highest degree obtained or relevant position\r\n2 Refs (HR acceptable)\r\nPackage Updated 11/11/2014', '1', NULL, NULL, NULL, NULL, NULL),
(276, 2, 'Package 2 (Licensed Package) to Test', '85.00', NULL, '1', NULL, NULL, NULL, NULL, NULL, NULL, NULL, 1, 5, NULL, NULL, NULL, NULL, NULL, NULL, 1, NULL, 2, 'ID/Crim: Statewide-MI (for Michigan applicants); Wayne-MI (if needed); Lists (Corr, SexO-Nation, OIG, EPLS); If applicable, Out of State Counties (within last 7 years) (or Statewide check if available/better option than the out of state counties)\r\nAca: Highest degree obtained or relevant position\r\nLCR\r\n2 Refs (HR acceptable)\r\nPackage Updated 11/11/2014', NULL, NULL, NULL, NULL, NULL, NULL),
(278, 2, 'Package 5 (Non-Licensed Package)', '80.00', NULL, '1', NULL, NULL, NULL, NULL, NULL, NULL, NULL, 1, 5, NULL, NULL, NULL, NULL, NULL, NULL, NULL, NULL, 2, 'ID/Crim: Statewide-MI (for Michigan applicants); Wayne-MI (if needed); Lists (Corr, SexO-Nation, OIG, EPLS); If applicable, Out of State Counties (within last 7 years) (or Statewide check if available/better option than the out of state counties)\r\nAca: Highest degree obtained or relevant position\r\n2 Refs (Need Full Refs)\r\nPackage Updated 11/11/2014', '1', NULL, NULL, NULL, NULL, NULL),
(279, 3, 'Package 2 (Licensed Package)', '85.00', NULL, '1', NULL, NULL, NULL, NULL, NULL, NULL, NULL, 1, 5, NULL, NULL, NULL, NULL, NULL, NULL, 1, NULL, 2, 'ID/Crim: Statewide-MI (for MI applicants); Wayne-MI and/or Lucas-OH (if needed); Lists (Corr, SexO-Nation, OIG, EPLS); If applicable, Out of State Counties (within last 7 years) or Statewide check if available/better option than the out of state counties\r\nAca (Highest degree obtained or relevant position) and LCR\r\n2 Refs (Need Full Refs)\r\nPackage Updated 11/11/2014', '1', NULL, NULL, NULL, NULL, NULL),
(280, 3, 'Package 5 (Non-Licensed Package)', '80.00', NULL, '1', NULL, NULL, NULL, NULL, NULL, NULL, NULL, 1, 5, NULL, NULL, NULL, NULL, NULL, NULL, NULL, NULL, 2, 'ID/Crim: Statewide-MI (for MI applicants); Wayne-MI and/or Lucas-OH (if needed); Lists (Corr, SexO-Nation, OIG, EPLS); If applicable, Out of State Counties (within last 7 years) or Statewide check if available/better option than the out of state counties\r\nAca: Highest degree obtained or relevant position \r\n2 Refs (Need Full Refs)\r\nPackage Updated 11/11/2014', '1', NULL, NULL, NULL, NULL, NULL);
INSERT INTO `packages` (`id`, `organization_id`, `label`, `price`, `is_credentialing`, `is_identity`, `is_corrections`, `is_sex_offenders`, `is_oig`, `is_epls`, `is_federal_crim`, `is_federal_civil`, `is_bankruptcy`, `acad`, `state_crim`, `county_crim`, `county_civil`, `empl`, `affiliation`, `internship`, `malpractice`, `lrc`, `mvr`, `ref`, `comments`, `is_active`, `is_iref`, `is_disable_email`, `is_disable_sms`, `drug_testing`, `reference_form_id`) VALUES
(281, 47, 'Non-Licensed Pkg', '95.00', NULL, '1', NULL, NULL, NULL, NULL, NULL, NULL, NULL, NULL, 5, NULL, NULL, 1, NULL, NULL, NULL, NULL, NULL, 2, 'ID/Crim: STATEWIDE-MI, LISTS (Corr., Sex Off-National, OIG, EPLS) If applicable, Out of State Counties (within last 7 years) or Statewide check if available/better option than the out of state counties\r\nSupervisory/Peer References: Up to 2\r\nEmployment Verification: (1) Current or most recent within last 5 years\r\n\r\nPackage Updates:\r\n10/2014: Academic removed from package (if they want academic, they will request it in the notes) and updated price from $125 to $115 (if academic is requested, it adds $10 plus fees\r\n\r\n11/11/2014: Package Updated (Removing Counties) Updated price from $115 to $95', '1', NULL, NULL, NULL, NULL, NULL),
(282, 68, 'References', '0.00', NULL, NULL, NULL, NULL, NULL, NULL, NULL, NULL, NULL, NULL, NULL, NULL, NULL, NULL, NULL, NULL, NULL, NULL, NULL, 5, NULL, '1', NULL, NULL, NULL, NULL, NULL),
(283, 47, 'Licensed Pkg', '100.00', NULL, '1', NULL, NULL, NULL, NULL, NULL, NULL, NULL, NULL, 5, NULL, NULL, 1, NULL, NULL, NULL, 1, NULL, 2, 'ID/Crim: STATEWIDE-MI, LISTS (Corr., Sex Off-National, OIG, EPLS) If applicable, Out of State Counties (within last 7 years) or Statewide check if available/better option than the out of state counties\r\nSupervisory/Peer References: Up to 2\r\nEV: (1) Current or most recent within last 5 years\r\nLCR\r\n\r\nPackage Updates:\r\n10/2014: Academic removed from package (if they want academic, they will request it in the notes) and updated price from $130 to $120 (if academic is requested, it adds $10 plus fees\r\n\r\n11/11/2014: Package Updated (Removing Counties) Updated price from $120 to $100', '1', NULL, NULL, NULL, NULL, NULL),
(284, 37, 'Physician/MLP Package (No Refs)', '70.00', NULL, '1', NULL, NULL, NULL, NULL, NULL, NULL, NULL, 1, 8, NULL, NULL, NULL, NULL, NULL, NULL, NULL, NULL, NULL, 'CRIM: LISTS, COUNTIES, FEDERAL CRIM', '1', NULL, NULL, NULL, NULL, NULL),
(285, 68, 'Miscellaneous', '0.00', NULL, NULL, NULL, NULL, NULL, NULL, NULL, NULL, NULL, NULL, NULL, NULL, NULL, NULL, NULL, NULL, NULL, NULL, NULL, NULL, NULL, '1', NULL, NULL, NULL, NULL, NULL),
(286, NULL, 'Standard Package', '65.00', NULL, '1', NULL, NULL, NULL, NULL, NULL, NULL, NULL, NULL, 3, NULL, NULL, NULL, NULL, NULL, NULL, NULL, 1, NULL, 'ID+CRIM+MVR (+ Fees)\r\nSexoff, Corrections, Statewide MI', '1', NULL, NULL, NULL, NULL, NULL),
(287, 86, 'OIG Update', '5.00', NULL, NULL, NULL, NULL, NULL, NULL, NULL, NULL, NULL, NULL, 1, NULL, NULL, NULL, NULL, NULL, NULL, NULL, NULL, NULL, 'OIG only (Updated every month)', '1', NULL, NULL, NULL, NULL, NULL),
(288, 88, 'ID+Criminal', '100.00', NULL, '1', NULL, NULL, NULL, NULL, NULL, NULL, NULL, NULL, 9, NULL, NULL, NULL, NULL, NULL, NULL, NULL, NULL, NULL, 'INCLUDED IN PACKAGE:\r\nCOUNTIES & STATEWIDE CRIMINAL (LAST 10 YRS) + EPLS + OIG + SEX OFF + CORR + FEDERAL CRIM\r\n(+FEES)', '1', NULL, NULL, NULL, NULL, NULL),
(289, 37, 'Resident ID+Crim+MVR', '70.00', NULL, '1', NULL, NULL, NULL, NULL, NULL, NULL, NULL, NULL, 6, NULL, NULL, NULL, NULL, NULL, NULL, NULL, 1, NULL, 'MVR\r\nLists (Sexoff, Corrections, OIG, EPLS)\r\n3 counties included in pkg (No MSP)', '1', NULL, NULL, NULL, NULL, NULL),
(290, 89, 'Physician Initial Credentialing Package', '250.00', NULL, '1', NULL, NULL, NULL, NULL, NULL, NULL, NULL, 3, 14, NULL, NULL, 9, NULL, NULL, 3, 5, NULL, 3, 'ID \r\nAMA/AOA Profile\r\nVerification of NPI\r\nCounty Crim (Up to 3); County Civil (Up to 3); Statewide Crim (Up to 2); Federal Crim; Federal Bankruptcy; Sex Offender (National); OIG; EPLS; Corrections\r\nNPDB-National Practitioner Data Bank\r\nState Licensure Verifications (Up to 2); DEA Verification; Board Certification Verification (2)\r\nAcademic Verification (Medical Degree) and Advanced Degrees (Up to 2)\r\nTraining Verification-Internship, Residency & Fellowship (Up to 3)\r\nEmployment Verifications (Up to 3 in last 5 yrs.)\r\nHospital Affiliations (Up to 3 in last 5 yrs.)\r\nMalpractice Insurance and Claim History (Up to 3 in last 5 yrs.)\r\nSupervisory and Peer References (3)', '1', NULL, NULL, NULL, NULL, NULL),
(291, 89, 'Physician Reappointment Credentialing Package', '110.00', NULL, NULL, NULL, NULL, NULL, NULL, NULL, NULL, NULL, NULL, 5, NULL, NULL, 3, NULL, NULL, 2, 5, NULL, 1, 'Verification of NPI\r\nCounty Crim (Up to 2); OIG; EPLS; Corrections\r\nNPDB-National Practitioner Data Bank\r\nState Licensure Verifications (Up to 2); DEA Verification; Board Certification Verification (2)\r\nCurrent Hospital Affiliations (Up to 3)\r\nMalpractice Insurance and Claim History (Up to 2 in last 2 yrs.)\r\nPeer References (1)', '1', NULL, NULL, NULL, NULL, NULL),
(292, 90, 'Licensed Package (Refs, Aca, LCR, EV)', '44.00', NULL, NULL, NULL, NULL, NULL, NULL, NULL, NULL, NULL, 1, NULL, NULL, NULL, 1, NULL, NULL, NULL, 1, NULL, 2, 'Refs(2) $25; EV(1) $7; LCR(1) $5; Aca(1) $7', NULL, NULL, NULL, NULL, NULL, NULL),
(293, 90, 'Non-Licensed Package (Refs, Aca, EV)', '39.00', NULL, NULL, NULL, NULL, NULL, NULL, NULL, NULL, NULL, 1, NULL, NULL, NULL, 1, NULL, NULL, NULL, NULL, NULL, 2, 'Refs(2) $25; EV(1) $7; Aca(1) $7', '1', NULL, NULL, NULL, NULL, NULL),
(294, 18, 'Oakland Resident', '52.00', NULL, '1', NULL, NULL, NULL, NULL, NULL, NULL, NULL, 1, 6, NULL, NULL, NULL, NULL, NULL, NULL, 1, NULL, NULL, 'Lists (Sexoff, Corr, OIG, EPLS)\r\nCounties (2 Counties included in Pkg)', '1', NULL, NULL, NULL, NULL, NULL),
(295, NULL, 'Core Check Non-Licensed', '45.00', NULL, '1', NULL, NULL, NULL, NULL, NULL, NULL, NULL, 1, 6, NULL, NULL, 1, NULL, NULL, NULL, NULL, NULL, NULL, 'Crim: Corrections, OIG, EPLS, Sex Off-Nation (Lists) + County (up to 2 counties); Aca (1) Highest Degree; EV (1) within the past 5 years', '1', NULL, NULL, NULL, NULL, NULL),
(296, NULL, 'Core Check Licensed', '55.00', NULL, '1', NULL, NULL, NULL, NULL, NULL, NULL, NULL, 1, 6, NULL, NULL, 1, NULL, NULL, NULL, 1, NULL, NULL, 'Crim: Corrections, OIG, EPLS, Sex Off-Nation (Lists) + County (up to 2 counties); Aca (1) Highest Degree; EV (1) within the past 5 years; LCR (1)', '1', NULL, NULL, NULL, NULL, NULL),
(297, 14, 'Test Package', '100.00', '1', NULL, '1', '1', '1', '1', '1', '1', '1', NULL, 1, 2, 2, NULL, NULL, NULL, NULL, NULL, NULL, NULL, NULL, '1', NULL, NULL, NULL, NULL, NULL),
(298, 66, 'sfd', '9999.99', NULL, NULL, NULL, NULL, NULL, NULL, NULL, NULL, NULL, NULL, NULL, NULL, NULL, NULL, NULL, NULL, NULL, NULL, NULL, NULL, NULL, '1', NULL, NULL, NULL, NULL, NULL),
(299, 18, 'aaaa', '12.00', NULL, NULL, NULL, NULL, NULL, NULL, NULL, NULL, NULL, NULL, NULL, NULL, NULL, NULL, NULL, NULL, NULL, NULL, NULL, NULL, NULL, NULL, NULL, NULL, NULL, NULL, NULL),
(300, 14, 'Miscellaneous', '0.00', NULL, NULL, NULL, NULL, NULL, NULL, NULL, NULL, NULL, NULL, NULL, NULL, NULL, NULL, NULL, NULL, NULL, NULL, NULL, NULL, NULL, '1', NULL, NULL, NULL, 1, NULL),
(301, 108, 'Refs', '50.00', NULL, NULL, NULL, NULL, NULL, NULL, NULL, NULL, NULL, NULL, NULL, NULL, NULL, NULL, NULL, NULL, NULL, NULL, NULL, 2, NULL, '1', '1', NULL, NULL, NULL, 28),
(303, 110, 'Test Package', '35.00', NULL, '1', '1', '1', '1', '1', NULL, NULL, NULL, 1, NULL, 2, NULL, NULL, NULL, NULL, NULL, NULL, NULL, 2, NULL, '1', '1', NULL, NULL, NULL, 30),
(304, 111, 'Standard', '50.00', NULL, '1', '1', '1', '1', '1', '1', '1', '1', 1, 1, 1, 1, 1, 1, 1, 1, 1, 1, 2, NULL, '1', NULL, NULL, NULL, 1, NULL),
(305, 14, 'Package Test', '123.00', '1', '1', NULL, '1', NULL, NULL, NULL, NULL, NULL, 1, 1, 1, 1, 1, 1, 1, 1, 1, 1, 1, NULL, '1', '1', NULL, NULL, 1, 1);

-- --------------------------------------------------------

--
-- Estructura de tabla para la tabla `packages_clients`
--

