CREATE TABLE `packages_clients` (
  `package_id` int(10) UNSIGNED NOT NULL,
  `client_id` int(10) UNSIGNED NOT NULL
) ENGINE=InnoDB DEFAULT CHARSET=utf8;

--
-- Volcado de datos para la tabla `packages_clients`
--

INSERT INTO `packages_clients` (`package_id`, `client_id`) VALUES
(1, 25),
(2, 51),
(2, 65),
(2, 70),
(2, 102),
(3, 20),
(3, 22),
(3, 51),
(3, 65),
(3, 68),
(3, 70),
(3, 72),
(3, 76),
(3, 101),
(3, 102),
(4, 20),
(4, 51),
(4, 65),
(4, 68),
(4, 70),
(4, 76),
(5, 20),
(5, 22),
(5, 51),
(5, 65),
(5, 68),
(5, 70),
(5, 72),
(5, 78),
(5, 101),
(5, 102),
(6, 9),
(6, 20),
(6, 22),
(6, 48),
(6, 51),
(6, 65),
(6, 68),
(6, 70),
(6, 72),
(6, 78),
(6, 80),
(6, 100),
(6, 101),
(6, 102),
(6, 103),
(6, 104),
(7, 25),
(8, 81),
(9, 81),
(10, 29),
(10, 32),
(10, 34),
(10, 39),
(10, 40),
(11, 29),
(11, 34),
(11, 39),
(11, 40),
(12, 29),
(12, 32),
(12, 34),
(12, 39),
(12, 40),
(13, 29),
(13, 32),
(13, 34),
(13, 39),
(13, 40),
(14, 29),
(14, 32),
(14, 39),
(16, 14),
(16, 19),
(16, 35),
(16, 38),
(16, 41),
(16, 127),
(17, 81),
(18, 32),
(18, 34),
(18, 39),
(18, 40),
(19, 99),
(20, 52),
(21, 76),
(22, 81),
(23, 54),
(23, 98),
(23, 121),
(27, 43),
(28, 70),
(29, 73),
(30, 32),
(30, 34),
(30, 40),
(33, 17),
(34, 46),
(36, 34),
(37, 3),
(37, 86),
(37, 150),
(38, 28),
(39, 6),
(39, 7),
(39, 8),
(39, 13),
(39, 107),
(39, 125),
(39, 126),
(39, 145),
(39, 146),
(40, 99),
(41, 32),
(42, 29),
(42, 39),
(42, 40),
(43, 3),
(43, 85),
(43, 86),
(43, 150),
(44, 10),
(45, 5),
(46, 33),
(46, 36),
(47, 33),
(48, 33),
(49, 33),
(49, 36),
(50, 33),
(51, 34),
(52, 44),
(52, 49),
(52, 59),
(52, 95),
(52, 98),
(52, 106),
(52, 114),
(53, 73),
(55, 2),
(56, 3),
(56, 86),
(56, 150),
(57, 3),
(58, 12),
(59, 12),
(60, 12),
(61, 17),
(62, 21),
(63, 21),
(64, 48),
(64, 76),
(65, 45),
(66, 33),
(67, 36),
(70, 33),
(71, 34),
(71, 40),
(72, 33),
(74, 57),
(75, 57),
(76, 57),
(77, 57),
(78, 57),
(79, 27),
(80, 20),
(80, 22),
(80, 51),
(80, 65),
(80, 68),
(80, 72),
(80, 76),
(80, 101),
(80, 102),
(81, 31),
(82, 76),
(83, 29),
(90, 75),
(92, 87),
(93, 55),
(94, 50),
(95, 53),
(96, 40),
(97, 56),
(98, 37),
(101, 4),
(102, 57),
(103, 56),
(104, 66),
(105, 66),
(107, 59),
(108, 91),
(109, 34),
(110, 34),
(111, 34),
(112, 99),
(113, 49),
(113, 59),
(113, 94),
(113, 99),
(113, 106),
(113, 114),
(114, 44),
(114, 54),
(114, 95),
(114, 98),
(114, 121),
(115, 44),
(115, 49),
(115, 59),
(115, 94),
(115, 95),
(115, 99),
(115, 106),
(115, 114),
(116, 2),
(117, 109),
(119, 92),
(120, 3),
(120, 85),
(120, 86),
(120, 118),
(120, 150),
(121, 97),
(124, 97),
(126, 76),
(127, 33),
(130, 3),
(132, 33),
(133, 33),
(134, 33),
(135, 29),
(137, 31),
(139, 96),
(140, 96),
(146, 113),
(147, 113),
(148, 113),
(153, 33),
(153, 122),
(154, 17),
(155, 113),
(156, 113),
(157, 113),
(158, 49),
(159, 85),
(160, 59),
(160, 114),
(160, 121),
(161, 55),
(166, 69),
(168, 69),
(169, 25),
(170, 73),
(171, 3),
(171, 85),
(172, 85),
(173, 57),
(174, 85),
(175, 115),
(176, 81),
(185, 85),
(185, 86),
(185, 118),
(186, 86),
(186, 118),
(187, 118),
(188, 43),
(189, 120),
(190, 120),
(191, 94),
(191, 95),
(191, 99),
(192, 56),
(193, 122),
(194, 119),
(195, 119),
(196, 119),
(197, 119),
(198, 119),
(199, 119),
(200, 46),
(201, 119),
(202, 122),
(203, 119),
(204, 119),
(205, 123),
(206, 57),
(207, 122),
(208, 119),
(209, 122),
(210, 122),
(211, 122),
(212, 123),
(213, 44),
(214, 123),
(215, 123),
(216, 123),
(217, 72),
(217, 100),
(217, 101),
(217, 123),
(218, 62),
(219, 40),
(220, 37),
(221, 56),
(222, 95),
(223, 124),
(224, 124),
(225, 153),
(226, 124),
(227, 124),
(229, 129),
(230, 134),
(231, 37),
(232, 10),
(233, 95),
(234, 98),
(235, 95),
(237, 98),
(243, 21),
(244, 91),
(245, 44),
(245, 49),
(245, 54),
(245, 59),
(245, 94),
(245, 95),
(245, 98),
(245, 99),
(245, 106),
(245, 114),
(245, 121),
(245, 139),
(246, 44),
(246, 49),
(246, 54),
(246, 59),
(246, 94),
(246, 95),
(246, 98),
(246, 99),
(246, 106),
(246, 114),
(246, 121),
(246, 139),
(247, 129),
(248, 138),
(249, 138),
(250, 141),
(251, 141),
(252, 142),
(252, 143),
(252, 144),
(253, 142),
(253, 143),
(253, 144),
(254, 136),
(255, 136),
(256, 136),
(257, 136),
(258, 147),
(259, 147),
(260, 136),
(261, 143),
(262, 136),
(263, 136),
(264, 148),
(265, 148),
(266, 148),
(267, 119),
(269, 27),
(270, 109),
(271, 3),
(271, 85),
(271, 86),
(271, 118),
(271, 150),
(273, 151),
(274, 151),
(275, 29),
(275, 32),
(275, 34),
(275, 39),
(275, 40),
(275, 122),
(275, 147),
(276, 29),
(276, 32),
(276, 34),
(276, 39),
(276, 40),
(276, 122),
(276, 147),
(278, 33),
(278, 36),
(279, 57),
(280, 57),
(281, 119),
(282, 149),
(283, 119),
(284, 113),
(285, 149),
(287, 151),
(288, 155),
(289, 113),
(292, 157),
(293, 157),
(294, 114),
(297, 84),
(297, 91),
(298, 53),
(299, 54),
(300, 84),
(300, 91),
(301, 173),
(301, 174),
(303, 176),
(303, 177),
(304, 178),
(304, 179),
(305, 180);

-- --------------------------------------------------------

--
-- Estructura de tabla para la tabla `packages_crim_macros`
--

CREATE TABLE `packages_crim_macros` (
  `package_id` int(10) UNSIGNED NOT NULL,
  `crim_macro_id` int(10) UNSIGNED NOT NULL
) ENGINE=InnoDB DEFAULT CHARSET=utf8;

--
-- Volcado de datos para la tabla `packages_crim_macros`
--

INSERT INTO `packages_crim_macros` (`package_id`, `crim_macro_id`) VALUES
(1, 13),
(1, 34),
(2, 4),
(2, 6),
(2, 7),
(3, 4),
(3, 6),
(3, 7),
(3, 11),
(3, 22),
(3, 23),
(4, 4),
(4, 6),
(4, 7),
(4, 11),
(4, 22),
(4, 23),
(5, 4),
(5, 6),
(5, 7),
(5, 11),
(5, 22),
(5, 23),
(6, 4),
(6, 6),
(6, 7),
(6, 11),
(6, 22),
(6, 23),
(7, 13),
(7, 34),
(8, 4),
(8, 11),
(8, 22),
(8, 23),
(8, 34),
(9, 4),
(9, 11),
(9, 22),
(9, 23),
(9, 34),
(10, 5),
(10, 13),
(10, 23),
(11, 5),
(11, 13),
(11, 23),
(12, 5),
(12, 13),
(12, 23),
(13, 5),
(13, 13),
(13, 23),
(14, 5),
(14, 13),
(14, 23),
(16, 9),
(16, 11),
(16, 22),
(16, 23),
(16, 34),
(17, 4),
(17, 11),
(17, 22),
(17, 23),
(17, 34),
(18, 5),
(18, 13),
(18, 23),
(19, 5),
(19, 11),
(20, 12),
(21, 6),
(21, 11),
(21, 22),
(21, 23),
(22, 4),
(22, 11),
(22, 22),
(22, 23),
(22, 34),
(23, 5),
(23, 30),
(27, 34),
(28, 4),
(28, 6),
(28, 7),
(29, 4),
(29, 9),
(29, 12),
(30, 5),
(30, 13),
(30, 23),
(33, 28),
(34, 5),
(36, 5),
(36, 13),
(36, 23),
(38, 4),
(38, 9),
(39, 11),
(39, 20),
(39, 21),
(39, 22),
(39, 23),
(39, 28),
(39, 34),
(40, 5),
(40, 11),
(41, 5),
(41, 13),
(41, 23),
(42, 5),
(42, 13),
(42, 23),
(45, 9),
(46, 5),
(46, 13),
(46, 23),
(47, 5),
(47, 13),
(47, 23),
(48, 5),
(48, 13),
(48, 23),
(49, 5),
(49, 13),
(49, 23),
(50, 5),
(50, 13),
(50, 23),
(51, 5),
(51, 13),
(51, 23),
(52, 5),
(52, 22),
(52, 24),
(52, 25),
(52, 26),
(52, 30),
(53, 4),
(53, 9),
(53, 12),
(58, 9),
(58, 21),
(59, 9),
(59, 21),
(60, 9),
(60, 21),
(61, 28),
(62, 4),
(62, 9),
(63, 4),
(63, 9),
(64, 4),
(64, 6),
(64, 11),
(64, 22),
(64, 23),
(65, 11),
(66, 5),
(66, 13),
(66, 23),
(67, 5),
(67, 13),
(67, 23),
(70, 5),
(70, 13),
(70, 23),
(71, 5),
(71, 13),
(71, 23),
(72, 5),
(72, 13),
(72, 23),
(74, 5),
(74, 13),
(74, 23),
(74, 27),
(75, 5),
(75, 13),
(75, 23),
(75, 27),
(76, 5),
(76, 13),
(76, 23),
(76, 27),
(77, 5),
(77, 13),
(77, 23),
(77, 27),
(78, 5),
(78, 13),
(78, 23),
(78, 27),
(79, 9),
(80, 4),
(80, 6),
(80, 7),
(80, 11),
(80, 22),
(80, 23),
(82, 6),
(82, 11),
(82, 22),
(82, 23),
(83, 5),
(83, 13),
(83, 23),
(90, 4),
(90, 8),
(92, 11),
(92, 22),
(92, 23),
(92, 34),
(95, 11),
(95, 34),
(96, 5),
(96, 13),
(96, 23),
(97, 4),
(97, 8),
(98, 4),
(98, 10),
(101, 13),
(101, 34),
(102, 5),
(102, 13),
(102, 23),
(102, 27),
(103, 4),
(103, 8),
(104, 11),
(104, 20),
(104, 22),
(104, 23),
(104, 32),
(105, 11),
(105, 20),
(105, 22),
(105, 23),
(105, 32),
(107, 5),
(107, 30),
(109, 5),
(109, 13),
(109, 23),
(110, 5),
(110, 13),
(110, 23),
(111, 5),
(111, 13),
(111, 23),
(112, 5),
(112, 11),
(113, 5),
(113, 11),
(113, 22),
(113, 24),
(113, 25),
(113, 30),
(114, 5),
(114, 26),
(114, 30),
(115, 5),
(115, 11),
(115, 22),
(115, 24),
(115, 25),
(115, 26),
(115, 30),
(119, 21),
(121, 13),
(121, 20),
(121, 32),
(124, 13),
(124, 20),
(124, 32),
(126, 6),
(126, 11),
(126, 22),
(126, 23),
(127, 5),
(127, 13),
(127, 23),
(132, 5),
(132, 13),
(132, 23),
(133, 5),
(133, 13),
(133, 23),
(134, 5),
(134, 13),
(134, 23),
(135, 5),
(135, 13),
(135, 23),
(139, 21),
(140, 21),
(146, 5),
(146, 11),
(146, 22),
(146, 23),
(147, 5),
(147, 11),
(147, 22),
(147, 23),
(148, 5),
(148, 11),
(148, 22),
(148, 23),
(153, 5),
(153, 11),
(153, 13),
(153, 22),
(153, 23),
(154, 28),
(155, 5),
(155, 11),
(155, 22),
(155, 23),
(156, 5),
(156, 11),
(156, 22),
(156, 23),
(157, 5),
(157, 11),
(157, 22),
(157, 23),
(158, 5),
(158, 25),
(160, 5),
(160, 22),
(160, 30),
(166, 34),
(168, 34),
(169, 13),
(169, 34),
(170, 4),
(170, 9),
(170, 12),
(173, 5),
(173, 13),
(173, 23),
(173, 27),
(175, 21),
(176, 4),
(176, 11),
(176, 22),
(176, 23),
(176, 34),
(188, 34),
(189, 5),
(190, 5),
(191, 5),
(191, 11),
(191, 30),
(192, 4),
(192, 8),
(193, 5),
(193, 11),
(193, 13),
(193, 22),
(193, 23),
(194, 5),
(195, 5),
(196, 5),
(197, 5),
(198, 5),
(199, 5),
(200, 5),
(201, 5),
(202, 5),
(202, 11),
(202, 13),
(202, 22),
(202, 23),
(203, 5),
(204, 5),
(205, 6),
(205, 11),
(205, 22),
(205, 23),
(206, 5),
(206, 13),
(206, 23),
(206, 27),
(207, 5),
(207, 11),
(207, 13),
(207, 22),
(207, 23),
(208, 5),
(209, 5),
(209, 11),
(209, 13),
(209, 22),
(209, 23),
(210, 5),
(210, 11),
(210, 13),
(210, 22),
(210, 23),
(211, 5),
(211, 11),
(211, 13),
(211, 22),
(211, 23),
(212, 6),
(212, 11),
(212, 22),
(212, 23),
(213, 5),
(213, 26),
(214, 6),
(214, 11),
(214, 22),
(214, 23),
(215, 6),
(215, 11),
(215, 22),
(215, 23),
(216, 6),
(216, 11),
(216, 22),
(216, 23),
(217, 4),
(217, 6),
(217, 11),
(217, 22),
(217, 23),
(218, 22),
(218, 34),
(219, 5),
(219, 13),
(219, 23),
(220, 4),
(220, 10),
(221, 4),
(221, 8),
(222, 5),
(222, 30),
(223, 5),
(223, 11),
(223, 13),
(223, 22),
(223, 23),
(224, 5),
(224, 11),
(224, 13),
(224, 22),
(224, 23),
(225, 13),
(225, 34),
(226, 5),
(226, 11),
(226, 13),
(226, 22),
(226, 23),
(227, 5),
(227, 11),
(227, 13),
(227, 22),
(227, 23),
(229, 13),
(229, 20),
(229, 21),
(230, 13),
(230, 22),
(230, 34),
(231, 4),
(231, 10),
(233, 5),
(233, 30),
(234, 5),
(235, 5),
(235, 30),
(237, 5),
(243, 4),
(243, 9),
(245, 5),
(245, 11),
(245, 22),
(245, 24),
(245, 25),
(245, 26),
(245, 30),
(246, 5),
(246, 11),
(246, 22),
(246, 24),
(246, 25),
(246, 26),
(246, 30),
(247, 13),
(247, 20),
(247, 21),
(248, 5),
(248, 13),
(248, 22),
(248, 23),
(249, 5),
(249, 13),
(249, 22),
(249, 23),
(250, 13),
(250, 20),
(250, 21),
(251, 13),
(251, 20),
(251, 21),
(252, 5),
(252, 13),
(252, 22),
(253, 5),
(253, 13),
(253, 22),
(254, 10),
(255, 10),
(256, 10),
(257, 10),
(258, 5),
(258, 11),
(258, 13),
(258, 22),
(258, 23),
(259, 5),
(259, 11),
(259, 13),
(259, 22),
(259, 23),
(260, 10),
(261, 5),
(261, 13),
(261, 22),
(262, 10),
(263, 10),
(264, 35),
(265, 35),
(266, 35),
(267, 5),
(269, 9),
(273, 5),
(273, 13),
(274, 5),
(274, 13),
(275, 5),
(275, 11),
(275, 13),
(275, 22),
(275, 23),
(276, 5),
(276, 11),
(276, 13),
(276, 22),
(276, 23),
(278, 5),
(278, 13),
(278, 23),
(279, 5),
(279, 13),
(279, 23),
(279, 27),
(280, 5),
(280, 13),
(280, 23),
(280, 27),
(281, 5),
(283, 5),
(284, 5),
(284, 11),
(284, 22),
(284, 23),
(287, 5),
(287, 13),
(288, 10),
(289, 5),
(289, 11),
(289, 22),
(289, 23),
(294, 5),
(294, 22),
(297, 24);

-- --------------------------------------------------------

--
-- Estructura de tabla para la tabla `recruiters`
--

CREATE TABLE `recruiters` (
  `id` int(10) UNSIGNED NOT NULL,
  `organization_id` int(10) UNSIGNED DEFAULT NULL,
  `first_name` varchar(50) NOT NULL,
  `last_name` varchar(50) NOT NULL,
  `email` varchar(100) NOT NULL,
  `phone` varchar(50) NOT NULL,
  `fax` varchar(50) DEFAULT NULL,
  `passwd` char(128) DEFAULT NULL,
  `passwd_changed_ts` datetime DEFAULT NULL,
  `last_login` datetime DEFAULT NULL,
  `is_release_dropdown` char(1) DEFAULT NULL,
  `is_release_notif` char(1) DEFAULT NULL,
  `is_auth_notif` char(1) DEFAULT NULL,
  `is_inprocess_notif` char(1) DEFAULT NULL,
  `is_close_notif` char(1) DEFAULT NULL,
  `email_cc` varchar(255) DEFAULT NULL,
  `is_app_auth` char(1) DEFAULT NULL,
  `is_order_status` char(1) DEFAULT NULL,
  `is_crim_section` char(1) DEFAULT NULL,
  `is_active` char(1) DEFAULT NULL,
  `is_ievals` char(1) DEFAULT NULL,
  `is_ievals_lead_db` char(1) DEFAULT NULL,
  `itrims_user_id` int(11) DEFAULT NULL,
  `inactive_reason` int(4) DEFAULT NULL
) ENGINE=InnoDB DEFAULT CHARSET=utf8;

--
-- Volcado de datos para la tabla `recruiters`
--

INSERT INTO `recruiters` (`id`, `organization_id`, `first_name`, `last_name`, `email`, `phone`, `fax`, `passwd`, `passwd_changed_ts`, `last_login`, `is_release_dropdown`, `is_release_notif`, `is_auth_notif`, `is_inprocess_notif`, `is_close_notif`, `email_cc`, `is_app_auth`, `is_order_status`, `is_crim_section`, `is_active`, `is_ievals`, `is_ievals_lead_db`, `itrims_user_id`, `inactive_reason`) VALUES
(3, 1, 'Nick', 'Iannucci', 'Nick.Iannucci@stjohn.org', '5867531322', '5867531280', '5bf04c9ad8454f7a882a3d6423b958d8b3fb73d5a3642738cfe831a4f2acb3a3590d1c4b266b670f0880ed6cbdd6e94dc59a1a5204f90e347667501fda840382', NULL, NULL, '1', '1', '1', '1', '1', NULL, '1', '1', '1', '1', '1', '1', NULL, NULL),
(4, NULL, 'Antoine', 'Caltoum', 'mailbox@referencecompany.com', '5862281022', NULL, '2825571ec7775019ea388b767564777e', NULL, '2015-06-01 13:33:00', '1', '1', '1', '1', '1', NULL, '1', '1', '1', NULL, '1', '1', NULL, NULL),
(5, 18, 'Jennifer', 'Rogowski', 'Jennifer.Rogowski@mclaren.org', '5867414052', NULL, 'b18227ac14f3d07485ae28531a8d1e42', NULL, NULL, '1', '1', '1', '1', '1', NULL, '1', '1', '1', '1', '1', '1', NULL, NULL),
(6, 18, 'Lance', 'Pittman', 'Lance.Pittman@mclaren.org', '5867414189', NULL, '76e2c23ece6214e20e5aa9ae7f59f9c9', NULL, '2015-06-02 11:19:00', '1', '1', '1', '1', '1', NULL, '1', '1', '1', NULL, '1', '1', NULL, NULL),
(9, 2, 'Debra', 'Mancini', 'dmancin1@hfhs.org', '3138746785', NULL, 'e031172a26629d6f14a387a0825dd309', NULL, NULL, '1', '1', '1', '1', '1', NULL, '1', '1', '1', '1', NULL, NULL, NULL, NULL),
(10, NULL, 'Myra', 'Kowal', 'mkowal1@hfhs.org', '7342467346', NULL, 'ee0436e2bbffea899a517fa35fca0e96', NULL, '2011-01-04 13:03:00', '1', '1', '1', '1', '1', NULL, '1', '1', '1', NULL, NULL, NULL, NULL, NULL),
(11, 2, 'Erin', 'Moser', 'emoser1@hfhs.org', '2487230292', NULL, '1f4be615c3846e49fe2adb46b27420c4', NULL, NULL, '1', '1', '1', '1', '1', NULL, '1', '1', '1', '1', NULL, NULL, NULL, NULL),
(12, 2, 'Zynita', 'Harper', 'zharper1@hfhs.org', '2488533630', NULL, '894eb2da378c2f4c23922d7ad4aa1652', NULL, '2013-03-14 16:38:00', '1', '1', '1', '1', '1', NULL, '1', '1', '1', NULL, NULL, NULL, NULL, NULL),
(14, 2, 'Lisa', 'Syacsure', 'lventim1@hfhs.org', '5862632802', NULL, 'ed14f4a4d7ecddb6dae8e54900300b1e', NULL, '2010-08-10 10:34:00', '1', '1', '1', '1', '1', NULL, '1', '1', '1', NULL, NULL, NULL, NULL, NULL),
(15, 13, 'Patti', 'Lecznar', 'pleczna1@hfhs.org', '3136402631', NULL, '077047fee71e96537b4fd43620bc7883', NULL, '2010-06-14 10:14:00', '1', '1', '1', '1', '1', NULL, '1', '1', '1', NULL, NULL, NULL, NULL, NULL),
(16, NULL, 'Ivonne', 'Allen', 'iallen2@hfhs.org', '3138743949', NULL, '25efd5e0875c669e6a5a6cdf96e2cace', NULL, '2012-02-23 14:53:00', '1', '1', '1', '1', '1', NULL, '1', '1', '1', NULL, NULL, NULL, NULL, 1),
(17, 2, 'Bernice', 'Cheatem', 'bcheate1@hfhs.org', '3136403372', NULL, '0f7e223ad977431865ebe310dff119f7', NULL, NULL, '1', '1', '1', '1', '1', NULL, '1', '1', '1', NULL, NULL, NULL, NULL, NULL),
(18, 2, 'Chaunta', 'Marshall', 'cmarsha2@hfhs.org', '3138746256', NULL, 'a469724ea4ac706a5450a1a0ba13f267', NULL, NULL, '1', '1', '1', '1', '1', NULL, '1', '1', '1', '1', NULL, NULL, NULL, NULL),
(19, 2, 'Nancy', 'Dye', 'ndye1@hfhs.org', '3138761396', NULL, 'b32e48fe4fa809010cbe3c959393de5f', NULL, NULL, '1', '1', '1', '1', '1', NULL, '1', '1', '1', '1', NULL, NULL, NULL, NULL),
(23, 2, 'Emmy', 'Verdis', 'averdis1@hfhs.org', '2486617932', NULL, 'fdcba3cf415bc8ab7744be2a08a58969', NULL, '2012-10-01 07:44:00', '1', '1', '1', '1', '1', NULL, '1', '1', '1', NULL, NULL, NULL, NULL, NULL),
(24, NULL, 'Bronwyn', 'Davis', 'bdavis_1@hfhs.org', '3138743609', NULL, '6aab5dd82df35c0177c8ab3c0d3713b0', NULL, '2014-01-20 09:23:00', '1', '1', '1', '1', '1', NULL, '1', '1', '1', NULL, NULL, NULL, NULL, NULL),
(25, 2, 'Yvonne', 'Brown', 'ybrown1@hfhs.org', '7342468864', '7342466931', 'fb6a17cb72bc0e353e224bc13da6bb1e', NULL, NULL, '1', '1', '1', '1', '1', NULL, '1', '1', '1', '1', NULL, NULL, NULL, NULL),
(26, NULL, 'Jennifer', 'Bowman', 'jbowman1@hfhs.org', '2487230263', NULL, '1660fe5c81c4ce64a2611494c439e1ba', NULL, '2012-02-07 11:49:00', '1', '1', '1', '1', '1', NULL, '1', '1', '1', NULL, NULL, NULL, NULL, NULL),
(27, 2, 'Rebekka', 'Parker', 'rparker4@hfhs.org', '5862632821', NULL, '47214bcbbae7020c33332b09a8baf7cf', NULL, NULL, '1', '1', '1', '1', '1', NULL, '1', '1', '1', '1', NULL, NULL, NULL, NULL),
(28, NULL, 'Alane', 'Brenner', 'abrenne1@hfhs.org', '2487230247', NULL, 'a940fe6522ed7ab6eed0fe28c934db78', NULL, '2012-06-01 16:07:00', '1', '1', '1', '1', '1', NULL, '1', '1', '1', NULL, NULL, NULL, NULL, NULL),
(29, NULL, 'Greg', 'Johnson', 'gjohnson@7south.com', '2487651700', '8665069680', '780bc55e9d2dea601ca15621b622bb2b', NULL, '2012-04-27 15:07:00', '1', '1', '1', '1', '1', NULL, '1', '1', '1', NULL, NULL, NULL, NULL, NULL),
(33, 1, 'Kelley', 'Fildew', 'Kelley.Fildew@stjohn.org', '5867531329', NULL, 'cc33dfab5e47c11f6ac85c430b07f9a5', NULL, '2013-08-12 08:25:00', '1', '1', '1', '1', '1', NULL, '1', '1', '1', NULL, NULL, NULL, NULL, NULL),
(34, NULL, 'Amy', 'Frechette', 'Amy.Frechette@stjohn.org', '1111111111', NULL, 'ba8d99605da8ff63869814fcacf7ab86', NULL, '2010-09-13 07:22:00', '1', '1', '1', '1', '1', NULL, '1', '1', '1', NULL, NULL, NULL, NULL, NULL),
(35, 1, 'Debbie', 'Cooper', 'Debbie.Cooper@stjohn.org', '5865735375', '5867531280', '0c738b0bccbe5f5beb26a8541763099f', NULL, NULL, '1', '1', '1', '1', '1', NULL, '1', '1', '1', NULL, NULL, NULL, NULL, NULL),
(39, 1, 'Karen', 'Borski', 'Karen.Borski@stjohn.org', '5867531326', NULL, 'ca02e41f8258c89957c1b648f4674df5', NULL, '2010-09-13 12:05:00', '1', '1', '1', '1', '1', NULL, '1', '1', '1', NULL, NULL, NULL, NULL, NULL),
(40, 1, 'Amanda', 'Kouki', 'Amanda.Kouki@stjohn.org', '5865735128', NULL, '5f59a84b5bf15f3eaf851a3a5f8b6ee6', NULL, NULL, '1', '1', '1', '1', '1', NULL, '1', '1', '1', NULL, NULL, NULL, NULL, NULL),
(45, NULL, 'Tracey', 'Meek', 'Tracey.Meek@stjohn.org', '3133437491', NULL, 'ee7254e2d33bee94a7efabeaa4e5eab7', NULL, '2013-05-06 09:47:00', '1', '1', '1', '1', '1', NULL, '1', '1', '1', NULL, NULL, NULL, NULL, NULL),
(46, NULL, 'Len', 'Muss', 'Len.Muss@stjohn.org', '5867531323', NULL, '3813b6db6edbfdef5c6c21e6c4003e15', NULL, '2010-01-25 12:14:00', '1', '1', '1', '1', '1', NULL, '1', '1', '1', NULL, NULL, NULL, NULL, NULL),
(49, 1, 'Kevin', 'Ramsey', 'Kevin.Ramsey@stjohn.org', '5867531328', NULL, '2e7d99d5585a79122260c9484c941ae5', NULL, '2014-08-28 10:04:00', '1', '1', '1', '1', '1', NULL, '1', '1', '1', NULL, NULL, NULL, NULL, NULL),
(50, 1, 'Michelle', 'Rivera', 'Michelle.Rivera@stjohn.org', '2488495405', NULL, '2f25c0f8838613648e16502c93d78d87', NULL, '2012-09-14 11:09:00', '1', '1', '1', '1', '1', NULL, '1', '1', '1', NULL, NULL, NULL, NULL, NULL),
(53, NULL, 'Bev', 'Ventimiglia-Repp', 'Bev.Ventimiglia-Repp@stjohn.org', '3133437059', '3133437495', 'b28e0579365f8bbf6abb8f7df4fbcbc6', NULL, '2012-12-21 08:32:00', '1', '1', '1', '1', '1', NULL, '1', '1', '1', NULL, NULL, NULL, NULL, NULL),
(55, NULL, 'Rich', 'Kenny', 'rkenny1@hfhs.org', '3138745427', NULL, '386fada03cef5d2db16010e6dd9f6057', NULL, '2011-04-15 15:23:00', '1', '1', '1', '1', '1', NULL, '1', '1', '1', NULL, NULL, NULL, NULL, NULL),
(56, 2, 'Ron', 'Scott', 'rscott3@hfhs.org', '3138747321', NULL, 'afb39e779b0ef6f4c2202f644e6864c4', NULL, NULL, '1', '1', '1', '1', '1', NULL, '1', '1', '1', '1', NULL, NULL, NULL, NULL),
(57, 2, 'Toni', 'Hunter', 'thunter2@hfhs.org', '3138768464', NULL, '30b1762098ea0a32616c76ae10adeb91', NULL, '2012-08-22 09:29:00', '1', '1', '1', '1', '1', NULL, '1', '1', '1', NULL, NULL, NULL, NULL, NULL),
(59, 2, 'Shanna', 'Garrison', 'sgarris3@hfhs.org', '3138743997', '3138747303', 'f024d949b32eed15180bf7af2ff9ddfe', NULL, NULL, '1', '1', '1', '1', '1', NULL, '1', '1', '1', '1', NULL, NULL, NULL, NULL),
(61, NULL, 'Bonnie', 'Popp', 'bpopp1@hfhs.org', '3138746947', NULL, '55380f908200d63483999dec2ac64847', NULL, '2011-05-19 08:07:00', '1', '1', '1', '1', '1', NULL, '1', '1', '1', NULL, NULL, NULL, NULL, NULL),
(62, NULL, 'Susan', 'Theakston', 'susanthe@mclaren.org', '8103424085', NULL, '512a20e7c513ed1f1b0f964fff92bfcb', NULL, '2011-05-18 16:42:00', '1', '1', '1', '1', '1', NULL, '1', '1', '1', NULL, NULL, NULL, NULL, NULL),
(63, 18, 'Yolanda', 'Lemmer', 'Yolanda.Lemmer@mclaren.org', '8103422533', NULL, 'adf824325785de16ac960071bb1fcdad', NULL, '2015-06-03 08:29:00', '1', '1', '1', '1', '1', NULL, '1', '1', '1', NULL, '1', '1', NULL, NULL),
(64, NULL, 'Sharon', 'Potvin', 'SharonP@Mclaren.org', '8103422744', NULL, '215a6517848319b70f3f450da480d888', NULL, '2010-10-22 09:51:00', '1', '1', '1', '1', '1', NULL, '1', '1', '1', NULL, NULL, NULL, NULL, NULL),
(65, 2, 'Beth', 'Maveal', 'Bmaveal1@hfhs.org', '3138761395', NULL, '687b30372dbec5b6788ead382e56ce78', NULL, NULL, '1', '1', '1', '1', '1', NULL, '1', '1', '1', '1', NULL, NULL, NULL, NULL),
(66, 8, 'Vickie', 'Patterson', 'vpatter1@hfhs.org', '3138744696', NULL, 'ff55749987998bcd57cbe67eaea6dc65', NULL, NULL, '1', '1', '1', '1', '1', NULL, '1', '1', '1', '1', NULL, NULL, NULL, NULL),
(68, 50, 'Karen', 'Everett', 'karen.everett@beaumont.edu', '5864984987', '5864984956', 'be61b44faa447a8d7236fe8b4025794f', NULL, '2015-06-02 10:15:00', '1', '1', '1', '1', '1', NULL, '1', '1', '1', NULL, NULL, NULL, NULL, NULL),
(70, 3, 'Alania', 'Moody', 'alania.moody@mercymemorial.org', '7342404416', '7342404410', 'cb212d40322bdc55a0295ac81c0ecce3b1e0d6865c1f0b08531d03d0f6133bc8b6f0931031a54f70b3b25004ffbfe0e7da054082602dae1c004f6f63f71d4491', '2015-07-14 15:01:25', '2015-07-14 15:01:38', '1', '1', '1', '1', '1', NULL, '1', '1', '1', NULL, NULL, NULL, NULL, NULL),
(71, 3, 'Teressa', 'Hopkins', 'teressa.hopkins@mercymemorial.org', '7342404403', '7342404410', '155b29a08147bd5a93f61bbfbfd6d9ef', NULL, NULL, '1', '1', '1', '1', '1', NULL, '1', '1', '1', '1', NULL, NULL, NULL, NULL),
(72, 3, 'Maureen', 'Henson', 'maureen.henson@mercymemorial.org', '7342404402', '7342404410', '6b1d0dd49af111efd6eb87af10c7cc1d', NULL, '2012-07-24 11:24:00', '1', '1', '1', '1', '1', NULL, '1', '1', '1', NULL, NULL, NULL, NULL, NULL),
(75, 21, 'Lisa', 'Killinger', 'lisamkillinger@aol.com', '2485934638', NULL, '692cebbe66c83cddcc9a6444df1ac689', NULL, '2014-08-06 15:34:00', '1', '1', '1', '1', '1', NULL, '1', '1', '1', NULL, NULL, NULL, NULL, NULL),
(76, 21, 'Martha', 'Day', 'mday@fourmidable.com', '2485934639', '2485934636', '3bf427a25fad0d62f3eaae432215dbc7', NULL, '2015-05-26 11:07:00', '1', '1', '1', '1', '1', NULL, '1', '1', '1', NULL, NULL, NULL, NULL, NULL),
(78, 2, 'John', 'Poma', 'jpoma1@hfhs.org', '5862632823', NULL, 'af02b961dde6954935e417d04330d3b9', NULL, NULL, '1', '1', '1', '1', '1', NULL, '1', '1', '1', '1', NULL, NULL, NULL, NULL),
(79, NULL, 'Jan', 'Harrington-davis', 'harringt@hfhs.org', '5862632804', NULL, 'e68564f23e0e939acea76dc3d2bc01bf', NULL, '2010-09-13 09:38:00', '1', '1', '1', '1', '1', NULL, '1', '1', '1', NULL, NULL, NULL, NULL, NULL),
(80, 2, 'Jennifer', 'Landers', 'jlander1@hfhs.org', '5862632827', NULL, '1660fe5c81c4ce64a2611494c439e1ba', NULL, NULL, '1', '1', '1', '1', '1', NULL, '1', '1', '1', NULL, NULL, NULL, NULL, NULL),
(81, NULL, 'Tom', 'Kosciolek', 'kosciolt@hfhs.org', '5862222222', NULL, 'e210b03777b34c41b187205ae1c1eac3', NULL, '2012-03-26 08:49:00', '1', '1', '1', '1', '1', NULL, '1', '1', '1', NULL, NULL, NULL, NULL, NULL),
(82, NULL, 'Judy', 'Resk', 'reskj@hfhs.org', '5862632816', NULL, 'c6a1ca47b645f4c4b786ce951f8d26a7', NULL, '2010-09-10 11:31:00', '1', '1', '1', '1', '1', NULL, '1', '1', '1', NULL, NULL, NULL, NULL, NULL),
(83, 9, 'Sandy', 'Lavender', 'slavender@clarkhill.com', '3139658316', NULL, '9a2c411943f0ab992f2abcbaf7003a71', NULL, '2015-05-29 08:57:00', '1', '1', '1', '1', '1', NULL, '1', '1', '1', NULL, NULL, NULL, NULL, NULL),
(84, NULL, 'Monica', 'Slussar', 'slussarm@sysmex.com', '8479964632', NULL, 'a7bb96a0bd2e3b5ee45540afda73550f', NULL, '2011-04-26 16:28:00', '1', '1', '1', '1', '1', NULL, '1', '1', '1', NULL, NULL, NULL, NULL, NULL),
(85, 72, 'Barbara', 'Villano', 'barbara.villano@bhemail.com', '9197674330', NULL, 'd96feabde4137ba79351409fa0590239', NULL, '2013-06-11 12:13:00', '1', '1', '1', '1', '1', NULL, '1', '1', '1', NULL, NULL, NULL, NULL, NULL),
(86, 2, 'Lisa', 'Minter', 'lminter1@hfhs.org', '3138761314', NULL, 'd6f6503924b6916586329ee826a527ef', NULL, NULL, '1', '1', '1', '1', '1', NULL, '1', '1', '1', '1', NULL, NULL, NULL, NULL),
(87, NULL, 'Gigi', 'Oleson', 'goleson1@hfhs.org', '5862632824', '5862632803', 'ec0c8fe7ad80dfe93c0de35448b1d581', NULL, '2012-06-29 09:39:00', '1', '1', '1', '1', '1', NULL, '1', '1', '1', NULL, NULL, NULL, NULL, NULL),
(88, NULL, 'Chris', 'Waltz', 'waltzc@hfhs.org', '5867592223', '5867597423', '1731e8ab09f2856f83c5ed9f5af5e2d1', NULL, '2010-08-20 13:54:00', '1', '1', '1', '1', '1', NULL, '1', '1', '1', NULL, NULL, NULL, NULL, NULL),
(89, 9, 'Brian', 'Stanton', 'bstanton@clarkhill.com', '3139658330', NULL, '41b77410a52ab6f7bd6512f152f8e77c', NULL, NULL, '1', '1', '1', '1', '1', NULL, '1', '1', '1', '1', NULL, NULL, NULL, NULL),
(90, 9, 'Kelly', 'Matthew', 'kmatthew@clarkhill.com', '1111111111', NULL, '925e62e0f1ccb4872825acf326628f3f', NULL, '2014-03-25 14:49:00', '1', '1', '1', '1', '1', NULL, '1', '1', '1', NULL, NULL, NULL, NULL, NULL),
(91, 13, 'Betty', 'Brown', 'bbrown3@hfhs.org', '3139161876', NULL, '82b054bd83ffad9b6cf8bdb98ce3cc2f', NULL, '2012-11-14 07:36:00', '1', '1', '1', '1', '1', NULL, '1', '1', '1', NULL, NULL, NULL, NULL, NULL),
(92, 13, 'Ma-Shelle', 'Barr', 'mbarr1@hfhs.org', '3139161876', NULL, '98e27b28c0c85f0369a9cdc8b7d6d5c4', NULL, '2012-12-05 12:15:00', '1', '1', '1', '1', '1', NULL, '1', '1', '1', NULL, NULL, NULL, NULL, NULL),
(95, 75, 'Rebecca', 'Matthews', 'rebecca.matthews@groupassociates.com', '2485932896', '2485932055', 'a1e8f5d8bfb60b41db8935071e1db893', NULL, '2013-09-27 14:53:00', '1', '1', '1', '1', '1', NULL, '1', '1', '1', NULL, NULL, NULL, NULL, NULL),
(97, NULL, 'Jack', 'Colliton', 'jcollito@ford.com', '3133900102', '3133901718', '072c01f9650bfd837aa68bc5c36a622e', NULL, '2011-01-26 10:41:00', '1', '1', '1', '1', '1', NULL, '1', '1', '1', NULL, NULL, NULL, NULL, NULL),
(100, 73, 'Kathy', 'Sapikowski', 'info@corpcleaninc.com', '8105997375', NULL, '1140d2f6b47407a42490b9a20b20eb4f', NULL, NULL, '1', '1', '1', '1', '1', NULL, '1', '1', '1', '1', NULL, NULL, NULL, NULL),
(106, NULL, 'Adria', 'Trieskey', 'adriat@dietzpropertygroup.com', '5175467773', NULL, 'cba7fd79e3f4e142fdbd0be69eb45c6a', NULL, NULL, '1', '1', '1', '1', '1', NULL, '1', '1', '1', NULL, NULL, NULL, NULL, NULL),
(107, 33, 'Ann', 'Collins', 'acollins@dietzpropertygroup.com', '2483413989', '2486463744', '71771c91192ae22691d6c91876672c4f', NULL, '2014-06-10 13:12:00', '1', '1', '1', '1', '1', NULL, '1', '1', '1', NULL, NULL, NULL, NULL, NULL),
(111, 14, 'Recruiter', 'Name', 'demo2@referencecompany.com', '1111111111', NULL, 'b4ca7198568e0b881e8a149bfc045862', NULL, '2014-01-08 10:08:00', '1', '1', '1', '1', '1', NULL, '1', '1', '1', NULL, NULL, NULL, NULL, NULL),
(112, 3, 'Gigi', 'Diaz', 'gigi.diaz@mercymemorial.org', '7342404408', NULL, '8a1cb1c4767a76ec5204183df50a7e16', NULL, '2009-11-13 08:30:00', '1', '1', '1', '1', '1', NULL, '1', '1', '1', NULL, NULL, NULL, NULL, NULL),
(113, 8, 'Renny', 'Sutherland', 'rsuther1@hfhs.org', '3138748398', NULL, '7a3bbf55f5bd642bbd1a3e6dddaacec8', NULL, '2014-05-01 11:11:00', '1', '1', '1', '1', '1', NULL, '1', '1', '1', NULL, NULL, NULL, NULL, NULL),
(114, 8, 'Katina', 'Johnson', 'kjohnso6@hfhs.org', '3138744688', NULL, 'd881e925d31f7dacdfb757e540ab290a', NULL, '2014-09-09 09:56:00', '1', '1', '1', '1', '1', NULL, '1', '1', '1', NULL, NULL, NULL, NULL, NULL),
(115, 18, 'Mary', 'Schaefer', 'Mary.Schaefer@mclaren.org', '8107339545', NULL, '3aa5ca5e94804e8fc4998ffe7d8b1003', NULL, '2015-05-19 09:03:00', '1', '1', '1', '1', '1', NULL, '1', '1', '1', NULL, '1', '1', NULL, NULL),
(116, 10, 'Adrienne', 'Crawford', 'adrienne.crawford@roi-1.com', '2485729601', '2483409277', '60069ef113ec3c9bb3a81d6bb5e1653c', NULL, NULL, '1', '1', '1', '1', '1', NULL, '1', '1', '1', '1', NULL, NULL, NULL, NULL),
(117, 10, 'Jen', 'Zimmerman', 'jen.zimmerman@roi-1.com', '2483409200', NULL, '1660fe5c81c4ce64a2611494c439e1ba', NULL, '2012-11-19 09:59:00', '1', '1', '1', '1', '1', NULL, '1', '1', '1', NULL, NULL, NULL, NULL, NULL),
(123, 58, 'Kevin', 'Claxton', 'kclaxto1@hfhs.org', '2483250177', 'kulrich', 'da3b29b931f5a20ac9fe54a5c14a2e3a', NULL, NULL, '1', '1', '1', '1', '1', NULL, '1', '1', '1', '1', NULL, NULL, NULL, NULL),
(124, 12, 'Peggy', 'Ciaravino', 'Margaret.ciaravino@stjohn.org', '5867531036', NULL, 'aa4bdfd77b41447525fa0aa9e7d96373', NULL, NULL, '1', '1', '1', '1', '1', NULL, '1', '1', '1', '1', NULL, NULL, NULL, NULL),
(126, NULL, 'Ursula', 'Angel', 'angelu@sysmex.com', '8479964595', NULL, '780bc55e9d2dea601ca15621b622bb2b', NULL, '2011-02-14 18:05:00', '1', '1', '1', '1', '1', NULL, '1', '1', '1', NULL, NULL, NULL, NULL, NULL),
(128, 33, 'Shar', 'Maheu', 'shar@dietzpropertygroup.com', '2483413347', '2486463744', 'eabd8ce9404507aa8c22714d3f5eada9', NULL, '2013-05-22 17:12:00', '1', '1', '1', '1', '1', NULL, '1', '1', '1', NULL, NULL, NULL, NULL, NULL),
(129, NULL, 'Deb', 'Kowalski', 'dkowals1@hfhs.org', '2483251555', NULL, '38db7ce1861ee11b6a231c764662b68a', NULL, '2011-01-25 14:44:00', '1', '1', '1', '1', '1', NULL, '1', '1', '1', NULL, NULL, NULL, NULL, NULL),
(132, 12, 'Leah', 'Danescu', 'leah.danescu@stjohn.org', '5867531048', NULL, 'b7ae4327b8983b54d378f00662cdcb83', NULL, '2013-12-13 09:38:00', '1', '1', '1', '1', '1', NULL, '1', '1', '1', NULL, NULL, NULL, NULL, NULL),
(133, NULL, 'Lisa', 'Allen', 'lisa.allen@stjohn.org', '5867531030', NULL, '2830d97fa9b4779ebcae997aa646bc25', NULL, '2012-10-11 11:52:00', '1', '1', '1', '1', '1', NULL, '1', '1', '1', '1', NULL, NULL, NULL, NULL),
(134, 12, 'Mary', 'Grodus', 'mary.grodus@stjohn.org', '5867531032', NULL, '4cea536b352566051462076375ce2ae6', NULL, '2010-09-10 17:14:00', '1', '1', '1', '1', '1', NULL, '1', '1', '1', NULL, NULL, NULL, NULL, NULL),
(135, NULL, 'Kellie', 'Smigiel', 'kellie.smigiel@stjohn.org', '5867531050', NULL, '62f104e0954b9b355b0d4407e312ace3', NULL, '2012-07-23 15:47:00', '1', '1', '1', '1', '1', NULL, '1', '1', '1', NULL, NULL, NULL, NULL, NULL),
(136, 12, 'Debbie', 'Townsend', 'debbie.townsend@stjohn.org', '5867531294', NULL, '02affd97eb5a49f03be9ff29dbd4e94f', NULL, '2010-09-09 08:21:00', '1', '1', '1', '1', '1', NULL, '1', '1', '1', NULL, NULL, NULL, NULL, NULL),
(137, 12, 'Christina', 'Pittinato', 'Christina.pittinato@stjohn.org', '5867531028', NULL, 'b4ffda1171cdccea852f696fda0bb101', NULL, NULL, '1', '1', '1', '1', '1', NULL, '1', '1', '1', NULL, NULL, NULL, NULL, NULL),
(138, NULL, 'Janet', 'Krajnovic', 'jkrajno1@hfhs.org', '3138746228', NULL, '05a9ca558a3aeac9fbde79069f2ef97c', NULL, NULL, '1', '1', '1', '1', '1', NULL, '1', '1', '1', NULL, NULL, NULL, NULL, NULL),
(139, 8, 'Debra', 'Peterson', 'dpeters1@hfhs.org', '3138743225', '3138744677', '30b3443e0fffaa106faf3dc9afda6bfd', NULL, '2015-05-27 09:47:00', '1', '1', '1', '1', '1', NULL, '1', '1', '1', NULL, NULL, NULL, NULL, NULL),
(140, 71, 'Ken', 'Sochowicz', 'ksochowicz@argent-international.com', '7345641419', NULL, '9e550e50a44cebc476fde7d6b2c42f3e', NULL, '2015-05-06 09:07:00', '1', '1', '1', '1', '1', NULL, '1', '1', '1', NULL, NULL, NULL, NULL, NULL),
(141, 8, 'Patricia', 'Torres', 'ptorres1@hfhs.org', '3138747206', NULL, 'e312f02f92f2119e79c92efed172bcd6', NULL, '2014-06-16 10:41:00', '1', '1', '1', '1', '1', NULL, '1', '1', '1', NULL, NULL, NULL, NULL, NULL),
(142, 58, 'April', 'Eich', 'aeich@coles.com', '3196653131', '3196653151', '30fb28becd41d5f273d7dd96c06692a3', NULL, '2014-06-02 14:49:00', '1', '1', '1', '1', '1', NULL, '1', '1', '1', NULL, NULL, NULL, NULL, NULL),
(143, 58, 'Karen', 'Frazier', 'kfrazier@coles.com', '2317221651', NULL, '0311666bad8e82cae63dca9ad63b6233', NULL, '2015-05-18 08:33:00', '1', '1', '1', '1', '1', NULL, '1', '1', '1', NULL, NULL, NULL, NULL, NULL),
(145, NULL, 'Lea', 'Crenshaw', 'wcrensh1@hfhs.org', '3138743257', NULL, '812b94eb454835665e25797809c1d137', NULL, '2010-06-18 11:22:00', '1', '1', '1', '1', '1', NULL, '1', '1', '1', NULL, NULL, NULL, NULL, NULL),
(146, 79, 'Vance', 'Hagen', 'ivmanor@sbcglobal.net', '3138247704', NULL, '5d8896eb8d4408601cc9e9e387020d1a', NULL, '2014-08-13 11:13:00', '1', '1', '1', '1', '1', NULL, '1', '1', '1', NULL, NULL, NULL, NULL, NULL),
(147, 2, 'Faye', 'Burke', 'WBURKE1@HFHS.ORG', '3138761397', '3138747303', 'e0fb63f484ce11ceb118bf9fff4503170acd2a7cd5036e20964170842971ea4ff65741489ec825c6c4f5b57f95673e5cef6d4832e00ab8ddfccabb4e7e061383', '2016-10-26 09:49:10', '2016-10-26 09:49:17', '1', NULL, NULL, '1', '1', 'test@hfhs.org', '1', '1', '1', '1', NULL, NULL, NULL, NULL),
(148, 10, 'Sally', 'Geer', 'sally.geer@pmphp.com', '5173692112', NULL, '10fea0276f91f52c2d3cb258a6d6b615', NULL, '2015-02-13 13:36:00', '1', '1', '1', '1', '1', NULL, '1', '1', '1', NULL, NULL, NULL, NULL, NULL),
(149, 35, 'Michael', 'Campbell', 'michael.campbell@stjohn.org', '2488495851', NULL, '1eeb8a1b71ca019259216fe234a9a246', NULL, '2012-05-09 15:26:00', '1', '1', '1', '1', '1', NULL, '1', '1', '1', NULL, NULL, NULL, NULL, NULL),
(150, 1, 'Chontelle', 'Glenn', 'Chontelle.Glenn@stjohn.org', '2488498079', NULL, '1d24f9db74332e0345d6810d33b5169e', NULL, '2014-01-30 14:37:00', '1', '1', '1', '1', '1', NULL, '1', '1', '1', NULL, NULL, NULL, NULL, NULL),
(151, NULL, 'Wendy', 'Kinkade', 'wkinkade@mcrmc.org', '5867414181', NULL, '8b1ac69d82610aa24ab01c3e3782f32f', NULL, '2011-04-29 14:50:00', '1', '1', '1', '1', '1', NULL, '1', '1', '1', NULL, NULL, NULL, NULL, NULL),
(152, NULL, 'Kelly', 'Pape', 'Kelly.Pape@texaspowertrain.com', '1111111111', NULL, 'ae074a5692dfb7c26aae5147e52ceb40', NULL, '2010-09-13 10:37:00', '1', '1', '1', '1', '1', NULL, '1', '1', '1', NULL, NULL, NULL, NULL, NULL),
(155, NULL, 'Barry', 'Benson', 'bbenson@bronsonprecision.com', '5173697361', NULL, 'abc87073fdc4ac6f3d5e2c8710bab856', NULL, '2012-08-16 10:43:00', '1', '1', '1', '1', '1', NULL, '1', '1', '1', NULL, NULL, NULL, NULL, NULL),
(156, NULL, 'Robert', 'Brown', 'brownro@trinity-health.org', '7347127411', NULL, '768522809b0bf227556063c971ae957b', NULL, '2012-11-28 10:01:00', '1', '1', '1', '1', '1', NULL, '1', '1', '1', NULL, NULL, NULL, NULL, NULL),
(157, 1, 'Megan', 'Hincherick', 'megan.hincherick@stjohn.org', '1111111111', NULL, '0fe7b7915391feae8fa7fe634e2c05cb', NULL, NULL, '1', '1', '1', '1', '1', NULL, '1', '1', '1', NULL, NULL, NULL, NULL, NULL),
(159, NULL, 'Briana', 'Beaver', 'briana.beaver@stjohn.org', '5867531042', NULL, '6269d26d3edbe403ee6877221c5b464a', NULL, '2010-12-28 16:54:00', '1', '1', '1', '1', '1', NULL, '1', '1', '1', NULL, NULL, NULL, NULL, NULL),
(160, 2, 'Jeanette', 'Taberski', 'jtabers1@hfhs.org', '3136425371', NULL, '59911c0f384036379f44d9d0b7c792df', NULL, '2014-12-10 12:03:00', '1', '1', '1', '1', '1', NULL, '1', '1', '1', NULL, NULL, NULL, NULL, NULL),
(161, NULL, 'Erin', 'Dunstan', 'DunstanE@sysmex.com', '8479964610', NULL, 'c0b74157d8d4ff24032a8dd7f2af8312', NULL, '2011-05-10 22:59:00', '1', '1', '1', '1', '1', NULL, '1', '1', '1', NULL, NULL, NULL, NULL, NULL),
(162, NULL, 'Crystal', 'Sangern-Nguyen', 'sangernnguyenc@sysmex.com', '8479964642', NULL, 'eb61ee98a0c84aba1d19779fd7c9ad95', NULL, '2011-05-16 18:20:00', '1', '1', '1', '1', '1', NULL, '1', '1', '1', NULL, NULL, NULL, NULL, NULL),
(163, NULL, 'Dana', 'Reichard', 'reichardd@sysmex.com', '1111111111', NULL, 'fe39cabf09b0d49c38f5865183aeccaf', NULL, '2011-05-09 16:08:00', '1', '1', '1', '1', '1', NULL, '1', '1', '1', NULL, NULL, NULL, NULL, NULL),
(164, 13, 'Linda', 'Smith', 'lsmith26@hfhs.org', '2483252527', NULL, 'b97d814f1a715d939f3f96bc574445de', NULL, '2010-07-07 15:24:00', '1', '1', '1', '1', '1', NULL, '1', '1', '1', NULL, NULL, NULL, NULL, NULL),
(165, NULL, 'Karen', 'Stoneman', 'stonemank@sysmex.com', '8479964605', NULL, '97d893ab328c17c3d2e63c6dd15ffc78', NULL, '2011-04-12 17:25:00', '1', '1', '1', '1', '1', NULL, '1', '1', '1', NULL, NULL, NULL, NULL, NULL),
(167, NULL, 'Elaine', 'Tschirhart', 'etschirhart@thecrowngrp.com', '3139228433', NULL, 'fb47bb2639a2df6c3b4d36ab33a274ff', NULL, '2010-12-06 10:38:00', '1', '1', '1', '1', '1', NULL, '1', '1', '1', NULL, NULL, NULL, NULL, NULL),
(168, 46, 'Julie', 'May', 'jmay@jdmconsulting.com', '2483241937', NULL, '7920f51d37380404dea91167745db471', NULL, NULL, '1', '1', '1', '1', '1', NULL, '1', '1', '1', '1', NULL, NULL, NULL, NULL),
(169, NULL, 'Gwen', 'Davenport', 'gdavenp1@hfhs.org', '1111111111', NULL, 'bcf2b5aa65fa8a90aeb34f7ec213ba29', NULL, '2010-09-01 10:22:00', '1', '1', '1', '1', '1', NULL, '1', '1', '1', NULL, NULL, NULL, NULL, NULL),
(170, NULL, 'Kissie', 'Harris', 'kharris5@hfhs.org', '3138743783', NULL, 'a6d643588060d0848d6b2068b2d139a0', NULL, '2010-11-09 14:16:00', '1', '1', '1', '1', '1', NULL, '1', '1', '1', NULL, NULL, NULL, NULL, NULL),
(171, 2, 'Catherine', 'Smith', 'csmith28@hfhs.org', '5862632814', NULL, '6c2f645d31fba9795fa42116edbccae0', NULL, '2013-07-17 08:42:00', '1', '1', '1', '1', '1', NULL, '1', '1', '1', NULL, NULL, NULL, NULL, NULL),
(172, NULL, 'Trudy', 'Burtch', 'reference@bowebellhowell.com', '1111111111', NULL, '4c9cc02bd81bf4876ff871d85fad4d10', NULL, '2010-09-14 08:00:00', '1', '1', '1', '1', '1', NULL, '1', '1', '1', NULL, NULL, NULL, NULL, NULL),
(173, NULL, 'Emily', 'Swanson', 'swanson@fev-et.com', '2483736000', NULL, 'b02ae5aaefe3f7090668df034b0f2324', NULL, '2010-09-13 09:14:00', '1', '1', '1', '1', '1', NULL, '1', '1', '1', NULL, NULL, NULL, NULL, NULL),
(175, 74, 'Julie', 'Kness', 'jkness@chicagocares.org', '1111111111', NULL, '16f12f5e8379e22be995e505ebfc1b84', NULL, '2010-10-04 11:04:00', '1', '1', '1', '1', '1', NULL, '1', '1', '1', NULL, NULL, NULL, NULL, NULL),
(176, 13, 'Theresa', 'Ridings', 'triding1@hfhs.org', '1111111111', NULL, '6a14b69bbfe853656a12cdc46c0ffaf6', NULL, NULL, '1', '1', '1', '1', '1', NULL, '1', '1', '1', '1', NULL, NULL, NULL, NULL),
(177, 78, 'Jim', 'Houck', 'JHouck@ihccorp.com', '3135353210', '3135353220', 'f59b34886faf6dc176c89c47015d84d9', NULL, '2015-05-14 15:30:00', '1', '1', '1', '1', '1', NULL, '1', '1', '1', NULL, NULL, NULL, NULL, NULL),
(178, 50, 'Chee', 'Xiong', 'Chee.Xiong@beaumont.edu', '2485511561', NULL, '3ffc5200e76c411179c25fe1ffd0b6c9', NULL, '2015-05-15 13:36:00', '1', '1', '1', '1', '1', NULL, '1', '1', '1', NULL, NULL, NULL, NULL, NULL),
(179, 66, 'Ruth', 'Patrick', 'ruth.patrick@mclaren.org', '5864933320', '5864933332', '660067fb1beef8a85738d590749cd126', NULL, '2014-02-12 09:58:00', '1', '1', '1', '1', '1', NULL, '1', '1', '1', NULL, NULL, NULL, NULL, NULL),
(180, 21, 'Ali', 'Barringer', 'ABarringer@fourmidable.com', '1111111111', NULL, '87e78ad9630e1c6e0bfe3ec3cc0d9776', NULL, '2011-04-11 11:34:00', '1', '1', '1', '1', '1', NULL, '1', '1', '1', NULL, NULL, NULL, NULL, NULL),
(181, NULL, 'Rachael', 'Ewing', 'ewingr@sysmex.com', '1111111111', NULL, 'eca19ab4d0d78c77b8d01c9353668900', NULL, '2011-04-07 09:31:00', '1', '1', '1', '1', '1', NULL, '1', '1', '1', NULL, NULL, NULL, NULL, NULL),
(183, 2, 'Donna', 'Wrubel', 'DWRUBEL1@hfhs.org', '2483250169', NULL, 'b0d10e32d197b8f9bb415eec4fdc4218', NULL, '2015-06-03 08:59:00', '1', '1', '1', '1', '1', NULL, '1', '1', '1', NULL, NULL, NULL, NULL, NULL),
(184, 13, 'MaryLou', 'Treppa', 'mtreppa1@hfhs.org', '1111111111', NULL, '4e8e8faf9844fe8f0c5bebde4ac5b57f', NULL, '2010-11-19 09:06:00', '1', '1', '1', '1', '1', NULL, '1', '1', '1', NULL, NULL, NULL, NULL, NULL),
(185, NULL, 'Erin', 'Galvin', 'Erin.Galvin@stjohn.org', '1111111111', NULL, '35401148c6cb7cf8c88bf3b9972a6c6d', NULL, '2010-10-12 09:33:00', '1', '1', '1', '1', '1', NULL, '1', '1', '1', NULL, NULL, NULL, NULL, NULL),
(186, 74, 'Katie', 'Stearns', 'Katie@chicagocares.org', '1111111111', NULL, '8a52072cee5d17cc7bf85d6ca431fffa', NULL, '2011-01-31 15:25:00', '1', '1', '1', '1', '1', NULL, '1', '1', '1', NULL, NULL, NULL, NULL, NULL),
(188, 74, 'Kris', 'Smart', 'kris@chicagocares.org', '1111111111', NULL, 'be0608c0c2ca8c384b553827a51971a3', NULL, NULL, '1', '1', '1', '1', '1', NULL, '1', '1', '1', NULL, NULL, NULL, NULL, NULL),
(191, NULL, 'Don', 'Arneberg', 'darneberg_1@chicagocares.org', '3127800800', NULL, '6a01bfa30172639e770a6aacb78a3ed4', NULL, '2013-09-03 16:34:00', '1', '1', '1', '1', '1', NULL, '1', '1', '1', NULL, NULL, NULL, NULL, NULL),
(192, 42, 'Chris', 'Clubbs', 'CClubbs@TheCrownGrp.com', '6153235226', '6153254410', '2f584fa9df5fec087dcf1e5469e07bbc', NULL, '2015-05-12 09:48:00', '1', '1', '1', '1', '1', NULL, '1', '1', '1', NULL, NULL, NULL, NULL, NULL),
(193, 81, 'Julie', 'Warner', 'jaw892@hotmail.com', '5862866074', NULL, 'cab3a6ca9736790f2f3939ce322be8ac', NULL, '2015-03-17 11:47:00', '1', '1', '1', '1', '1', NULL, '1', '1', '1', NULL, NULL, NULL, NULL, NULL),
(194, 2, 'Candice', 'Brock', 'cbrock1@hfhs.org', '2487230012', NULL, '08fefe4ff3779adc5dc7fb18a99cb1bd', NULL, NULL, '1', '1', '1', '1', '1', NULL, '1', '1', '1', NULL, NULL, NULL, NULL, NULL),
(195, NULL, 'Deb', 'Vargovick', 'dvargov1@hfhs.org', '3138761393', NULL, '38db7ce1861ee11b6a231c764662b68a', NULL, '2011-04-05 12:47:00', '1', '1', '1', '1', '1', NULL, '1', '1', '1', NULL, NULL, NULL, NULL, NULL),
(197, NULL, 'Shelly', 'Francis', 'Sfranci3@hfhs.org', '3138749597', '3138744677', 'de7de37a35074c337d73b6eaa9bd22dc', NULL, '2011-01-25 13:23:00', '1', '1', '1', '1', '1', NULL, '1', '1', '1', NULL, NULL, NULL, NULL, NULL),
(198, 1, 'Patrick', 'Monks', 'patrick.monks@stjohn.org', '5867531327', NULL, 'e89933f811f43a23e8a98549c8219c80', NULL, '2013-07-30 08:19:00', '1', '1', '1', '1', '1', NULL, '1', '1', '1', NULL, NULL, NULL, NULL, NULL),
(199, 42, 'Stacy', 'Chmelko', 'Schmelko@thecrowngrp.com', '1111111111', NULL, 'e08213996dc7cf5ebba6db0c4135668f', NULL, '2013-04-11 08:06:00', '1', '1', '1', '1', '1', NULL, '1', '1', '1', NULL, NULL, NULL, NULL, NULL),
(201, NULL, 'Melissa', 'Simony', 'Melissa.Simony@providence-stjohnhealth.org', '1111111111', NULL, '1ad74786e85d4af5f7a91da1ec553c61', NULL, '2012-09-19 15:28:00', '1', '1', '1', '1', '1', NULL, '1', '1', '1', NULL, NULL, NULL, NULL, NULL),
(203, NULL, 'Crystal', 'Turner', 'cturner4@hfhs.org', '1111111111', NULL, 'cac84504042b2ec43eb3daca42f5fe50', NULL, '2011-05-04 13:05:00', '1', '1', '1', '1', '1', NULL, '1', '1', '1', NULL, NULL, NULL, NULL, NULL),
(204, 110, 'Recruiter', 'Name', 'demo@referencecompany.com', '5862281022', 'gambrumyan', 'fd21694dc912720254c7cdacf60f5e11b5c672ba4ce29f6a0df87d2e942c27e8340681536e2e3f5244891e83c77c0c05ddb5723644bc267905d946bcb8379ba7', '2017-01-27 10:13:06', '2017-01-27 11:20:55', '1', '1', NULL, NULL, '1', NULL, '1', '1', '1', '1', '1', NULL, NULL, NULL),
(205, NULL, 'Gina', 'Opalewski', 'gina.opalewski@stjohn.org', '5867531081', NULL, '6471eba394e42c281ce7c81c0b81e4e5', NULL, '2011-05-12 08:51:00', '1', '1', '1', '1', '1', NULL, '1', '1', '1', NULL, NULL, NULL, NULL, NULL),
(207, 2, 'Melinda', 'Gracey', 'mgracey1@hfhs.org', '5862632826', NULL, '837d0fcca2d17e768af226a1d35b67df', NULL, NULL, '1', '1', '1', '1', '1', NULL, '1', '1', '1', '1', NULL, NULL, NULL, NULL),
(209, NULL, 'Margo', 'Gonzalez', 'mgonzal2@hfhs.org', '3138746304', NULL, 'b620e64d82a84256dd23d0218f188b2f', NULL, '2012-04-04 16:37:00', '1', '1', '1', '1', '1', NULL, '1', '1', '1', NULL, NULL, NULL, NULL, NULL),
(211, NULL, 'Kristen', 'Rodriguez', 'krodrig2@hfhs.org', '3138768464', NULL, 'e68b34fac2b9ee49e4747594d02e0e99', NULL, '2011-02-10 07:37:00', '1', '1', '1', '1', '1', NULL, '1', '1', '1', NULL, NULL, NULL, NULL, NULL),
(212, NULL, 'Suzanne', 'Welsh', 'swelsh1@hfhs.org', '1111111111', NULL, '4c795f957a9d0c3d0a8727b46419e100', NULL, NULL, '1', '1', '1', '1', '1', NULL, '1', '1', '1', NULL, NULL, NULL, NULL, NULL),
(214, NULL, 'Jennifer', 'Feddersen', 'jfedder1@hfhs.org', '1111111111', NULL, '1660fe5c81c4ce64a2611494c439e1ba', NULL, NULL, '1', '1', '1', '1', '1', NULL, '1', '1', '1', NULL, NULL, NULL, NULL, NULL),
(215, 18, 'Lori', 'Swidorski', 'Lori.Swidorski@mclaren.org', '5867414177', NULL, '653bac61df3ce745de28c08ea8c1dea3', NULL, '2014-10-07 10:10:00', '1', '1', '1', '1', '1', NULL, '1', '1', '1', NULL, '1', '1', NULL, NULL),
(216, 1, 'Tara', 'Kopasz', 'Tara.Kopasz@stjohn.org', '1111111111', NULL, 'dd9acc01b6c8f5c8e99adeaf86879cd5', NULL, '2014-01-28 09:50:00', '1', '1', '1', '1', '1', NULL, '1', '1', '1', NULL, NULL, NULL, NULL, NULL),
(218, NULL, 'Jennifer', 'Forbes', 'jennifer.forbes@mclaren.org', '8103422744', NULL, '65dd12b99ef73bae18e440da16f58c1f', NULL, '2014-07-10 10:32:00', '1', '1', '1', '1', '1', NULL, '1', '1', '1', NULL, NULL, NULL, NULL, NULL),
(219, NULL, 'Laura', 'Clayton', 'laura.clayton@nuspire.com', '2488966169', NULL, '4f873685dc5dbb251351a80d9bbd3bf1', NULL, '2012-03-05 10:03:00', '1', '1', '1', '1', '1', NULL, '1', '1', '1', NULL, NULL, NULL, NULL, NULL),
(220, NULL, 'Ryan', 'Stecovich', 'ryan.stecovich@irmc.org', '1111111111', NULL, '35de8fbb0ac7753c62b17a01b3a5c572', NULL, '2012-06-28 09:25:00', '1', '1', '1', '1', '1', NULL, '1', '1', '1', NULL, NULL, NULL, NULL, NULL),
(221, NULL, 'Brenda', 'VanWagoner', 'Brenda.Vanwagoner@mclaren.org', '8106675830', NULL, '44ffe44097bbce02fbaa42734e92ae04', NULL, '2014-12-12 12:30:00', '1', '1', '1', '1', '1', NULL, '1', '1', '1', NULL, NULL, NULL, NULL, NULL),
(222, NULL, 'Susana', 'Dean', 'shorelinecondos@sbcglobal.net', '3138248288', NULL, '4813907d103e548c058171c55289eaf8', NULL, NULL, '1', '1', '1', '1', '1', NULL, '1', '1', '1', NULL, NULL, NULL, NULL, NULL),
(223, 15, 'Amy', 'Mohr', 'amohr@foresthealth.com', '7345471115', NULL, '35a3bd44d3f210ad115cf3e33b2e4b76', NULL, '2015-06-02 12:28:00', '1', '1', '1', '1', '1', NULL, '1', '1', '1', NULL, NULL, NULL, NULL, NULL),
(224, NULL, 'Marge', 'Galvin', 'margegalvin@oaklandplumbing.net', '5863362128', NULL, 'a351a07b108b0fdded6f98055b57eb40', NULL, '2011-03-14 08:18:00', '1', '1', '1', '1', '1', NULL, '1', '1', '1', NULL, NULL, NULL, NULL, NULL),
(225, NULL, 'Audrey', 'Bell', 'abell@msxi.com', '1111111111', NULL, '18a2f11ec9991043ccb0de2b1d3894ee', NULL, '2011-03-14 15:18:00', '1', '1', '1', '1', '1', NULL, '1', '1', '1', NULL, NULL, NULL, NULL, NULL),
(226, NULL, 'Julie', 'Lustig', 'jlustig@msxi.com', '2488295084', NULL, '7fe999bdec5e68e5e98629f06b855b6e', NULL, '2011-03-17 14:39:00', '1', '1', '1', '1', '1', NULL, '1', '1', '1', NULL, NULL, NULL, NULL, NULL),
(227, 18, 'Dwan', 'Cosby', 'Dwan.Cosby@mclaren.org', '2483385644', NULL, '91e18eed70d59dd155ec6355053fc65d', NULL, '2013-04-17 08:06:00', '1', '1', '1', '1', '1', NULL, '1', '1', '1', NULL, '1', '1', NULL, NULL),
(228, 18, 'Jodi', 'Methner', 'jodi.methner@mclaren.org', '8104968627', NULL, 'fbb35bb1f7f763fb9ea63485cc141273', NULL, '2014-06-02 16:54:00', '1', '1', '1', '1', '1', NULL, '1', '1', '1', NULL, '1', '1', NULL, NULL),
(229, 18, 'Kathy', 'Roberts', 'kathy.roberts@mclaren.org', '9898946414', NULL, '10b3f2e99282448c551afcf3f113acf3', NULL, '2012-08-22 15:03:00', '1', '1', '1', '1', '1', NULL, '1', '1', '1', NULL, '1', '1', NULL, NULL),
(230, 18, 'Sherry', 'Shannon', 'sherry.shannon@mclaren.org', '5179756783', NULL, '188944d479ed73b024d1e4a2612c822e', NULL, '2015-06-03 08:22:00', '1', '1', '1', '1', '1', NULL, '1', '1', '1', NULL, '1', '1', NULL, NULL),
(231, 18, 'Jamie', 'Davis', 'info@referencecompany.com', '8103424085', NULL, '1c8930d0529cc83b2306d3295d17aec41ce54ac3b1d1470789fd164979f116b1e70ff921f105001f1aaa6b1f794ec815932105ec947108671fe8697fce759001', '2016-04-19 13:56:16', '2016-05-31 13:06:15', '1', '1', '1', '1', '1', NULL, '1', '1', '1', '1', '1', '1', NULL, NULL),
(232, 18, 'Karla', 'Scott', 'Karla.Scott@mclaren.org', '5863236298', NULL, 'e39b0c7bf703670421b04bcf16e35088', NULL, '2015-06-02 09:26:00', '1', '1', '1', '1', '1', NULL, '1', '1', '1', NULL, '1', '1', NULL, NULL),
(233, NULL, 'Amy', 'Polcik', 'AmyPo@mclaren.org', '1111111111', NULL, '5bcebd62eba3cf1f0127a8bb7bc73616', NULL, NULL, '1', '1', '1', '1', '1', NULL, '1', '1', '1', NULL, NULL, NULL, NULL, NULL),
(234, 18, 'Kathryn', 'Pennington', 'kathrynpen@mclaren.org', '8106675630', NULL, 'bf0bb87b79b187993fe283eb860025ab', NULL, '2012-04-05 14:46:00', '1', '1', '1', '1', '1', NULL, '1', '1', '1', NULL, NULL, NULL, NULL, NULL),
(235, 18, 'Michele', 'Nichols', 'michele.nichols@mclaren.org', '8104968762', NULL, '1dafc572347e2e99d952e17f662bbfe1', NULL, '2015-06-02 15:15:00', '1', '1', '1', '1', '1', NULL, '1', '1', '1', NULL, '1', '1', NULL, NULL),
(237, 18, 'Kimberly', 'Voltenburg', 'Kimberly.Voltenburg@mclaren.org', '8104968619', '8104968615', '71f281a660ba35235f627610def707ad', NULL, '2015-06-03 08:31:00', '1', '1', '1', '1', '1', NULL, '1', '1', '1', NULL, '1', '1', NULL, NULL),
(240, 18, 'Lisa', 'Maillette', 'Lisa.Maillette@mclaren.org', '9898946415', '9898946415', 'd2d20d4b23047d7ac12309b82cc3c469', NULL, '2015-06-03 08:50:00', '1', '1', '1', '1', '1', NULL, '1', '1', '1', NULL, '1', '1', NULL, NULL),
(242, 18, 'Donna', 'Kleiver', 'donna.kleiver@irmc.org', '5179756763', '5179756748', '036f71e57a4ee8dcb35a0d5c26ded6cf', NULL, '2011-04-25 14:11:00', '1', '1', '1', '1', '1', NULL, '1', '1', '1', NULL, NULL, NULL, NULL, NULL),
(243, 18, 'Nina', 'Kiel-Okuly', 'nina.kiel-okuly@irmc.org', '1111111111', NULL, 'c6b934f2b666fbee5f11e19d5c0008ed', NULL, '2011-04-04 15:01:00', '1', '1', '1', '1', '1', NULL, '1', '1', '1', NULL, NULL, NULL, NULL, NULL),
(244, 18, 'Junee', 'Kelley', 'jkelley@mcrmc.org', '1111111111', NULL, '23a3a650058bcc692bd0d66a2d9c3091', NULL, NULL, '1', '1', '1', '1', '1', NULL, '1', '1', '1', '1', NULL, NULL, NULL, NULL),
(245, 18, 'Jessica', 'Seibold', 'Jessica.Seibold@mclaren.org', '8106675630', NULL, 'b20ef263def2015b16d5dcd64b7ccca7', NULL, NULL, '1', '1', '1', '1', '1', NULL, '1', '1', '1', '1', '1', '1', NULL, NULL),
(246, NULL, 'Andrea', 'Gowsell', 'andrea.gowsell@mclaren.org', '2483385153', NULL, '9b15644c7bb3522ebad76ee1233f9ac8', NULL, '2014-07-01 17:07:00', '1', '1', '1', '1', '1', NULL, '1', '1', '1', NULL, NULL, NULL, NULL, NULL),
(247, 18, 'Angelica', 'Garcia-Chacon', 'Angelica.Garcia@irmc.org', '1111111111', NULL, '3fa62733b2d781bd1bc61556a097baf6', NULL, NULL, '1', '1', '1', '1', '1', NULL, '1', '1', '1', NULL, NULL, NULL, NULL, NULL),
(248, NULL, 'Donna', 'Duck', 'donna.duck@mclaren.org', '5179756771', '5179756748', 'f3ce4ee1aab984ec970ba4164651961a', NULL, '2012-04-05 15:57:00', '1', '1', '1', '1', '1', NULL, '1', '1', '1', NULL, NULL, NULL, NULL, NULL),
(249, 18, 'Jakresha', 'Cottingham', 'JaKresha.Cottingham@mclaren.org', '2483385662', NULL, '8d632627c2f83ca00211fd2940ca34d0', NULL, '2014-02-11 09:54:00', '1', '1', '1', '1', '1', NULL, '1', '1', '1', NULL, '1', '1', NULL, NULL),
(250, NULL, 'Kimberly', 'Confer', 'Kim.Confer@mclaren.org', '1111111111', NULL, 'c34063ad86ae3fb5cb69b2de70255180', NULL, NULL, '1', '1', '1', '1', '1', NULL, '1', '1', '1', NULL, NULL, NULL, NULL, NULL),
(251, 18, 'Karen', 'Coe', 'karen.coe@irmc.org', '1111111111', NULL, '5255219fc941625f4576a6649d7ab7a3', NULL, NULL, '1', '1', '1', '1', '1', NULL, '1', '1', '1', NULL, NULL, NULL, NULL, NULL),
(253, 18, 'Marilyn', 'Bostick', 'Marilyn.Bostick@mclaren.org', '9898946412', NULL, '40fdfe195aebe8066b21bdd622977a3d', NULL, '2013-01-21 14:35:00', '1', '1', '1', '1', '1', NULL, '1', '1', '1', NULL, '1', '1', NULL, NULL),
(254, NULL, 'Suzanne', 'Beyersdorf', 'Sue.Beyersdorf@mclaren.org', '9898949530', NULL, 'b08cdf32cff7d87572ebbd80f5069a6d', NULL, '2012-07-02 08:43:00', '1', '1', '1', '1', '1', NULL, '1', '1', '1', NULL, NULL, NULL, NULL, NULL),
(255, 18, 'Sally', 'Aluia', 'Sally.Aluia@mclaren.org', '5864932333', '5864932366', '1c8930d0529cc83b2306d3295d17aec41ce54ac3b1d1470789fd164979f116b1e70ff921f105001f1aaa6b1f794ec815932105ec947108671fe8697fce759001', '2016-04-22 14:52:15', '2015-07-10 17:09:09', '1', '1', '1', '1', '1', NULL, '1', '1', '1', NULL, '1', '1', NULL, NULL),
(256, 18, 'Mark', 'Schutte', 'mark.schutte@mclaren.org', '8103422840', NULL, 'eb024d5999f446c5cee3e99c58796f1e', NULL, '2015-06-02 08:08:00', '1', '1', '1', '1', '1', NULL, '1', '1', '1', NULL, '1', '1', NULL, NULL),
(257, 18, 'Jennifer', 'Hanna', 'jennifer.hanna@irmc.org', '1111111111', NULL, '3baa8b287d0fc3879c8877ae60fc30cc', NULL, NULL, '1', '1', '1', '1', '1', NULL, '1', '1', '1', '1', NULL, NULL, NULL, NULL),
(258, 18, 'Tina', 'Gates', 'tina.gates@irmc.org', '1111111111', NULL, '695af3cbb5dabc494177371a16a01483', NULL, NULL, '1', '1', '1', '1', '1', NULL, '1', '1', '1', '1', NULL, NULL, NULL, NULL),
(259, 18, 'Molly', 'Babcock', 'Molly.Babcock@mclaren.org', '9898946407', '9898946440', 'fd21694dc912720254c7cdacf60f5e11b5c672ba4ce29f6a0df87d2e942c27e8340681536e2e3f5244891e83c77c0c05ddb5723644bc267905d946bcb8379ba7', '2017-06-06 14:16:52', '2017-06-06 14:16:57', '1', '1', '1', '1', '1', NULL, '1', '1', '1', NULL, '1', '1', NULL, NULL),
(260, 42, 'Brian', 'Ghesquiere', 'bghesquiere@thecrowngrp.com', '5865585305', NULL, '6061f7b1a61132dd2f38fb33fdc28b11', NULL, '2011-04-07 16:17:00', '1', '1', '1', '1', '1', NULL, '1', '1', '1', NULL, NULL, NULL, NULL, NULL),
(261, NULL, 'Jill', 'Atwater', 'jatwater@thecrowngrp.com', '3194933490', '3192344755', '83bd263a5d64fefc80d51e676a1e42fb', NULL, '2012-10-23 10:08:00', '1', '1', '1', '1', '1', NULL, '1', '1', '1', NULL, NULL, NULL, NULL, NULL),
(263, NULL, 'Bethany', 'Garcia', 'bethany.garcia@roi-1.com', '2489713861', NULL, '224bc0695bd65306ec6af6189d4b518f', NULL, '2013-08-23 16:12:00', '1', '1', '1', '1', '1', NULL, '1', '1', '1', NULL, NULL, NULL, NULL, NULL),
(264, 35, 'Anne', 'Dwyer', 'anne.dwyer@stjohn.org', '3133433878', '3133437840', 'd18c69514ede5061bb58b95b81b6081d', NULL, NULL, '1', '1', '1', '1', '1', NULL, '1', '1', '1', '1', NULL, NULL, NULL, NULL),
(265, 22, 'Gary', 'Drake', 'gary.drake@herndonwood.com', '2483106760', NULL, '9bfbd729012dc382b697d0713e9719a1', NULL, '2013-05-23 13:22:00', '1', '1', '1', '1', '1', NULL, '1', '1', '1', NULL, NULL, NULL, NULL, NULL),
(266, 18, 'Drew', 'Mitchell', 'Drew.mitchell@mclaren.org', '5867414051', NULL, 'd31fab282cc52da427fa48b5679b06c2', NULL, '2011-05-17 15:31:00', '1', '1', '1', '1', '1', NULL, '1', '1', '1', NULL, '1', '1', NULL, NULL),
(267, 18, 'Chrissy', 'Crandall', 'Chrissy.Crandall@mclaren.org', '8104968616', '8104968615', '4959cc6cdb007aa93c0e0f8f589e355e59be977a7b39a20f86e2195da6a558011b3b01f25c63ed6ed9fcb22fdaead908a338a25c32e483468d63c9cd7fc24079', '2018-02-08 13:13:20', '2018-03-12 09:47:37', '1', '1', '1', '1', '1', 'Yolanda.Lemmer@mclaren.org', '1', '1', '1', '1', '1', '1', NULL, NULL),
(272, 12, 'Sarah', 'Orr', 'Sarah.orr@stjohn.org', '1111111111', NULL, 'd7d444314d1492f1b9af661cadf6d7fc', NULL, '2013-08-14 08:43:00', '1', '1', '1', '1', '1', NULL, '1', '1', '1', NULL, NULL, NULL, NULL, NULL),
(273, NULL, 'Robin', 'Hughes', 'robin.hughes@pohmedical.org', '2486936071', NULL, '947e276be803decd2000f7af28b66c01', NULL, '2011-05-03 12:29:00', '1', '1', '1', '1', '1', NULL, '1', '1', '1', NULL, NULL, NULL, NULL, NULL),
(278, 2, 'Kim', 'Simone', 'ksimone1@hfhs.org', '3138761394', NULL, '91c8ec8a005dc7b10120b8d803e724e9', NULL, NULL, '1', '1', '1', '1', '1', NULL, '1', '1', '1', '1', NULL, NULL, NULL, NULL),
(279, 14, 'Recruiter', 'Name', 'demo3@referencecompany.com', '5862282828', '5862282929', '297e430d45e7bf6f65f5dc929d6b072b', NULL, '2012-03-15 10:47:00', '1', '1', '1', '1', '1', NULL, '1', '1', '1', NULL, NULL, NULL, NULL, NULL),
(280, 36, 'Sharon', 'Olivio', 'solivio@gormans.com', '2484739131', NULL, 'abb3f9fac141f2f7767bdab3a344dfd3', NULL, '2014-12-16 08:29:00', '1', '1', '1', '1', '1', NULL, '1', '1', '1', NULL, NULL, NULL, NULL, NULL),
(284, NULL, 'Tara', 'Boufford', 'tbouffo1@hfhs.org', '3138743033', NULL, '3fdbde6f8be7ddffe1f7c06ade10fd64', NULL, '2013-07-23 13:52:00', '1', '1', '1', '1', '1', NULL, '1', '1', '1', NULL, NULL, NULL, NULL, NULL),
(285, 59, 'Cynthia', 'Chabie', 'chabie@ceoimage.com', '7349276981', NULL, 'cb212d40322bdc55a0295ac81c0ecce3b1e0d6865c1f0b08531d03d0f6133bc8b6f0931031a54f70b3b25004ffbfe0e7da054082602dae1c004f6f63f71d4491', '2015-07-14 15:02:20', '2015-07-14 15:06:39', '1', '1', '1', '1', '1', NULL, '1', '1', '1', NULL, NULL, NULL, NULL, NULL),
(287, NULL, 'Tammy', 'Alva', 'Tammy.Alva@roi-1.com', '2106575200', NULL, 'a3585e16fbc256f8321813034faa0727', NULL, '2013-05-20 16:03:00', '1', '1', '1', '1', '1', NULL, '1', '1', '1', NULL, NULL, NULL, NULL, NULL),
(288, NULL, 'Tynia', 'Arnold', 'tarnold@epmgpc.com', '7349953764', NULL, '0ec9d4d0c849937ae37b41f22581c167', NULL, NULL, '1', '1', '1', '1', '1', NULL, '1', '1', '1', NULL, NULL, NULL, NULL, NULL),
(289, 50, 'Jessica', 'Aumack', 'jessica.aumack@beaumont.edu', '2489646142', NULL, '5b6586beb78c3949302a4e3381230b83', NULL, '2013-09-09 15:50:00', '1', '1', '1', '1', '1', NULL, '1', '1', '1', NULL, NULL, NULL, NULL, NULL),
(290, 10, 'Donna', 'Bator', 'Donna.Bator@texaspowersystems.com', '8304015629', NULL, '0e39d44dff194c840ae2bad1b0731a0a', NULL, '2012-12-20 09:20:00', '1', '1', '1', '1', '1', NULL, '1', '1', '1', NULL, NULL, NULL, NULL, NULL),
(291, 13, 'Christina', 'Campbell', 'ccampbe4@hfhs.org', '2483252528', NULL, 'c17f2292bf833b4e3b2af93fb92b63af', NULL, '2012-10-10 16:02:00', '1', '1', '1', '1', '1', NULL, '1', '1', '1', NULL, NULL, NULL, NULL, NULL),
(292, 50, 'Roxan', 'Carman', 'rcarman@beaumont.edu', '2485511560', NULL, '855bcff0fb3cff2974bf8fa157a879d0', NULL, '2015-05-25 06:37:00', '1', '1', '1', '1', '1', NULL, '1', '1', '1', NULL, NULL, NULL, NULL, NULL),
(297, 1, 'Michelle', 'Chung', 'Michelle.Chung@stjohn.org', '2484654029', NULL, 'b705184044d369b2747a973678da76a8', NULL, NULL, '1', '1', '1', '1', '1', NULL, '1', '1', '1', NULL, NULL, NULL, NULL, NULL),
(298, 1, 'Nini', 'Coury', 'nini.coury@stjohn.org', '5867531322', NULL, '672c67b54680d433953323d8f2cb2bd2', NULL, '2014-10-28 09:59:00', '1', '1', '1', '1', '1', NULL, '1', '1', '1', NULL, NULL, NULL, NULL, NULL),
(299, 76, 'Wylene', 'Craft', 'wcraft@guilfordcompanies.com', '3342816820', '3342860142', 'eaf3c6fe8898ad2c2b01c7f10d1d3ca9', NULL, '2014-11-17 11:04:00', '1', '1', '1', '1', '1', NULL, '1', '1', '1', NULL, NULL, NULL, NULL, NULL),
(300, 50, 'Chelsey', 'Croce', 'chelsey.croce@beaumont.edu', '2485510327', NULL, 'de34fc81118acfc5357a873cb4d532c8', NULL, '2015-05-18 15:51:00', '1', '1', '1', '1', '1', NULL, '1', '1', '1', NULL, NULL, NULL, NULL, NULL),
(303, 1, 'Jessica', 'Daly', 'Jessica.Daly@stjohn.org', '2488498079', NULL, '75da8b3b76448b51dadf4ad271848e99', NULL, NULL, '1', '1', '1', '1', '1', NULL, '1', '1', '1', NULL, NULL, NULL, NULL, NULL),
(304, 50, 'Jackie', 'DeBeau', 'JDebeau@beaumont.edu', '2489646138', NULL, '81a57538bea3f6e953f6a459eb767357', NULL, NULL, '1', '1', '1', '1', '1', NULL, '1', '1', '1', '1', NULL, NULL, NULL, NULL),
(305, NULL, 'Loretta', 'Dickey', 'lorettad@autowc.com', '7343972014', NULL, '860d5c28cc548fdcdb668668166ee2f3', NULL, NULL, '1', '1', '1', '1', '1', NULL, '1', '1', '1', NULL, NULL, NULL, NULL, NULL),
(306, NULL, 'Tracey', 'Dietz', 'Tdietz1@hfhs.org', '3138762609', NULL, '66c3a344274598aa76b2433d6c08a1d3', NULL, NULL, '1', '1', '1', '1', '1', NULL, '1', '1', '1', NULL, NULL, NULL, NULL, NULL),
(307, NULL, 'Anna', 'Dymon', 'dymona@sysmex.com', '1111111111', NULL, '4b2a13212716c61b1849222294d693b6', NULL, NULL, '1', '1', '1', '1', '1', NULL, '1', '1', '1', NULL, NULL, NULL, NULL, NULL),
(308, 18, 'Wynnell', 'Engler', 'wengler@cmch.org', '9897726857', NULL, '299c03d5e32186c4fd41f661e37e3af5', NULL, '2014-04-23 13:09:00', '1', '1', '1', '1', '1', NULL, '1', '1', '1', NULL, NULL, NULL, NULL, NULL),
(310, NULL, 'Erica', 'Espere', 'Erica.Espere@stjohn.org', '1111111111', NULL, '84ea1ecf97bd2842ce8532bc3287fd83', NULL, '2012-05-29 14:16:00', '1', '1', '1', '1', '1', NULL, '1', '1', '1', NULL, NULL, NULL, NULL, NULL),
(312, NULL, 'Tamara', 'Flannigan', 'Tamara.Flannigan@stjohn.org', '5867531320', NULL, '6f61924695bee393771882cc1e0e3096', NULL, '2012-03-19 10:35:00', '1', '1', '1', '1', '1', NULL, '1', '1', '1', NULL, NULL, NULL, NULL, NULL),
(313, NULL, 'Rose', 'Forthoffer', 'RForthoffer@troyeyecare.net', '2482935161', NULL, '6c95794dc5f90da9c13faca376f04f44', NULL, NULL, '1', '1', '1', '1', '1', NULL, '1', '1', '1', '1', NULL, NULL, NULL, NULL),
(316, NULL, 'Lauren', 'Gayda', 'Lauren.Gayda@stjohn.org', '1111111111', NULL, '05563533d0b304a468a08f65312a233c', NULL, NULL, '1', '1', '1', '1', '1', NULL, '1', '1', '1', NULL, NULL, NULL, NULL, NULL),
(317, 50, 'Lauren', 'George', 'Lauren.George@beaumont.edu', '2489646138', NULL, '2760c7b84d4bad6b0b12d7c1a6c5e1a4', NULL, NULL, '1', '1', '1', '1', '1', NULL, '1', '1', '1', '1', NULL, NULL, NULL, NULL),
(318, 2, 'Barbara', 'Fobare', 'bfobare1@hfhs.org', '3138747317', NULL, 'f694984fdda728afc9612ff078404949', NULL, '2015-04-30 09:34:00', '1', '1', '1', '1', '1', NULL, '1', '1', '1', NULL, NULL, NULL, NULL, NULL),
(319, NULL, 'Mike', 'Hale', 'MHale@Cambridge-pc.com', '7345252414', NULL, 'bee6e9c7bfeaf99478d52270805dbade', NULL, '2012-04-25 08:33:00', '1', '1', '1', '1', '1', NULL, '1', '1', '1', NULL, NULL, NULL, NULL, NULL),
(320, 60, 'Jean', 'Homfelt-levine', 'JHOMFEL1@hfhs.org', '5862632622', NULL, '712d9bce7d6a01fb7b8e487a5c1ef82b', NULL, NULL, '1', '1', '1', '1', '1', NULL, '1', '1', '1', '1', NULL, NULL, NULL, NULL),
(321, 18, 'Diane', 'Jammer', 'Diane.Jammer@mclaren.org', '9897795615', 'kulrich', '4959cc6cdb007aa93c0e0f8f589e355e59be977a7b39a20f86e2195da6a558011b3b01f25c63ed6ed9fcb22fdaead908a338a25c32e483468d63c9cd7fc24079', '2018-01-29 16:43:22', '2018-02-05 15:15:33', '1', '1', '1', '1', '1', NULL, '1', '1', '1', '1', '1', '1', NULL, NULL),
(322, 50, 'Kathleen', 'Kado', 'Kathleen.Kado@beaumonthospitals.com', '2485518176', NULL, '6ad2a57690a2c30e83de42ec82ce6178', NULL, '2013-06-07 12:15:00', '1', '1', '1', '1', '1', NULL, '1', '1', '1', NULL, NULL, NULL, NULL, NULL),
(323, 50, 'Jeanne', 'Kerby', 'JKerby@beaumont.edu', '2489646138', NULL, 'eca8a799a8b0306fca0200fbdf8d3e15', NULL, NULL, '1', '1', '1', '1', '1', NULL, '1', '1', '1', '1', NULL, NULL, NULL, NULL),
(324, NULL, 'Angie', 'Leto', 'aleto@msxi.com', '2488296428', NULL, 'e0f4194deb028096887bfc7b20fbae8c', NULL, '2012-02-02 08:17:00', '1', '1', '1', '1', '1', NULL, '1', '1', '1', NULL, NULL, NULL, NULL, NULL),
(325, 42, 'Bob', 'Lilly', 'blilly@thecrowngrp.com', '5865585332', NULL, '663d52ef62eb75ef16b088b1fa9adc5a', NULL, '2015-04-17 10:30:00', '1', '1', '1', '1', '1', NULL, '1', '1', '1', NULL, NULL, NULL, NULL, NULL);
INSERT INTO `recruiters` (`id`, `organization_id`, `first_name`, `last_name`, `email`, `phone`, `fax`, `passwd`, `passwd_changed_ts`, `last_login`, `is_release_dropdown`, `is_release_notif`, `is_auth_notif`, `is_inprocess_notif`, `is_close_notif`, `email_cc`, `is_app_auth`, `is_order_status`, `is_crim_section`, `is_active`, `is_ievals`, `is_ievals_lead_db`, `itrims_user_id`, `inactive_reason`) VALUES
(326, 18, 'Stephanie', 'Lowney', 'stephanie.lowney@mclaren.org', '5179756769', NULL, '205ca050a01c076c988fe93a012d0ff2', NULL, '2015-06-03 07:19:00', '1', '1', '1', '1', '1', NULL, '1', '1', '1', NULL, '1', '1', NULL, NULL),
(327, 42, 'Michele', 'Docherty', 'mdocherty@thecrowngrp.com', '5868031005', NULL, '16a560c7127bd957ec7c4f79c2dca732', NULL, '2015-05-27 11:06:00', '1', '1', '1', '1', '1', NULL, '1', '1', '1', NULL, NULL, NULL, NULL, NULL),
(328, 18, 'Jessica', 'Maiwald', 'Jessica.Maiwald@mclaren.org', '5867414181', NULL, 'aae039d6aa239cfc121357a825210fa3', NULL, '2013-04-26 09:01:00', '1', '1', '1', '1', '1', NULL, '1', '1', '1', NULL, NULL, NULL, NULL, NULL),
(329, 2, 'Shannon', 'Marzolf', 'SMarzol1@hfhs.org', '3138767965', NULL, '7e41e5f8a0c8ef90ddc58e4a3830ecd2', NULL, NULL, '1', '1', '1', '1', '1', NULL, '1', '1', '1', '1', NULL, NULL, NULL, NULL),
(330, 50, 'Lisa', 'Mastejs', 'LMastej@beaumont.edu', '2489646138', NULL, 'ed14f4a4d7ecddb6dae8e54900300b1e', NULL, NULL, '1', '1', '1', '1', '1', NULL, '1', '1', '1', '1', NULL, NULL, NULL, NULL),
(331, 2, 'Tonia', 'Mathis', 'tmathis1@hfhs.org', '7342466934', NULL, '52729f62bf3395e4c02de31744984c68', NULL, NULL, '1', '1', '1', '1', '1', NULL, '1', '1', '1', '1', NULL, NULL, NULL, NULL),
(333, NULL, 'Nicole', 'McClendon', 'Nicole.McClendon@stjohn.org', '1111111111', NULL, '9da5521f24375312fbee8fad00c1a3f5', NULL, '2012-10-19 13:54:00', '1', '1', '1', '1', '1', NULL, '1', '1', '1', NULL, NULL, NULL, NULL, NULL),
(335, NULL, 'Cheyne', 'McDonald', 'cheyne.mcdonald@stjohn.org', '5867531046', NULL, 'b997b4723e5327ad709edf977f32446f', NULL, NULL, '1', '1', '1', '1', '1', NULL, '1', '1', '1', NULL, NULL, NULL, NULL, NULL),
(336, NULL, 'Tom', 'Meyers', 'tmeyers@thecrowngrp.com', '7345246644', NULL, '34b7da764b21d298ef307d04d8152dc5', NULL, '2013-02-14 14:19:00', '1', '1', '1', '1', '1', NULL, '1', '1', '1', NULL, NULL, NULL, NULL, NULL),
(337, 82, 'Susan', 'Mixon', 'susanmixon@mes.us.com', '5862962700', '5862942525', 'c96028a40b483a9d4a521b411d94f776', NULL, NULL, '1', '1', '1', '1', '1', NULL, '1', '1', '1', '1', NULL, NULL, NULL, NULL),
(338, 50, 'Sheila', 'Murphy', 'SMMurphy@beaumont.edu', '2489646138', NULL, 'd10d53f2f76add5b8561541f981c60d4', NULL, NULL, '1', '1', '1', '1', '1', NULL, '1', '1', '1', '1', NULL, NULL, NULL, NULL),
(339, 18, 'Sheri', 'Nartker', 'snartker@cmch.org', '9897726857', NULL, 'b5dff43247391405cbe8e887c26cd9e6', NULL, NULL, '1', '1', '1', '1', '1', NULL, '1', '1', '1', '1', NULL, NULL, NULL, NULL),
(340, 83, 'Gail', 'Ochs', 'gsochs@noreq.com', '2488486400', NULL, '893666e2ab24c81d1eeeaa06bcd45e46', NULL, NULL, '1', '1', '1', '1', '1', NULL, '1', '1', '1', '1', NULL, NULL, NULL, NULL),
(341, 50, 'Lisa', 'Ouellette', 'LOuellette@beaumont.edu', '2489646138', NULL, 'ed14f4a4d7ecddb6dae8e54900300b1e', NULL, NULL, '1', '1', '1', '1', '1', NULL, '1', '1', '1', '1', NULL, NULL, NULL, NULL),
(342, 50, 'Jamie', 'Rabe', 'HR_GP_Requests@beaumont.edu', '5864984943', NULL, 'a07fb7957cc6c5df93c1f9a29dfcc1ac', NULL, NULL, '1', '1', '1', '1', '1', NULL, '1', '1', '1', '1', NULL, NULL, NULL, NULL),
(343, 50, 'Angela', 'Radoicic', 'Angela.Radoicic@beaumont.edu', '2489645413', NULL, '82a1a36b1e9adb74636141a0efc6cb40', NULL, '2015-06-02 09:54:00', '1', '1', '1', '1', '1', NULL, '1', '1', '1', NULL, NULL, NULL, NULL, NULL),
(344, 2, 'Megan', 'Petro', 'MPetro1@hfhs.org', '3138767965', NULL, '036c83ff1b1157c7d6b49f1f81f45e8a', NULL, '2013-02-05 08:37:00', '1', '1', '1', '1', '1', NULL, '1', '1', '1', NULL, NULL, NULL, NULL, NULL),
(346, 10, 'Janice', 'Schievelbein', 'janice.schievelbein@texaspowersystems.com', '8304306911', NULL, 'd29eeb6eab8ca3b1c29d6e7fa9c1dab8', NULL, NULL, '1', '1', '1', '1', '1', NULL, '1', '1', '1', NULL, NULL, NULL, NULL, NULL),
(347, NULL, 'Lynn', 'Sicke', 'lynns@bccsoftware.com', '5853413303', NULL, '8d665005ae5960e93c14e0cc22d6dec8', NULL, '2012-02-28 13:11:00', '1', '1', '1', '1', '1', NULL, '1', '1', '1', NULL, NULL, NULL, NULL, NULL),
(348, 2, 'Lawrence', 'Simmons', 'lsimmon1@hfhs.org', '3138746235', NULL, '508d4e46039b6bca8059671273504fcd', NULL, NULL, '1', '1', '1', '1', '1', NULL, '1', '1', '1', NULL, NULL, NULL, NULL, NULL),
(349, 50, 'Jennifer', 'Sloan', 'Jennifer.Sloan@beaumont.edu', '2489646138', NULL, '1660fe5c81c4ce64a2611494c439e1ba', NULL, NULL, '1', '1', '1', '1', '1', NULL, '1', '1', '1', '1', NULL, NULL, NULL, NULL),
(350, 2, 'Gloria', 'Stacey', 'gstacey1@hfhs.org', '3138746165', NULL, 'f5628d6c1a8887ccb707eb7812b2a99c', NULL, NULL, '1', '1', '1', '1', '1', NULL, '1', '1', '1', '1', NULL, NULL, NULL, NULL),
(351, 50, 'Karolina', 'Trzcinka', 'Karolina.Trzcinka@beaumont.edu', '2489646138', NULL, '605fcc505ec12363ed7d9df00ea3d6c2', NULL, NULL, '1', '1', '1', '1', '1', NULL, '1', '1', '1', NULL, NULL, NULL, NULL, NULL),
(352, NULL, 'Charlotte', 'Van Tiem', 'Cvantiem@msxi.com', '2488296058', NULL, '470ebc381c304419093098494cf95a68', NULL, NULL, '1', '1', '1', '1', '1', NULL, '1', '1', '1', NULL, NULL, NULL, NULL, NULL),
(353, NULL, 'Jeannette', 'Vasquez', 'jeannette.vasquez@texaspowersystems.com', '1111111111', NULL, '2f22da37d7166b9063206d4cf1a08749', NULL, NULL, '1', '1', '1', '1', '1', NULL, '1', '1', '1', NULL, NULL, NULL, NULL, NULL),
(354, NULL, 'Sonia', 'Vasquez', 'Sonia.Vasquez@roi-1.com', '8303052162', NULL, '04dfd32e8b0aa9c67925755f6c919722', NULL, '2013-06-05 11:35:00', '1', '1', '1', '1', '1', NULL, '1', '1', '1', NULL, NULL, NULL, NULL, NULL),
(355, 50, 'Renee', 'Miles', 'renee.voydanoff@beaumont.edu', '2485511559', NULL, '520b11a671825414d9899eb41f14c773', NULL, '2012-11-26 16:12:00', '1', '1', '1', '1', '1', NULL, '1', '1', '1', NULL, NULL, NULL, NULL, NULL),
(357, 50, 'Kristy', 'White', 'kristy.white@beaumont.edu', '3134731525', NULL, 'a1e97952323b37ce8ceb626acb878d58', NULL, '2013-03-05 08:58:00', '1', '1', '1', '1', '1', NULL, '1', '1', '1', NULL, NULL, NULL, NULL, NULL),
(358, 50, 'MaryBeth', 'Zook', 'MBMiller@beaumont.edu', '2489646138', NULL, 'e138a894a90e463ca0157ab708db5256', NULL, NULL, '1', '1', '1', '1', '1', NULL, '1', '1', '1', '1', NULL, NULL, NULL, NULL),
(359, 1, 'Joshua', 'Bennett', 'Joshua.Bennett@stjohn.org', '5865735128', NULL, '6a82a2f92a4ce9bf8e5170859c044570', NULL, '2014-11-11 12:07:00', '1', '1', '1', '1', '1', NULL, '1', '1', '1', NULL, NULL, NULL, NULL, NULL),
(360, 37, 'Michael', 'Ebaugh', 'mebaugh@botsford.org', '1111111111', NULL, '8f9b97bf3fad640ca17e9627e6bba1fd', NULL, '2013-03-19 19:26:00', '1', '1', '1', '1', '1', NULL, '1', '1', '1', NULL, NULL, NULL, NULL, NULL),
(361, NULL, 'Tiffany', 'Kahn', 'tiffany@rminc.com', '8019241613', '8019241643', 'def28bbb75ed70fc8097be985b0cc74a', NULL, NULL, '1', '1', '1', '1', '1', NULL, '1', '1', '1', NULL, NULL, NULL, NULL, NULL),
(362, NULL, 'Tiffany', 'Kahn', 'tiffany@rminc.com', '8019241613', '8019241643', 'def28bbb75ed70fc8097be985b0cc74a', NULL, NULL, '1', '1', '1', '1', '1', NULL, '1', '1', '1', NULL, NULL, NULL, NULL, NULL),
(363, NULL, 'Tiffany', 'Kahn', 'tiffany@rminc.com', '8019241613', '8019241643', 'def28bbb75ed70fc8097be985b0cc74a', NULL, '2012-03-01 15:29:00', '1', '1', '1', '1', '1', NULL, '1', '1', '1', NULL, NULL, NULL, NULL, NULL),
(364, 13, 'Brian', 'Macks', 'BMACKS1@hfhs.org', '5867266400', '5867260432', '455f7060d7e3de7c90a92926c8344104', NULL, NULL, '1', '1', '1', '1', '1', NULL, '1', '1', '1', '1', NULL, NULL, NULL, NULL),
(366, NULL, 'Brad', 'Eddy', 'BradE@bccsoftware.com', '1111111111', NULL, '48c7bf6cbcf9918f6835f02813fa5fc0', NULL, '2012-03-27 16:07:00', '1', '1', '1', '1', '1', NULL, '1', '1', '1', NULL, NULL, NULL, NULL, NULL),
(367, NULL, 'Denise', 'Nader', 'Denise.Nader@beaumont.edu', '1111111111', NULL, '6cc3983b6e3730c6efe8e88df31f9d63', NULL, NULL, '1', '1', '1', '1', '1', NULL, '1', '1', '1', NULL, NULL, NULL, NULL, NULL),
(368, NULL, 'CesSilye', 'Hill', 'cjhill@botsford.org', '2484718651', NULL, '64d12dd6b065c12d238e4e088a989140', NULL, '2013-10-03 14:13:00', '1', '1', '1', '1', '1', NULL, '1', '1', '1', NULL, NULL, NULL, NULL, NULL),
(369, 37, 'Ruth', 'Hoskins', 'rhoskins@botsford.org', '2484718055', NULL, 'c7b32f9ebbc3ca31226e951a7d29e733', NULL, '2015-06-02 08:37:00', '1', '1', '1', '1', '1', NULL, '1', '1', '1', NULL, NULL, NULL, NULL, NULL),
(370, 37, 'Tamara', 'Alexander', 'talexander@botsford.org', '2486157126', NULL, 'f21c5f54aaeabd13982f8b8cc888748452e70ba3c7bb2bef2a1afcf15ffbcc02ae7420ee121ac63eb02c8a7885cbdef4f8b27337d2fb708d910ab8fa1b36a198', '2015-06-11 09:29:45', '2015-06-11 09:30:06', '1', '1', '1', '1', '1', NULL, NULL, '1', '1', '1', NULL, NULL, NULL, 0),
(371, 37, 'Machele', 'Merriweather', 'mmerriweather@botsford.org', '1111111111', NULL, '6472c5ee6b3304c35cbf54615741eb29', NULL, NULL, '1', '1', '1', '1', '1', NULL, '1', '1', '1', '1', NULL, NULL, NULL, NULL),
(372, 37, 'Angelique', 'Hellen', 'alhellen@botsford.org', '2484718125', NULL, '9b982f5582a952b1ee680b9eec61da3b', NULL, '2015-06-03 08:27:00', '1', '1', '1', '1', '1', NULL, '1', '1', '1', NULL, NULL, NULL, NULL, NULL),
(373, NULL, 'Stephanie', 'Lowney', 'stephanie.lowney@irmc.org', '1111111111', NULL, '9730cf8bbaba0075562f9dcb44339147', NULL, NULL, '1', '1', '1', '1', '1', NULL, '1', '1', '1', NULL, NULL, NULL, NULL, NULL),
(374, 37, 'Barbara', 'Palmer', 'bpalmer@botsford.org', '1111111111', NULL, '44932230d61dd36a6da2a40f1f895cd9', NULL, NULL, '1', '1', '1', '1', '1', NULL, '1', '1', '1', '1', NULL, NULL, NULL, NULL),
(375, NULL, 'Maria', 'Antaran', 'maria@marvelapps.com', '3137174514', NULL, '9c069ead04bea319eb47f2b236a04e77', NULL, NULL, '1', '1', '1', '1', '1', NULL, '1', '1', '1', NULL, NULL, NULL, NULL, NULL),
(376, NULL, 'Kathleen', 'Robbins', 'morningstar.anesthesia@gmail.com', '5672498527', NULL, '3af6d0520aa9b6a365b3fea02459cdc4', NULL, NULL, '1', '1', '1', '1', '1', NULL, '1', '1', '1', '1', NULL, NULL, NULL, NULL),
(377, 70, 'Sal', 'Aragona', 'aragonadentistry@msn.com', '5862634060', NULL, '651836516f69fa22d0cc36f4db77624d', NULL, NULL, '1', '1', '1', '1', '1', NULL, '1', '1', '1', '1', NULL, NULL, NULL, NULL),
(378, 1, 'Lindsay', 'Rowe', 'Lindsay.Rowe@stjohn.org', '2488498079', NULL, '89b207fd9a9e6a1a1cef4c91f9c01a2e', NULL, '2014-04-25 16:48:00', '1', '1', '1', '1', '1', NULL, '1', '1', '1', NULL, NULL, NULL, NULL, NULL),
(379, 18, 'Nicholas', 'Strasz', 'Nicholas.strasz@mclaren.org', '2483385659', NULL, '58a67a9a0dbf2fa08bb166cf52bb1ff8', NULL, '2015-06-03 08:08:00', '1', '1', '1', '1', '1', NULL, '1', '1', '1', NULL, '1', '1', NULL, NULL),
(380, 18, 'Paula', 'Conrad', 'paula.conrad@mclaren.org', '2483385665', '2483385664', '1c8930d0529cc83b2306d3295d17aec41ce54ac3b1d1470789fd164979f116b1e70ff921f105001f1aaa6b1f794ec815932105ec947108671fe8697fce759001', '2016-04-28 10:45:49', '2016-04-28 11:42:57', '1', '1', NULL, '1', '1', NULL, '1', '1', '1', NULL, '1', '1', NULL, NULL),
(381, 41, 'Nancy', 'Heffernan', 'nheffernan@DBSAlliance.org', '3129881166', '3126427243', '81e5b56cb242b4fc4f3147465bd2ad59', NULL, '2015-01-09 17:15:00', '1', '1', '1', '1', '1', NULL, '1', '1', '1', NULL, NULL, NULL, NULL, NULL),
(382, 41, 'Charlene', 'Knox', 'CKnox@Dbsalliance.org', '3129881152', NULL, 'b0f8f5c723c51a0bcc3d1d1ee98e5058', NULL, '2014-09-25 09:58:00', '1', '1', '1', '1', '1', NULL, '1', '1', '1', NULL, NULL, NULL, NULL, NULL),
(383, 18, 'Carla', 'Henry', 'Carla.Henry@mclaren.org', '8104968614', '8104968615', '227690c0d99eefd9d46c7fa779b5598a', NULL, '2012-06-28 07:27:00', '1', '1', '1', '1', '1', NULL, '1', '1', '1', NULL, NULL, NULL, NULL, NULL),
(384, NULL, 'Jim', 'Graham', 'jgraham3@hfhs.org', '3138745427', NULL, 'b395e57b5aca6c723b816afc9a5c45e1', NULL, NULL, '1', '1', '1', '1', '1', NULL, '1', '1', '1', NULL, '1', NULL, NULL, NULL),
(385, 1, 'Tracy', 'Kennedy', 'tracy.kennedy@stjohn.org', '1111111111', NULL, '93c35c50371301e9bea5ceffb8658f76', NULL, '2013-06-17 07:49:00', '1', '1', '1', '1', '1', NULL, '1', '1', '1', NULL, NULL, NULL, NULL, NULL),
(386, 18, 'Stephanie', 'Narlock', 'stephanie.narlock@mclaren.org', '9898946404', '9898946440', '964ff7d8c55bb8a6d67fbf4ddda7cf40', NULL, NULL, '1', '1', '1', '1', '1', NULL, '1', '1', '1', '1', '1', '1', NULL, NULL),
(387, NULL, 'Michael', 'Mullaly', 'eagle77usa@yahoo.com', '5863813710', NULL, '496ed60c0d805c6a81a662c839acc92d', NULL, '2012-12-20 11:06:00', '1', '1', '1', '1', '1', NULL, '1', '1', '1', NULL, NULL, NULL, NULL, NULL),
(388, 2, 'Akilah', 'Parker', 'aparker3@hfhs.org', '3138761314', NULL, 'b50e9fdf94d15ad64a869f33d5ac0f6a', NULL, NULL, '1', '1', '1', '1', '1', NULL, '1', '1', '1', '1', NULL, NULL, NULL, NULL),
(389, 18, 'Derek', 'Peters', 'Derek.Peters@mclaren.org', '5179756768', '5179756748', 'fde8d3fb4fec40572be2d053b73c2d8a', NULL, '2015-06-03 07:03:00', '1', '1', '1', '1', '1', NULL, '1', '1', '1', NULL, '1', '1', NULL, NULL),
(390, 2, 'Dana', 'Lake', 'dlake2@hfhs.org', '2487230247', NULL, 'd216e81b9b780c1efcc13cac263ff51c', NULL, NULL, '1', '1', '1', '1', '1', NULL, '1', '1', '1', NULL, NULL, NULL, NULL, NULL),
(391, 42, 'Renee', 'Oberle', 'roberle@thecrowngrp.com', '1111111111', NULL, 'ee85858f768e7e5582daf7ac42a4a612', NULL, NULL, '1', '1', '1', '1', '1', NULL, '1', '1', '1', '1', NULL, NULL, NULL, NULL),
(392, NULL, 'Joan', 'Johnson', 'test@thecrowngrp.com', '3194933490', NULL, '1e6cc287bca7e0cb8bb8d8daa91ae576', NULL, '2013-04-10 09:14:00', '1', '1', '1', '1', '1', 'jjohnson@thecrowngrp.com', '1', '1', '1', NULL, NULL, NULL, NULL, NULL),
(393, 77, 'Frank', 'Aragona', 'frank@aragonaproperties.net', '5862860334', '5862861215', '2bcd2ced8210f0b06ecce4396a1974df', NULL, NULL, '1', '1', '1', '1', '1', 'frank@aragonaproperites.net', '1', '1', '1', '1', NULL, NULL, NULL, NULL),
(394, 2, 'Alika', 'Rickett', 'aricket1@hfhs.org', '2483250189', NULL, 'd01c6150a083a1baa541ab56ba2dbfaa', NULL, NULL, '1', '1', '1', '1', '1', NULL, '1', '1', '1', '1', NULL, NULL, NULL, NULL),
(395, NULL, 'Michelle', '.', 'Michelle@cmidiagnostics.com', '2485437226', NULL, '5e24dfe0bb57be093e43585ecbe3ccce', NULL, '2012-09-21 11:45:00', '1', '1', '1', '1', '1', NULL, '1', '1', '1', '1', NULL, NULL, NULL, NULL),
(396, 50, 'Sheran', 'Bly', 'sbly@beaumont.edu', '2484232637', NULL, '00d1beb6cd198ef5c19ad5654da39379', NULL, '2012-10-22 14:32:00', '1', '1', '1', '1', '1', NULL, '1', '1', '1', NULL, NULL, NULL, NULL, NULL),
(397, 50, 'Amanda', 'Werthmann', 'Amanda.werthmann@beaumont.edu', '2484234374', NULL, '2f584fa9df5fec087dcf1e5469e07bbc', NULL, '2015-05-20 14:38:00', '1', '1', '1', '1', '1', NULL, '1', '1', '1', NULL, NULL, NULL, NULL, NULL),
(399, 50, 'Tasha', 'German', 'Tasha.German@beaumont.edu', '2484232644', NULL, '0cfab74f14d685b5b48d0b6879bc4fba', NULL, '2015-04-17 15:07:00', '1', '1', '1', '1', '1', NULL, '1', '1', '1', NULL, NULL, NULL, NULL, NULL),
(400, NULL, 'Karen', 'Vineyard', 'karen.vineyard@stjohn.org', '5867531027', '5867531085', '96bb0949dd097d50a5950f43ce95772f', NULL, '2013-05-02 09:23:00', '1', '1', '1', '1', '1', NULL, '1', '1', '1', NULL, NULL, NULL, NULL, NULL),
(401, 45, 'Laurie', 'Marchand', 'lmarcha1@hfhs.org', '2486425038', '2486427140', 'be5d410a0b7dd55abd591407c68e770e', NULL, '2013-04-09 14:07:00', '1', '1', '1', '1', '1', NULL, '1', '1', '1', NULL, NULL, NULL, NULL, NULL),
(402, 80, 'April', 'DeBruyne', 'aprildelcdc@yahoo.com', '5867797610', '5867791391', '18c5ea576b7fa85aa7f34845f272a3e9', NULL, '2015-05-28 16:37:00', '1', '1', '1', '1', '1', NULL, '1', '1', '1', NULL, NULL, NULL, NULL, NULL),
(403, 42, 'Joan', 'Johnson', 'jjohnson@thecrowngrp.com', '3194933490', NULL, 'cb212d40322bdc55a0295ac81c0ecce3b1e0d6865c1f0b08531d03d0f6133bc8b6f0931031a54f70b3b25004ffbfe0e7da054082602dae1c004f6f63f71d4491', '2015-07-14 15:47:38', '2015-07-14 15:47:44', '1', '1', '1', NULL, NULL, NULL, '1', '1', '1', NULL, NULL, NULL, NULL, NULL),
(404, 18, 'Erin', 'Greenfield', 'erin.greenfield@mclaren.org', '8107339603', NULL, 'fcfbb0d01ff7d15c3fca4df6634cc237', NULL, NULL, '1', '1', '1', '1', '1', NULL, '1', '1', '1', NULL, '1', '1', NULL, NULL),
(405, 10, 'Travis', 'Bone', 'Travis.Bone@texaspowersystems.com', '8304015600', NULL, '56321497cf7f66dd53052ce81f8855af', NULL, '2013-01-28 08:57:00', '1', '1', '1', '1', '1', NULL, '1', '1', '1', NULL, NULL, NULL, NULL, NULL),
(406, NULL, 'Corey', 'Wielgos', 'CWielgos@bronsonprecision.com', '5174621324', NULL, '87857cce18aef970f5bfa4ccbec890fb', NULL, '2013-09-24 11:50:00', '1', '1', '1', '1', '1', NULL, '1', '1', '1', NULL, NULL, NULL, NULL, NULL),
(407, 47, 'Milissent', 'Rodriguez', 'mrodriguez@noch.org', '6168475263', '6168475694', '0a10d13a43e8b15bac75b66e992189ed', NULL, '2015-06-01 16:13:00', '1', '1', '1', '1', '1', 'employment@noch.org', '1', '1', '1', NULL, NULL, NULL, NULL, NULL),
(408, NULL, 'Carla', 'Wallis', 'cwallis@noch.org', '1111111111', NULL, 'c8ed829adebee28039a6f05e726c55e7', NULL, NULL, '1', '1', '1', '1', '1', NULL, '1', '1', '1', NULL, NULL, NULL, NULL, NULL),
(409, NULL, 'Angela', 'Rademaker', 'arademaker@noch.org', '6168475371', NULL, 'ec989ca818146103411fc78667b77d66', NULL, '2013-10-25 08:46:00', '1', '1', '1', '1', '1', NULL, '1', '1', '1', NULL, NULL, NULL, NULL, NULL),
(410, NULL, 'Sue', 'Wolf', 'swolf@noch.org', '6168475282', '6168475694', 'bf4397d8b4dc061e1b6d191a352e9134', NULL, NULL, '1', '1', '1', '1', '1', NULL, '1', '1', '1', NULL, NULL, NULL, NULL, NULL),
(411, 2, 'Tara', 'Govan', 'tgovan1@hfhs.org', '2487230012', NULL, 'f87696bde68901820261cd806aef3bb0', NULL, '2015-04-23 07:58:00', '1', '1', '1', '1', '1', NULL, '1', '1', '1', NULL, NULL, NULL, NULL, NULL),
(412, 2, 'Jolene', 'Jacobs', 'jjacobs4@hap.org', '1111111111', NULL, '8b574381aba25dc2c264f3e7e1508b84', NULL, '2013-04-04 13:56:00', '1', '1', '1', '1', '1', NULL, '1', '1', '1', NULL, NULL, NULL, NULL, NULL),
(413, 2, 'LaShonda', 'Godfrey', 'lgodfrey@hap.org', '1111111111', NULL, 'c82a603140943863bc0ab72582869fed', NULL, NULL, '1', '1', '1', '1', '1', NULL, '1', '1', '1', '1', NULL, NULL, NULL, NULL),
(414, 2, 'Lindsay', 'Dersa', 'ldersa@hap.org', '1111111111', NULL, '4479de11eb0c65fefb2a4441050ffa43', NULL, NULL, '1', '1', '1', '1', '1', NULL, '1', '1', '1', '1', NULL, NULL, NULL, NULL),
(415, 1, 'Amy', 'Rinscheid', 'Amy.Rinscheid@stjohn.org', '1111111111', NULL, '4f0874def8e710e06a1262ec30f168bf', NULL, '2014-01-23 09:54:00', '1', '1', '1', '1', '1', NULL, '1', '1', '1', NULL, NULL, NULL, NULL, NULL),
(416, 1, 'Kelli', 'Oliver', 'Kelli.Oliver@stjohn.org', '1111111111', NULL, '584e8091c763891821fe8317fcecfe59', NULL, '2014-08-14 11:54:00', '1', '1', '1', '1', '1', NULL, '1', '1', '1', NULL, NULL, NULL, NULL, NULL),
(417, 3, 'Jennifer', 'Wells', 'jennifer.wells@mercymemorial.org', '1111111111', NULL, 'fdfb2ecaf0a57b0816572e04415f61a1', NULL, NULL, '1', '1', '1', '1', '1', NULL, '1', '1', '1', '1', NULL, NULL, NULL, NULL),
(418, 2, '.', 'HFHS', 'hfhstest@testhfhs.org', '1111111111', NULL, '58c48f4d7e514308789bd6300dd3a7dd', NULL, '2013-01-28 15:22:00', '1', '1', '1', '1', '1', NULL, '1', '1', '1', NULL, NULL, NULL, NULL, NULL),
(419, 12, 'Carrie Jo', 'Kuhle', 'carriejo.kuhle@stjohn.org', '1111111111', NULL, '7e063afa05bcf8a26eac92fe1feb6abd', NULL, '2013-05-30 12:11:00', '1', '1', '1', '1', '1', NULL, '1', '1', '1', NULL, NULL, NULL, NULL, NULL),
(420, 12, 'Shelley', 'Biggens', 'Shelley.biggens@stjohn.org', '1111111111', '5867531085', 'abf68fe256cdefaf0fd7c629c7f6cb02', NULL, NULL, '1', '1', '1', '1', '1', NULL, '1', '1', '1', NULL, NULL, NULL, NULL, NULL),
(421, 1, 'Michelle', 'Heidt', 'Michelle.Heidt@Reverencehomehealth.org', '1111111111', NULL, 'c78bc4c8b70f83780aa909deaff17a88', NULL, '2013-10-09 11:59:00', '1', '1', '1', '1', '1', NULL, '1', '1', '1', NULL, NULL, NULL, NULL, NULL),
(422, 2, 'Vance', 'Ritz', 'vritz1@hfhs.org', '3138761035', NULL, '67875473b658e909cfd00aa40df42fa5', NULL, '2013-09-25 12:37:00', '1', '1', '1', '1', '1', NULL, '1', '1', '1', NULL, NULL, NULL, NULL, NULL),
(423, 51, 'Diane', 'Burroughs', 'dburrou1@hfhs.org', '3135436382', NULL, 'd34afdec8784710ac056ced99a5b44bb', NULL, '2015-04-29 11:10:00', '1', '1', '1', '1', '1', NULL, '1', '1', '1', NULL, NULL, NULL, NULL, NULL),
(424, 14, 'Marius', 'Valeanu', 'valmarv@gmail.com', '1234567890', NULL, '005a1442f30a7e79dd71982cfa81e5c0', NULL, '2015-04-08 10:23:00', '1', '1', '1', '1', '1', NULL, '1', '1', '1', NULL, '1', '1', NULL, NULL),
(426, 14, 'Stephanie', 'Gorecki', 'sgorecki@referencecompany.com', '5554444444', NULL, '32fe5490bfdb989ec234f0ee7f2016aad816a0cfe001324d4e4f001b6742f1314f5a930a6a0f2675ada60dc6b46d6145a8644048f332f9d94da335efc50b7cb3', '2015-10-06 13:36:13', '2015-09-29 14:58:07', '1', '1', '1', '1', '1', NULL, '1', '1', '1', NULL, '1', '1', NULL, NULL),
(427, 14, 'Nicole', 'Caltoum', 'ncaltoum@referencecompany.com', '4444444444', NULL, '8496db5672f36eeeeb4130c2d36427f8', NULL, '2015-06-02 16:41:00', '1', '1', '1', '1', '1', NULL, '1', '1', '1', NULL, '1', '1', NULL, NULL),
(428, 10, 'Jen', 'Chambers', 'Jen.Chambers@roi-1.com', '2483409200', NULL, '7af00ea47889253e4a46600190290fc5', NULL, '2015-05-26 15:42:00', '1', '1', '1', '1', '1', NULL, '1', '1', '1', NULL, NULL, NULL, NULL, NULL),
(429, 42, 'Jo', 'Scurry', 'jscurry@thecrowngrp.com', '8034688870', NULL, 'd120a9a38e944bdd24c50369b24bf9bb', NULL, '2013-10-14 13:25:00', '1', '1', '1', '1', '1', NULL, '1', '1', '1', NULL, NULL, NULL, NULL, NULL),
(430, NULL, 'Lori', 'Fenton', 'lfenton@thecrowngrp.com', '1111111111', NULL, 'c211301e8a61869dcb12de46d375c305', NULL, '2014-06-12 07:16:00', '1', '1', '1', '1', '1', NULL, '1', '1', '1', NULL, NULL, NULL, NULL, NULL),
(431, 110, 'Nicole', 'Bierie', 'nbierie@thecrowngrp.com', '3139228433', NULL, '0d760eb66d33a754a7fa75955d0c825a95a5e41493ba9865cc04c0fb11ca9861dec65da00ed7675ab66297a0593101be0d332b5ebba125de8167757eeb5cad75', '2017-08-31 12:22:37', NULL, '1', '1', '1', '1', '1', NULL, '1', '1', '1', '1', NULL, NULL, NULL, NULL),
(432, 42, 'Nikki', 'Rodriguez', 'nrodriguez@thecrowngrp.com', '1111111111', NULL, '59dcfab67e62cda8779ab32ead5ea207', NULL, NULL, '1', '1', '1', '1', '1', NULL, '1', '1', '1', '1', NULL, NULL, NULL, NULL),
(433, 45, 'Shelly', 'Pamula', 'spamula1@hfhs.org', '2486425038', NULL, '0cffd6716563911291c993e85cfa098a', NULL, '2015-04-20 11:37:00', '1', '1', '1', '1', '1', NULL, '1', '1', '1', NULL, NULL, NULL, NULL, NULL),
(434, 2, 'Pamela', 'Robinson-Smith', 'probins4@hfhs.org', '3138743937', NULL, 'fc97dced0019dc0defc32b84f9dae2c0', NULL, '2015-05-13 10:41:00', '1', '1', '1', '1', '1', NULL, '1', '1', '1', NULL, NULL, NULL, NULL, NULL),
(435, 14, 'Test', 'Gorecki', 'stephaniegorecki@comcast.net', '3333333333', NULL, '32fe5490bfdb989ec234f0ee7f2016aad816a0cfe001324d4e4f001b6742f1314f5a930a6a0f2675ada60dc6b46d6145a8644048f332f9d94da335efc50b7cb3', '2015-10-06 13:38:07', '2015-10-13 13:37:24', '1', '1', '1', '1', '1', NULL, '1', '1', '1', NULL, NULL, NULL, NULL, NULL),
(436, 13, 'Joan', 'Tylutki', 'jtylutk1@hfhs.org', '3139828117', '3139828259', '20228ea07f60ec11cdb0114de3a3fd8c', NULL, '2013-04-18 14:17:00', '1', '1', '1', '1', '1', NULL, '1', '1', '1', NULL, NULL, NULL, NULL, NULL),
(437, 2, 'Nicholas', 'Watts', 'nwatts1@hfhs.org', '3138749170', '3138747303', 'bd41f06109fbc0642ce9b1e52601f5a8', NULL, '2013-07-31 10:18:00', '1', '1', '1', '1', '1', NULL, '1', '1', '1', NULL, NULL, NULL, NULL, NULL),
(438, NULL, 'Amy', 'Bloom', 'amy@amybloominc.com', '7737421753', NULL, 'dadd2e9e9d3bd9834eed60e90e1fbdf6', NULL, NULL, '1', '1', '1', '1', '1', NULL, '1', '1', '1', NULL, NULL, NULL, NULL, NULL),
(439, 2, 'Heather', 'Cherveny', 'hcherve1@hfhs.org', '3138743880', NULL, 'ace4eb6d5b360018a541c8aea7c4821b', NULL, NULL, '1', '1', '1', '1', '1', NULL, '1', '1', '1', '1', NULL, NULL, NULL, NULL),
(440, 35, 'Kimberly', 'Krygier', 'kimberly.krygier@stjohn.org', '2488498483', NULL, '8e7f830a680785022503ce23833923e4', NULL, NULL, '1', '1', '1', '1', '1', NULL, '1', '1', '1', '1', NULL, NULL, NULL, NULL),
(441, 65, 'Michael', 'Thomas', 'mthomas@sjrlaw.com', '3139631301', NULL, '3e790e3eb3893e8369639ff1e481c03b', NULL, '2015-02-23 14:30:00', '1', '1', '1', '1', '1', NULL, '1', '1', '1', NULL, NULL, NULL, NULL, NULL),
(442, 1, 'Lena', 'Fox', 'Lena.Fox@ReverenceHomeHealth.org', '8106959958', NULL, '6aed7fc2ca85cb5b3ca8d3ce68a0c3db', NULL, '2014-08-13 11:48:00', '1', '1', '1', '1', '1', NULL, '1', '1', '1', NULL, NULL, NULL, NULL, NULL),
(443, 2, 'Henry Ford', 'Recruiter', 'kim@hotmail.com', '1111111111', NULL, '098f6bcd4621d373cade4e832627b4f6', NULL, '2013-05-13 11:28:00', '1', '1', '1', '1', '1', NULL, '1', '1', '1', NULL, '1', NULL, NULL, NULL),
(444, 50, 'Dana', 'Ludwig', 'dana.ludwig@beaumont.edu', '2489646138', NULL, 'e89053ee07939d87bcabdb439e090467', NULL, '2015-05-29 12:06:00', '1', '1', '1', '1', '1', NULL, '1', '1', '1', NULL, NULL, NULL, NULL, NULL),
(445, 66, 'Susan', 'Debruyn', 'susan.debruyn@mclaren.org', '5864938174', '5864933332', 'bb4e1defd45f428f33cf65e6959f3128', NULL, '2014-06-18 12:13:00', '1', '1', '1', '1', '1', NULL, '1', '1', '1', NULL, NULL, NULL, NULL, NULL),
(446, 2, 'Kristi', 'Sutherland', 'ksuther1@hfhs.org', '3138767965', NULL, '6faa9ebd73ea6b98743f9bf820afc11b', NULL, '2015-05-22 09:50:00', '1', '1', '1', '1', '1', NULL, '1', '1', '1', NULL, NULL, NULL, NULL, NULL),
(447, 50, 'Laura', 'Lozenkovski', 'laura.lozenkovski@beaumont.edu', '2489645413', NULL, 'f04fc3d0d8888f3f368e2f08e67e965e', NULL, '2015-06-01 15:55:00', '1', '1', '1', '1', '1', NULL, '1', '1', '1', NULL, NULL, NULL, NULL, NULL),
(448, 10, 'Andrea', 'Ruiz', 'andrea.ruiz@roi-1.com', '8304011060', NULL, 'c0dc93526d0ff464e08a40a10c2d2c84', NULL, '2013-05-29 10:56:00', '1', '1', '1', '1', '1', NULL, '1', '1', '1', NULL, NULL, NULL, NULL, NULL),
(449, 2, 'Diane', 'Smith', 'DSMITH7@hfhs.org', '1111111111', NULL, 'e9493361ee27b25e820a5bca76e5fe69', NULL, '2015-04-30 08:42:00', '1', '1', '1', '1', '1', NULL, '1', '1', '1', NULL, NULL, NULL, NULL, NULL),
(450, 75, 'Sheri Ann', 'Campbell', 'sheriann.campbell@groupassociates.com', '2485942617', '2485932055', '4768e2aa3e3e82e7a97d620a1bd9e569', NULL, NULL, '1', '1', '1', '1', '1', NULL, '1', '1', '1', NULL, NULL, NULL, NULL, NULL),
(451, 12, 'Julie', 'Acosta', 'Julie.acosta@stjohn.org', '5867531081', 'kulrich', 'eaa428aacecad04383731ad6742cb454', NULL, NULL, '1', '1', '1', '1', '1', NULL, '1', '1', '1', NULL, NULL, NULL, NULL, NULL),
(452, NULL, 'SJPHS', 'zDemo', 'demo1@i-evaluations.com', '5555555555', NULL, 'be3e2262a0ed3bb08bcf1a5032c488ba', NULL, '2013-07-08 13:08:00', '1', '1', '1', '1', '1', NULL, '1', '1', '1', NULL, '1', NULL, NULL, NULL),
(453, NULL, 'McLaren', 'zDemo', 'demo2@i-evaluations.com', '1234567890', NULL, '1066726e7160bd9c987c9968e0cc275a', NULL, '2013-10-23 14:14:00', '1', '1', '1', '1', '1', NULL, '1', '1', '1', NULL, '1', '1', NULL, NULL),
(454, NULL, 'HFHS', 'zDemo', 'demo3@i-evaluations.com', '1111111111', NULL, '297e430d45e7bf6f65f5dc929d6b072b', NULL, '2013-06-14 11:48:00', '1', '1', '1', '1', '1', NULL, '1', '1', '1', NULL, '1', NULL, NULL, NULL),
(455, 18, 'Carissa', 'Burton', 'Carissa.Burton@mclaren.org', '1111111111', NULL, '9b0b8b6d3ac21dd2c706adc89a9b8ae5', NULL, NULL, '1', '1', '1', '1', '1', NULL, '1', '1', '1', NULL, '1', '1', NULL, NULL),
(456, 18, 'Rachelle', 'Hulett', 'Rachelle.Hulett@mclaren.org', '1111111111', NULL, 'd26b63964e7a4b8984071f60a100f829', NULL, NULL, '1', '1', '1', '1', '1', NULL, '1', '1', '1', '1', '1', '1', NULL, NULL),
(457, 84, 'Michelle', 'Casey', 'mcasey@visicomservices.com', '2482990300', NULL, '30ab335de155df0926781b78dcbf32a3', NULL, NULL, '1', '1', '1', '1', '1', NULL, '1', '1', '1', '1', NULL, NULL, NULL, NULL),
(458, 84, 'Laraine', 'Garman', 'lgarman@visicomservices.com', '2482990300', NULL, '934b276f5af32f4a0741a5f51de643b8', NULL, '2015-05-07 11:04:00', '1', '1', '1', '1', '1', NULL, '1', '1', '1', NULL, NULL, NULL, NULL, NULL),
(459, NULL, 'Wendy', 'Cole', 'Wendy.Cole@providence-stjohnhealth.org', '5867531861', NULL, '3842d4ae3015d63d66a751e460935ff2', NULL, '2013-09-04 08:47:00', '1', '1', '1', '1', '1', NULL, '1', '1', '1', NULL, NULL, NULL, NULL, NULL),
(460, 14, 'Development', 'Recruiter', 'dev@referencecompany.com', '1111111111', 'demo@referencecompany.com', 'c0c3cfe094caa7cd1c621b008da55e06', NULL, NULL, '1', '1', '1', '1', '1', NULL, '1', '1', '1', '1', NULL, NULL, NULL, 2),
(461, 46, 'Marian', 'Zadora', 'mzadora@jdmconsulting.com', '2483241937', NULL, '96befae7e2182ef1d53a51ee37955c3a', NULL, NULL, '1', '1', '1', '1', '1', NULL, '1', '1', '1', '1', NULL, NULL, NULL, NULL),
(462, 12, 'Deana', 'Minnifield', 'deana.minnifield@stjohn.org', '5867531046', NULL, '65ca40e84eab84dcdd69b1f9c188c82a', NULL, NULL, '1', '1', '1', '1', '1', NULL, '1', '1', '1', '1', NULL, NULL, NULL, NULL),
(463, 12, 'Joyce', 'Joy', 'joyce.joy@stjohn.org', '5867531033', NULL, 'c7fb7e0cca27a8124ae9c71610bc7d1b', NULL, '2013-10-31 10:21:00', '1', '1', '1', '1', '1', NULL, '1', '1', '1', NULL, NULL, NULL, NULL, NULL),
(464, NULL, 'Ebony', 'Neely', 'Ebony.Neely_1@beaumont.edu', '1111111111', NULL, 'b9106cf103f41b9f1cf32dcfcd856924', NULL, '2014-02-18 13:38:00', '1', '1', '1', '1', '1', NULL, '1', '1', '1', NULL, NULL, NULL, NULL, NULL),
(465, 1, 'Kaitlin', 'Kaurich', 'Kaitlin.Kaurich@stjohn.org', '1111111111', NULL, '753bec73a172dc4d54deb355c9f00631', NULL, NULL, '1', '1', '1', '1', '1', NULL, '1', '1', '1', NULL, NULL, NULL, NULL, NULL),
(466, 33, 'Rob', 'Docherty', 'Rdocherty@dietzpropertygroup.com', '2483413990', NULL, '6d20134f1d512c11834476a53bfb92ed', NULL, '2015-05-26 17:02:00', '1', '1', '1', '1', '1', NULL, '1', '1', '1', NULL, NULL, NULL, NULL, NULL),
(467, 12, 'Kris', 'Sayles', 'kris.sayles@stjohn.org', '5867531021', NULL, 'b5c47213ae721757d0de4ae6279cffae', NULL, NULL, '1', '1', '1', '1', '1', NULL, '1', '1', '1', '1', NULL, NULL, NULL, NULL),
(468, NULL, 'Valerie', 'Gibala', 'vgibala@crittenton.com', '2486525232', NULL, 'e9d39632a066a7c942e8d02130e4750d', NULL, '2013-11-12 09:03:00', '1', '1', '1', '1', '1', NULL, '1', '1', '1', NULL, NULL, NULL, NULL, NULL),
(469, 18, 'Jillian', 'Mathews', 'jillian.mathews@mclaren.org', '5867414181', NULL, 'eff8c52943ecdb848bb34e9ca193cbcc', NULL, '2015-06-01 08:03:00', '1', '1', '1', '1', '1', NULL, '1', '1', '1', NULL, '1', '1', NULL, NULL),
(473, 2, 'Larry', 'Misuraca', 'lmisura1@hfhs.org', '3138761392', NULL, 'c79e949647164311b789252cfcec36f5', NULL, '2014-08-06 12:52:00', '1', '1', '1', '1', '1', NULL, '1', '1', '1', NULL, NULL, NULL, NULL, NULL),
(477, 10, 'Traci', 'Balyeat', 'TBalyeat@bronsonprecision.com', '1111111111', NULL, 'a437e7abc784309d3ca14136e81a4817', NULL, '2014-01-30 16:17:00', '1', '1', '1', '1', '1', NULL, '1', '1', '1', NULL, NULL, NULL, NULL, NULL),
(478, 18, 'Teresa', 'Dewyer', 'Teresa.Dewyer@mclaren.org', '9898949530', NULL, '10be62098cb77ef0e67947a85f61e844', NULL, NULL, '1', '1', '1', '1', '1', NULL, '1', '1', '1', '1', '1', '1', NULL, NULL),
(479, 1, 'Amy', 'Gawthrop', 'amy.gawthrop@reverencehomehealth.org', '1111111111', NULL, '1ba65bc04f63dd7e74d6720a72c4f037', NULL, '2014-09-03 08:58:00', '1', '1', '1', '1', '1', NULL, '1', '1', '1', NULL, NULL, NULL, NULL, NULL),
(480, 1, 'Elizabeth', 'Homsy', 'Elizabeth.Homsy@stjohn.org', '5867531295', NULL, '7d0cb1d5066d03f188debf00fdcd838b', NULL, NULL, '1', '1', '1', '1', '1', NULL, '1', '1', '1', NULL, NULL, NULL, NULL, NULL),
(481, NULL, 'Andrea', 'Canty', 'acanty.pbci@yahoo.com', '3135702219', '3137481004', '63dbc654fbceb55025b439350d3a59d2', NULL, NULL, '1', '1', '1', '1', '1', NULL, '1', '1', '1', NULL, NULL, NULL, NULL, NULL),
(482, 18, 'Margie', 'Kessler', 'mkessler@northernhealth.org', '2314874054', NULL, '73872451383c9f39194b07317b5220d1', NULL, '2015-06-01 10:59:00', '1', '1', '1', '1', '1', NULL, '1', '1', '1', NULL, '1', '1', NULL, NULL),
(483, 22, 'Mark', 'Stifter', 'mark.stifter@herndonwood.com', '2489717447', NULL, '0b77e5d3137bfef7530f918cadf3041e', NULL, NULL, '1', '1', '1', '1', '1', NULL, '1', '1', '1', '1', NULL, NULL, NULL, NULL),
(484, NULL, 'Stephen', 'Scapelliti', 'scaplegal@aol.com', '2487013839', '2486099624', '190661875f0470d6fd4ed9811b07322d', NULL, '2014-02-21 11:56:00', '1', '1', '1', '1', '1', NULL, '1', '1', '1', NULL, NULL, NULL, NULL, NULL),
(485, 18, 'Sherry', 'Gillett', 'sgillett@northernhealth.org', '2314877982', NULL, '64667712c43ff7bef24199cf6f8d361e', NULL, '2015-06-03 08:16:00', '1', '1', '1', '1', '1', NULL, '1', '1', '1', NULL, '1', '1', NULL, NULL),
(486, 18, 'Kacey', 'Marshall', 'kmarshall@northernhealth.org', '2314874210', NULL, 'e3103e5496705b456332a66b8743ff50', NULL, '2015-04-30 09:37:00', '1', '1', '1', '1', '1', NULL, '1', '1', '1', NULL, '1', '1', NULL, NULL),
(487, 18, 'Scott', 'VanHuis', 'svhuis@northernhealth.org', '2314877112', NULL, 'ec179ddf5c99cef504c09cb3d00e8048', NULL, '2014-12-29 15:43:00', '1', '1', '1', '1', '1', NULL, '1', '1', '1', NULL, '1', '1', NULL, NULL),
(488, 18, 'Kim', 'Matelski', 'kmatelski@northernhealth.org', '2314877236', NULL, 'a3b3d320cfefe4faa04bd7b53dadeefe', NULL, NULL, '1', '1', '1', '1', '1', NULL, '1', '1', '1', '1', '1', '1', NULL, NULL),
(492, 2, 'Opal', 'Rogers', 'orogers1@hfhs.org', '5862632816', NULL, '1b547f92e08b7ac07c0a56a7c92d47ff', NULL, NULL, '1', '1', '1', '1', '1', NULL, '1', '1', '1', '1', NULL, NULL, NULL, NULL),
(493, 64, 'Lisa', 'Sikorski', 'Lisa.sikorski@roi-1.com', '3133889800', NULL, 'e88cc4f3bb59e91bb1315188b4a7585e', NULL, '2015-04-21 11:45:00', '1', '1', '1', '1', '1', NULL, '1', '1', '1', NULL, NULL, NULL, NULL, NULL),
(494, 64, 'Karen', 'Moore', 'Karen.moore@roi-1.com', '3133886300', NULL, '5eebcefec66751b1ba27ed45543124cd', NULL, '2015-04-22 11:53:00', '1', '1', '1', '1', '1', NULL, '1', '1', '1', NULL, NULL, NULL, NULL, NULL),
(495, 12, 'Gina', 'Bartulio', 'Gina.bartulio@stjohn.org', '5867531050', NULL, 'a2220201e4e8748adf46ee4da75c6474', NULL, NULL, '1', '1', '1', '1', '1', NULL, '1', '1', '1', NULL, NULL, NULL, NULL, NULL),
(496, 12, 'Annette', 'McGhee', 'Annette.McGhee@stjohn.org', '5867531033', NULL, '8f4590fb551f75188709700e16894fe6', NULL, NULL, '1', '1', '1', '1', '1', NULL, '1', '1', '1', '1', NULL, NULL, NULL, NULL),
(497, 12, 'Viviana', 'Valadez', 'Viviana.valadez@stjohn.org', '5867531032', NULL, '7428eb334e6d6adbc663c572f913b62e', NULL, '2014-04-29 18:32:00', '1', '1', '1', '1', '1', NULL, '1', '1', '1', NULL, NULL, NULL, NULL, NULL),
(498, 10, 'Bridget', 'Mayer', 'bmayer@bronsonprecision.com', '5179627105', NULL, '7ff18c9091f660108a3e53ff0dcedd1d', NULL, '2015-05-21 13:12:00', '1', '1', '1', '1', '1', NULL, '1', '1', '1', NULL, NULL, NULL, NULL, NULL),
(499, 2, 'Lauren', 'OConnor', 'loconn3@hfhs.org', '3138743997', NULL, '1d9054c860534b8a70e5795e2183d467', NULL, '2015-05-26 11:18:00', '1', '1', '1', '1', '1', NULL, '1', '1', '1', NULL, NULL, NULL, NULL, NULL),
(500, 46, 'Lori', 'Ochylski', 'lochylski@jdmconsulting.com', '7348559981', NULL, 'fc02682994d7063254e936ea266c49a8', NULL, '2015-06-02 13:47:00', '1', '1', '1', '1', '1', NULL, '1', '1', '1', NULL, NULL, NULL, NULL, NULL),
(501, 12, 'Jean', 'Jeup', 'jean.jeup@stjohn.org', '1111111111', NULL, 'aaa14fa3512262b5b359b6c666ee6a23', NULL, NULL, '1', '1', '1', '1', '1', NULL, '1', '1', '1', NULL, NULL, NULL, NULL, NULL),
(502, 12, 'Carla', 'Mitchell', 'Carla.mitchell@stjohn.org', '5867531032', NULL, 'dd3507ab713cbf18dc37b8b2ec569b20', NULL, NULL, '1', '1', '1', '1', '1', NULL, '1', '1', '1', '1', NULL, NULL, NULL, NULL),
(503, 12, 'Annette', 'Price', 'Annette.price@stjohn.org', '1111111111', NULL, '67a2a823cda308798082e19aae1573d0', NULL, NULL, '1', '1', '1', '1', '1', NULL, '1', '1', '1', NULL, NULL, NULL, NULL, NULL),
(504, 60, 'Teresa', 'Choate', 'tchoate1@hfhs.org', '5862632855', NULL, '129304ae8ae5f94e7cb9e125dfc7dbc3', NULL, NULL, '1', '1', '1', '1', '1', NULL, '1', '1', '1', '1', NULL, NULL, NULL, NULL),
(505, 60, 'Orchid', 'Webb', 'obeatty1@hfhs.org', '5862632623', NULL, '25d88f3cf76692ef3a74635f9bc7b3f3', NULL, NULL, '1', '1', '1', '1', '1', NULL, '1', '1', '1', '1', NULL, NULL, NULL, NULL),
(506, 60, 'Maggie', 'Schwartz', 'mschwart2@hfhs.org', '5862632698', NULL, 'f8645650ac7a136ab350dd81126e0ace', NULL, NULL, '1', '1', '1', '1', '1', NULL, '1', '1', '1', NULL, NULL, NULL, NULL, NULL),
(507, 60, 'Sue', 'Krempa', 'skrempa1@hfhs.org', '5862632620', NULL, 'cdc31b9a984ff3ff6aa5a9840e9697ec', NULL, NULL, '1', '1', '1', '1', '1', NULL, '1', '1', '1', '1', NULL, NULL, NULL, NULL),
(508, 2, 'Tony', 'Gates', 'tgates@midwesthealthplan.com', '3138275562', NULL, '84d6ad1694c9e06624d005537f05846f', NULL, '2014-02-18 11:44:00', '1', '1', '1', '1', '1', NULL, '1', '1', '1', NULL, NULL, NULL, NULL, NULL),
(509, 18, 'Tanya', 'Primeau', 'Tanya.Primeau@mclaren.org', '8106675630', NULL, '95bbe788265a5ccd3336614e9f76709e', NULL, NULL, '1', '1', '1', '1', '1', NULL, '1', '1', '1', '1', '1', '1', NULL, NULL),
(510, 18, 'Jacquelyn', 'Baldwin', 'Jacquelyn.Baldwin@mclaren.org', '1111111111', NULL, 'bead6feb2d7c7f4d4f25f45f62e77906', NULL, NULL, '1', '1', '1', '1', '1', NULL, '1', '1', '1', '1', '1', '1', NULL, NULL),
(511, 37, 'Debbie', 'Buckland', 'dbuckland@botsford.org', '2484718655', NULL, '4730643b26beef3f5a144c1495487cb3', NULL, '2015-06-01 09:45:00', '1', '1', '1', '1', '1', NULL, '1', '1', '1', NULL, NULL, NULL, NULL, NULL),
(512, 2, 'Colleen', 'Dudak', 'cdudak@hap.org', '1111111111', NULL, '7c1c4b9739cf60e75a4f4f98df4e4a26', NULL, NULL, '1', '1', '1', '1', '1', NULL, '1', '1', '1', '1', NULL, NULL, NULL, NULL),
(513, 2, 'Christine', 'Kapitula', 'ckapitu1@hfhs.org', '2483250165', NULL, 'c661a1e975dd66d42a2163f694b7dd02', NULL, NULL, '1', '1', '1', '1', '1', NULL, '1', '1', '1', '1', NULL, NULL, NULL, NULL),
(514, 66, 'Daniela', 'Dimovski', 'daniela.dimovski@mclaren.org', '1111111111', NULL, 'e5e3b4ebbce41b4a345112b29459991f', NULL, '2015-04-17 13:35:00', '1', '1', '1', '1', '1', NULL, '1', '1', '1', NULL, NULL, NULL, NULL, NULL),
(515, NULL, 'Anquenetta', 'Jones', 'ajones323@yahoo.com', '3133437059', NULL, '6f6645f714e6c172cf232845fd8413d2', NULL, '2014-08-01 09:15:00', '1', '1', '1', '1', '1', NULL, '1', '1', '1', NULL, NULL, NULL, NULL, NULL),
(516, 2, 'Astacia', 'Hahn', 'ahahn2@hfhs.org', '3138761035', NULL, '7f077bef06d4f3c3f4ab5d98160db9e2', NULL, '2015-04-23 07:59:00', '1', '1', '1', '1', '1', NULL, '1', '1', '1', NULL, NULL, NULL, NULL, NULL),
(517, 42, 'Melinda', 'Armstrong', 'marmstrong@thecrowngrp.com', '6785429440', NULL, 'd8502d4061cad02af495f1b5eb6cf777', NULL, '2015-04-20 08:55:00', '1', '1', '1', '1', '1', NULL, '1', '1', '1', NULL, NULL, NULL, NULL, NULL),
(518, NULL, 'Myra', 'Carroll', 'mcarroll@thecrowngrp.com', '8643495081', NULL, 'a6bdaa79b1c8a0ba8c0507bc9d4e8a2a', NULL, NULL, '1', '1', '1', '1', '1', NULL, '1', '1', '1', NULL, NULL, NULL, NULL, NULL),
(519, 42, 'Karen', 'Torres', 'ktorres@thecrowngrp.com', '3135798901', NULL, 'd0724e68b8e1dfc177fa15308fdf0599', NULL, '2015-05-18 07:36:00', '1', '1', '1', '1', '1', NULL, '1', '1', '1', NULL, NULL, NULL, NULL, NULL),
(520, 2, 'Jacquelyn', 'Viaene', 'jviaene2@hfhs.org', '3138746119', NULL, 'b4daf41722ede864c5e49f430dae75ed', NULL, '2015-03-06 15:40:00', '1', '1', '1', '1', '1', NULL, '1', '1', '1', NULL, NULL, NULL, NULL, NULL),
(521, 62, 'Willie', 'Bender', 'wbenderiipbc@gmail.com', '3136957388', NULL, '9c87def22c2ca718f366fe1332394e09', NULL, NULL, '1', '1', '1', '1', '1', NULL, '1', '1', '1', '1', NULL, NULL, NULL, NULL),
(522, 14, 'Martina', 'Meloche', 'accounting@referencecompany.com', '5862286550', NULL, '2825571ec7775019ea388b767564777e', NULL, '2015-05-28 14:39:00', '1', '1', '1', '1', '1', NULL, '1', '1', '1', NULL, '1', '1', NULL, NULL),
(523, 1, 'Jennifer', 'Andrews-Grantham', 'Jennifer.Andrews-Grantham@stjohn.org', '3133437005', '3133437495', '916f196778ec3b65a21c68497a814aec', NULL, '2014-05-09 10:38:00', '1', '1', '1', '1', '1', NULL, '1', '1', '1', NULL, NULL, NULL, NULL, NULL),
(524, 1, 'Brenda', 'Moragne', 'Brenda.Moragne@providence-stjohnhealth.org', '1111111111', NULL, '7f4deb91304e0d106a97e91c217791cf', NULL, '2014-03-24 14:22:00', '1', '1', '1', '1', '1', NULL, '1', '1', '1', NULL, NULL, NULL, NULL, NULL),
(525, NULL, 'Trina', 'Franklin', 'Trina.Franklin@providence-stjohnhealth.org', '1111111111', NULL, '83ddac41070b6560a7972ddd6b290b2a', NULL, NULL, '1', '1', '1', '1', '1', NULL, '1', '1', '1', NULL, NULL, NULL, NULL, NULL),
(526, 8, 'Yvette', 'Burns', 'Yburns1@hfhs.org', '3138741082', NULL, 'ded95c60ebfaa315c077dbc3ea13f286', NULL, NULL, '1', '1', '1', '1', '1', NULL, '1', '1', '1', '1', NULL, NULL, NULL, NULL),
(527, 2, 'Denise', 'Nader', 'dnader1@hfhs.org', '1111111111', NULL, 'cdf9408accf6c3ecdc6dcc82c7e1fe12', NULL, '2015-05-08 09:19:00', '1', '1', '1', '1', '1', NULL, '1', '1', '1', NULL, NULL, NULL, NULL, NULL),
(528, 42, 'Bailey', 'Voss', 'bvoss@thecrowngrp.com', '1111111111', NULL, '19eeaded57fafc762c8cae66b7bee01b', NULL, NULL, '1', '1', '1', '1', '1', NULL, '1', '1', '1', '1', NULL, NULL, NULL, NULL),
(529, 50, 'Kameron', 'Green', 'Kameron.green@beaumont.edu', '2485511559', NULL, 'e0cac2422763182230aeb87c85ea2814', NULL, '2015-06-02 10:22:00', '1', '1', '1', '1', '1', NULL, '1', '1', '1', NULL, NULL, NULL, NULL, NULL),
(530, 1, 'Emily', 'Edom', 'Emily.edom@reverencehomehealth.org', '8106959944', '8106957790', 'fd3754b7e2b0e53be80a2fe9969422ab', NULL, '2014-04-08 12:05:00', '1', '1', '1', '1', '1', NULL, '1', '1', '1', NULL, NULL, NULL, NULL, NULL),
(531, 1, 'Julie', 'Dotson', 'Julie.dotson@reverencehomehealth.org', '1111111111', NULL, '45641321d1658637e0a7c32ab08bbf7f', NULL, '2014-04-07 16:43:00', '1', '1', '1', '1', '1', NULL, '1', '1', '1', NULL, NULL, NULL, NULL, NULL),
(532, 2, 'Bronwyn', 'Davis', 'BDavis1@hfhs.org', '3138743609', '3138743609', 'e81a101d34428cf6fe163cb4ebd4c22e', NULL, NULL, '1', '1', '1', '1', '1', NULL, '1', '1', '1', '1', NULL, NULL, NULL, NULL),
(533, 50, 'Ebony', 'Neely', 'Ebony.Neely@beaumont.edu', '1111111111', NULL, '6aa1fa60b9d29c56352c89e0b050bd3a', NULL, NULL, '1', '1', '1', '1', '1', NULL, '1', '1', '1', '1', NULL, NULL, NULL, NULL),
(534, 74, 'Don', 'Arneberg', 'darneberg@chicagocares.org', '3127800800', NULL, 'aaa41b0357bbcc6202202edb08035520', NULL, '2015-05-21 14:35:00', '1', '1', '1', '1', '1', NULL, '1', '1', '1', NULL, NULL, NULL, NULL, NULL),
(535, 2, 'Paige', 'Miller', 'pmiller9@hfhs.org', '1111111111', NULL, '68c081f582aa2749e9da8bfa4b008289', NULL, '2014-08-15 08:33:00', '1', '1', '1', '1', '1', NULL, '1', '1', '1', NULL, NULL, NULL, NULL, NULL),
(536, 1, 'Kelley', 'Rossi', 'Kelley.Rossi@stjohn.org', '5867531861', '5867531867', '26ab711e152ebd086be6d83a91e6ea04', NULL, '2014-10-28 13:49:00', '1', '1', '1', '1', '1', NULL, '1', '1', '1', NULL, NULL, NULL, NULL, NULL),
(538, NULL, 'Lakeisha', 'Burks', 'Lakeisha.Burks@providence-stjohnhealth.org', '1111111111', NULL, '71b495ff88ab66b8b2e94af90d86defe', NULL, NULL, '1', '1', '1', '1', '1', NULL, '1', '1', '1', NULL, NULL, NULL, NULL, NULL),
(539, 1, 'Leze', 'Vuljaj', 'Leze.Vuljaj@providence-stjohnhealth.org', '1111111111', NULL, '45d2341ae03cb73ff29806db9f6b33b1', NULL, '2014-08-07 14:30:00', '1', '1', '1', '1', '1', NULL, '1', '1', '1', NULL, NULL, NULL, NULL, NULL),
(540, 50, 'Nickie', 'Aumack', 'Nickie.Aumack@beaumont.edu', '5864984915', NULL, '34c866385f35533bf3fc7033ab1362bc', NULL, '2015-06-02 08:49:00', '1', '1', '1', '1', '1', NULL, '1', '1', '1', NULL, NULL, NULL, NULL, NULL),
(541, 50, 'Susan', 'Eidson', 'Susan.Eidson@Beaumont.edu', '5864984901', NULL, 'f0b52b8795b403f7eaf09543a6e9afa0', NULL, '2015-05-27 10:14:00', '1', '1', '1', '1', '1', NULL, '1', '1', '1', NULL, NULL, NULL, NULL, NULL),
(542, 2, 'Emily', 'Belleck', 'ebellec1@hfhs.org', '1111111111', NULL, '6bfdd49ee9c6cd35ecf3fbd063d37257', NULL, '2015-05-26 10:36:00', '1', '1', '1', '1', '1', NULL, '1', '1', '1', '1', NULL, NULL, NULL, NULL),
(543, 1, 'Brittany', 'Smoot', 'Brittany.Smoot@providence-stjohnhealth.org', '1111111111', NULL, 'd939e56953dd4d567bb516949fdc263d', NULL, '2014-06-17 12:57:00', '1', '1', '1', '1', '1', NULL, '1', '1', '1', NULL, NULL, NULL, NULL, NULL),
(544, 18, 'Chesney', 'Davis', 'chesney.davis@mclaren.org', '9897726857', NULL, '4b447ba76d89c312205731a14946e962', NULL, '2015-06-01 08:21:00', '1', '1', '1', '1', '1', NULL, '1', '1', '1', NULL, '1', '1', NULL, NULL),
(545, NULL, 'Rick', 'Lee', 'Rick.Lee@providence-stjohnhealth.org', '1111111111', NULL, '8f8d12e014288df840199e9671f5e274', NULL, '2014-08-08 11:13:00', '1', '1', '1', '1', '1', 'Rick.Lee@StJohn.org', '1', '1', '1', NULL, NULL, NULL, NULL, NULL),
(546, 8, 'Lisa', 'Allen', 'LALLEN14@hfhs.org', '3138746228', '3138744677', 'faf87228e781ba51d3bf691f985784a3', NULL, '2015-05-19 11:44:00', '1', '1', '1', '1', '1', NULL, '1', '1', '1', NULL, NULL, NULL, NULL, NULL),
(547, 10, 'Brianna', 'Poradzisz', 'bporadzisz@bronsonprecision.com', '5179627121', NULL, 'ecd9f72c3578859af3ab66bec3046543', NULL, NULL, '1', '1', '1', '1', '1', NULL, '1', '1', '1', '1', NULL, NULL, NULL, NULL),
(548, NULL, 'Rebecca', 'Ruiz', 'Rebecca.Ruiz@providence-stjohnhealth.org', '1111111111', NULL, '57f62002467fdf3bccc92c1551c29a6b', NULL, '2014-08-08 08:40:00', '1', '1', '1', '1', '1', NULL, '1', '1', '1', NULL, NULL, NULL, NULL, NULL),
(549, 2, 'Venise', 'Elledge', 'velledg1@hfhs.org', '3138746744', NULL, '37b2e1b841c225abc1837565851adced', NULL, NULL, '1', '1', '1', '1', '1', NULL, '1', '1', '1', '1', NULL, NULL, NULL, NULL),
(550, NULL, 'Meloche', 'Martina', 'martina.meloche@me.com', '1111111111', NULL, NULL, NULL, NULL, '1', '1', '1', '1', '1', NULL, '1', '1', '1', '1', NULL, NULL, NULL, NULL),
(551, 2, 'Monica', 'Rogers', 'MRogers@midwesthealthplan.com', '1111111111', NULL, 'e55f699eeca587d7882907698567d8bb', NULL, NULL, '1', '1', '1', '1', '1', NULL, '1', '1', '1', '1', NULL, NULL, NULL, NULL),
(552, 8, 'Sarah', 'Orr', 'sorr1@hfhs.org', '3138743348', NULL, '8614198ac26230718ac5b65e994deb77', NULL, '2015-05-06 11:30:00', '1', '1', '1', '1', '1', NULL, '1', '1', '1', NULL, NULL, NULL, NULL, NULL),
(553, 8, 'Leah', 'Danescu', 'ldanesc1@hfhs.org', '3138747198', NULL, '6b86e49c6a4827b62c24b55c37537639', NULL, NULL, '1', '1', '1', '1', '1', NULL, '1', '1', '1', '1', NULL, NULL, NULL, NULL),
(554, 50, 'Athena', 'Marx', 'athena.marx@beaumont.edu', '2485511187', NULL, 'd0d9d44175a5b3bf6501313f55d7a3f4', NULL, '2015-06-02 15:52:00', '1', '1', '1', '1', '1', NULL, '1', '1', '1', NULL, NULL, NULL, NULL, NULL),
(555, 18, 'Jessica', 'Hynes', 'Jessica.Hynes@mclaren.org', '8103422744', NULL, 'ac65f8ef5da202064fc16e19fc27b6d0', NULL, '2015-06-02 14:03:00', '1', '1', '1', '1', '1', NULL, '1', '1', '1', NULL, '1', '1', NULL, NULL),
(556, 42, 'Patty', 'Castillo', 'pcastillo@thecrowngrp.com', '7345246644', NULL, 'e820a9b94022d3e55cd82a86a5cf7614', NULL, '2015-06-02 16:13:00', '1', '1', '1', '1', '1', NULL, '1', '1', '1', NULL, NULL, NULL, NULL, NULL),
(557, 67, 'Tracy', 'Crowl', 'tcrowl@emeraldhospice.com', '4052858787', '4052858242', '6d506f2a8ea0a7421572f3e2c534410d', NULL, NULL, '1', '1', '1', '1', '1', NULL, '1', '1', '1', '1', NULL, NULL, NULL, NULL),
(558, 68, 'Anri', 'Beleshi', 'anri@telamongroup.com', '3135503994', 'kulrich', '4959cc6cdb007aa93c0e0f8f589e355e59be977a7b39a20f86e2195da6a558011b3b01f25c63ed6ed9fcb22fdaead908a338a25c32e483468d63c9cd7fc24079', '2018-02-19 12:07:42', '2018-02-19 12:07:47', '1', '1', '1', '1', '1', NULL, '1', '1', '1', '1', NULL, NULL, NULL, NULL),
(559, 2, 'Brandon', 'Hess', 'bhess2@hfhs.org', '7342331334', NULL, '9113b752bf4996ca9764b49ba608af48', NULL, NULL, '1', '1', '1', '1', '1', NULL, '1', '1', '1', NULL, NULL, NULL, NULL, NULL),
(560, 58, 'Janelle', 'Johnston', 'jjohnston@coles.com', '3196653131', NULL, '392c32b1eb70c0d6418e05f06da65e30', NULL, '2015-05-28 18:05:00', '1', '1', '1', '1', '1', NULL, '1', '1', '1', NULL, NULL, NULL, NULL, NULL),
(561, 9, 'Peggy', 'Dilts', 'pdilts@clarkhill.com', '1111111111', NULL, '7bc219151e5f9f5d67f4eb1efb6c5c18', NULL, NULL, '1', '1', '1', '1', '1', NULL, '1', '1', '1', '1', NULL, NULL, NULL, NULL),
(562, 75, 'Sheryl', 'Simmons', 'sheryl.simmons@groupassociates.com', '2485932896', '2485932055', '0813e4388ece839639623c0a25e98de8', NULL, NULL, '1', '1', '1', '1', '1', NULL, '1', '1', '1', '1', NULL, NULL, NULL, NULL),
(563, 50, 'Jennifer', 'Mattucci', 'jennifer.mattucci@beaumont.edu', '1111111111', NULL, '49f10a2f3b8074195f5ff03d17f072fb', NULL, NULL, '1', '1', '1', '1', '1', NULL, '1', '1', '1', '1', NULL, NULL, NULL, NULL),
(564, 50, 'Katie', 'Phelan', 'Katie.Phelan@beaumont.edu', '2489646144', NULL, 'b4e973842c6ca7189db4654bdfeba4eb', NULL, NULL, '1', '1', '1', '1', '1', NULL, '1', '1', '1', '1', NULL, NULL, NULL, NULL),
(565, 42, 'Michele', 'Docherty', 'mdocherty@thecrowngrp.com', '5868031005', NULL, NULL, NULL, NULL, '1', '1', '1', '1', '1', NULL, '1', '1', '1', '1', NULL, NULL, NULL, NULL),
(566, 42, 'Phylis', 'South', 'psouth@thecrowngrp.com', '8643495081', NULL, '79259f4f46b195370f6677eb8fa7872a', NULL, NULL, '1', '1', '1', '1', '1', NULL, '1', '1', '1', '1', NULL, NULL, NULL, NULL),
(567, 85, 'Linda', 'Gaddis', 'lindag@bccsoftware.com', '5856944692', NULL, NULL, NULL, NULL, '1', '1', '1', '1', '1', NULL, '1', '1', '1', '1', NULL, NULL, NULL, NULL),
(568, 86, 'Michelle', 'Leach', 'mleach@theivantagegroup.com', '8103552837', NULL, NULL, NULL, NULL, '1', '1', '1', '1', '1', NULL, '1', '1', '1', NULL, NULL, NULL, NULL, NULL),
(569, 18, 'Leah', 'Wasserman', 'lwasserman@northernhealth.org', '1111111111', NULL, '801cd551b26fc85b7c7aeb0df176c853', NULL, '2014-12-03 13:43:00', '1', '1', '1', '1', '1', NULL, '1', '1', '1', NULL, '1', '1', NULL, NULL),
(570, 41, 'Anita', 'Deely', 'adeely@dbsalliance.org', '3129881152', NULL, '3b3ccb384edb7e7444542794158d0e16', NULL, '2015-02-20 14:34:00', '1', '1', '1', '1', '1', 'adeely@dbsallinace.org', '1', '1', '1', NULL, NULL, NULL, NULL, NULL),
(571, 86, 'Trudy', 'Smith', 'tsmith@theivantagegroup.com', '8102694074', NULL, '13d4aba2efa712e6c7e8e8260c9eba93', NULL, '2015-06-02 16:56:00', '1', '1', '1', '1', '1', NULL, '1', '1', '1', NULL, NULL, NULL, NULL, NULL),
(572, 36, 'Veronica', 'Nightingale-Klein', 'vnklein@gormans.com', '2484739131', NULL, '98c9716f2384587a7702b19e6fc626a7', NULL, '2015-06-02 16:48:00', '1', '1', '1', '1', '1', NULL, '1', '1', '1', NULL, NULL, NULL, NULL, NULL);
INSERT INTO `recruiters` (`id`, `organization_id`, `first_name`, `last_name`, `email`, `phone`, `fax`, `passwd`, `passwd_changed_ts`, `last_login`, `is_release_dropdown`, `is_release_notif`, `is_auth_notif`, `is_inprocess_notif`, `is_close_notif`, `email_cc`, `is_app_auth`, `is_order_status`, `is_crim_section`, `is_active`, `is_ievals`, `is_ievals_lead_db`, `itrims_user_id`, `inactive_reason`) VALUES
(573, NULL, 'Delete', 'Account', 'accountnotworking@beaumont.edu', '2489646138', NULL, '3ee02f93a7445107d38e01a4a4bdf151', NULL, NULL, '1', '1', '1', '1', '1', NULL, '1', '1', '1', NULL, NULL, NULL, NULL, 2),
(574, 50, 'Tonya', 'Bruce', 'Tonya.Bruce2@beaumont.edu', '2485518176', '2485518168', '3d03e37c8b8b1d15dabe95e833b0585a', NULL, '2015-05-27 10:04:00', '1', '1', '1', '1', '1', NULL, '1', '1', '1', NULL, NULL, NULL, NULL, NULL),
(575, 2, 'Paula', 'Frerichs', 'PFrerichs1@hfhs.org', '1111111111', NULL, NULL, NULL, NULL, '1', '1', '1', '1', '1', NULL, '1', '1', '1', '1', NULL, NULL, NULL, NULL),
(576, NULL, '.', '.', 'email@email.com', '1111111111', NULL, NULL, NULL, NULL, '1', '1', '1', '1', '1', NULL, '1', '1', '1', NULL, NULL, NULL, NULL, 1),
(577, 50, 'Kiara', 'Massey', 'kiara.massey@beaumont.edu', '2485517882', NULL, '4639a99c1062aebfd2805209d793c4d2', NULL, NULL, '1', '1', '1', '1', '1', NULL, '1', '1', '1', '1', NULL, NULL, NULL, NULL),
(578, 18, 'Donna', 'Shepard', 'donna.shepard@mclaren.org', '2483385153', NULL, 'f9501e2cec854f81291f599d083e66b2', NULL, '2015-06-03 09:12:00', '1', '1', '1', '1', '1', NULL, '1', '1', '1', NULL, '1', '1', NULL, NULL),
(579, 18, 'Deborah', 'Whitcher', 'Deborah.Whitcher@mclaren.org', '8106675830', NULL, '54eaf7b065a555276e908ff7a1597ff3', NULL, '2015-06-02 08:49:00', '1', '1', '1', '1', '1', NULL, '1', '1', '1', NULL, '1', '1', NULL, NULL),
(581, 50, 'Lana', 'Velazquez', 'Lana.Velazquez@beaumont.edu', '2489646138', NULL, 'd876ec050ad6d29bc22891792956e557', NULL, '2015-03-26 09:08:00', '1', '1', '1', '1', '1', NULL, '1', '1', '1', NULL, NULL, NULL, NULL, NULL),
(583, 18, 'Tina', 'Sutterlin', 't.sutterlin@mmponline.com', '5179137033', '5179137021', '21bb430aded19b6351226b8971650e93', NULL, '2015-01-26 08:41:00', '1', '1', '1', '1', '1', NULL, '1', '1', '1', NULL, '1', '1', NULL, NULL),
(584, 87, 'Michael', 'Garrett', 'mgarrett@cirrusgroup.com', '2488411940', NULL, 'a773c14f26803b17696c60c4d0604c82', NULL, '2015-05-26 14:21:00', '1', '1', '1', '1', '1', NULL, '1', '1', '1', NULL, NULL, NULL, NULL, NULL),
(585, 70, 'Robin', 'Rust', 'robin@aragonadentistry.com', '5862634060', NULL, '8ada992d3262cd889363eee1f4984de8', NULL, '2015-06-02 08:30:00', '1', '1', '1', '1', '1', NULL, '1', '1', '1', NULL, NULL, NULL, NULL, NULL),
(586, 2, 'Tracey', 'Meek', 'tmeek1@hfhs.org', '1111111111', NULL, 'ec257450dd720150c3da9ac6f856cb4a', NULL, NULL, '1', '1', '1', '1', '1', NULL, '1', '1', '1', '1', NULL, NULL, NULL, NULL),
(587, 2, 'Patrick', 'Payne', 'ppayne1@hfhs.org', '1111111111', NULL, NULL, NULL, NULL, '1', '1', '1', '1', '1', NULL, '1', '1', '1', '1', NULL, NULL, NULL, NULL),
(588, 21, 'Megan', 'Stencel', 'mstencel@fourmidable.com', '2485934637', NULL, 'd2c565e04e2d0be4b4efeae022e9421e', NULL, '2015-05-07 09:38:00', '1', '1', '1', '1', '1', NULL, '1', '1', '1', NULL, NULL, NULL, NULL, NULL),
(589, 37, 'Kelley', 'Fildew', 'kfildew@botsford.org', '2484718655', NULL, '02685eb970cd13548cc8f2e10e3b82fb', NULL, '2015-03-27 07:42:00', '1', '1', '1', '1', '1', NULL, '1', '1', '1', NULL, NULL, NULL, NULL, NULL),
(590, 8, 'Lisa', 'Moody', 'lmoody6@hfhs.org', '1111111111', NULL, '73be03d58169a30b72538cff15822479', NULL, '2015-06-02 13:17:00', '1', '1', '1', '1', '1', NULL, '1', '1', '1', NULL, NULL, NULL, NULL, NULL),
(591, 8, 'Carol', 'Sinclair', 'csincla1@hfhs.org', '3138747206', NULL, 'ae8e6cfbcc52d07d149ec8cec43cb3d1', NULL, '2015-06-02 13:50:00', '1', '1', '1', '1', '1', 'csinclai1@hfhs.org', '1', '1', '1', NULL, NULL, NULL, NULL, NULL),
(592, 2, 'Gehan', 'Haridy-Ardanowski', 'GHARIDY1@hfhs.org', '1111111111', NULL, '36c6c66b4dc6f3c0f136e8ad334c6cb1', NULL, '2015-04-23 08:39:00', '1', '1', '1', '1', '1', NULL, '1', '1', '1', NULL, NULL, NULL, NULL, NULL),
(593, 2, 'Kimberly', 'Brenner', 'kbrenne1@hfhs.org', '2483250166', NULL, 'a3cd3fa665430aa3995c7a1c940e5878', NULL, '2015-04-24 15:08:00', '1', '1', '1', '1', '1', NULL, '1', '1', '1', NULL, NULL, NULL, NULL, NULL),
(594, 50, 'Jacquelyn', 'Glaser', 'Jacquelyn.glaser@beaumont.edu', '2489649057', NULL, 'b1621d27c04dd121213481939ad775b7', NULL, '2015-06-02 08:37:00', '1', '1', '1', '1', '1', NULL, '1', '1', '1', NULL, NULL, NULL, NULL, NULL),
(595, 18, 'Lindsay', 'Rensel', 'lindsay.rensel@mclaren.org', '2313301776', NULL, 'ebcefe3fbc54880347696155e83e6801', NULL, '2015-06-02 09:25:00', '1', '1', '1', '1', '1', NULL, '1', '1', '1', NULL, '1', '1', NULL, NULL),
(596, 83, 'Carol', 'Valenti', 'cmvalenti@noreq.com', '2484888814', '2488486700', '1f7a0e8818e45cf6b35a94fd7caabef3', NULL, '2015-04-15 15:46:00', '1', '1', '1', '1', '1', NULL, '1', '1', '1', NULL, NULL, NULL, NULL, NULL),
(597, 88, 'Elaine', 'Ferguson', 'EFERGUS1@hfhs.org', '3138746163', NULL, '4ae958bd40e2e66344328a8e3671cb18', NULL, '2015-04-29 14:00:00', '1', '1', '1', '1', '1', NULL, '1', '1', '1', NULL, NULL, NULL, NULL, NULL),
(598, 18, 'Mark', 'Ringholz', 'mark.ringholz@mclaren.org', '1111111111', NULL, 'd3aa198154eb6b1956bef316f987a002', NULL, '2015-06-03 08:35:00', '1', '1', '1', '1', '1', NULL, '1', '1', '1', NULL, '1', '1', NULL, NULL),
(599, 51, 'Kristen', 'Cremeens', 'kristen.cremeens@pacesemi.org', '3135436740', NULL, '66f4ec8ea125adaeb2cb09f1ed7db75f', NULL, '2015-06-02 14:09:00', '1', '1', '1', '1', '1', NULL, '1', '1', '1', NULL, NULL, NULL, NULL, NULL),
(600, 88, 'Candyce', 'Foreman', 'cforema1@hfhs.org', '3138749587', NULL, '29e08a0adb15b532493315f00f6606ef', NULL, NULL, '1', '1', '1', '1', '1', NULL, '1', '1', '1', '1', NULL, NULL, NULL, NULL),
(601, 8, 'Nicole', 'Prigel', 'nprigel1@hfhs.org', '3138744680', '3138744677', '9018b22ea41cc5945ca7edabe98b185d', NULL, '2015-06-03 08:45:00', '1', '1', '1', '1', '1', NULL, '1', '1', '1', NULL, NULL, NULL, NULL, NULL),
(602, 8, 'Mary', 'Smith-Ghant', 'msmith59@hfhs.org', '1111111111', NULL, '1c688166228ad571ac5b6b959bbebc6b', NULL, '2015-06-03 07:54:00', '1', '1', '1', '1', '1', NULL, '1', '1', '1', NULL, NULL, NULL, NULL, NULL),
(603, 89, 'Odessa', 'Uddin', 'ouddin@pioneerhcm.com', '3134151331', NULL, NULL, NULL, NULL, '1', '1', '1', '1', '1', NULL, '1', '1', '1', '1', NULL, NULL, NULL, NULL),
(604, 50, 'Kristi', 'Willaert', 'Kristi.willaert@beaumont.edu', '1111111111', NULL, NULL, NULL, NULL, '1', '1', '1', '1', '1', NULL, '1', '1', '1', '1', NULL, NULL, NULL, NULL),
(605, 50, 'Kristi', 'Harrington', 'Kristi.harrington@beaumont.edu', '1111111111', 'Chrissy.Crandall@mclaren.org', '4959cc6cdb007aa93c0e0f8f589e355e59be977a7b39a20f86e2195da6a558011b3b01f25c63ed6ed9fcb22fdaead908a338a25c32e483468d63c9cd7fc24079', '2018-02-19 15:04:17', '2018-02-19 15:59:47', '1', '1', '1', '1', '1', NULL, '1', '1', '1', '1', NULL, NULL, NULL, NULL),
(606, 50, 'Sandra', 'McLarnan', 'Sandra.mclarnan@beaumont.edu', '1111111111', NULL, 'ecf53c0929ecd940513cad5d023f89c4', NULL, NULL, '1', '1', '1', '1', '1', NULL, '1', '1', '1', '1', NULL, NULL, NULL, NULL),
(607, 47, 'Susan', 'Greenbauer', 'sgreenbauer@noch.org', '6168475521', NULL, 'e863deef9deee3faa29d927853c60f2d', NULL, '2015-05-26 09:01:00', '1', '1', '1', '1', '1', NULL, '1', '1', '1', NULL, NULL, NULL, NULL, NULL),
(608, 90, 'Denise', 'Barker', 'Denise.Barker@abm.com', '5867716360', NULL, '83d52f345250302c55fd74feda47fb2f', NULL, '2015-06-01 16:06:00', '1', '1', '1', '1', '1', NULL, '1', '1', '1', NULL, NULL, NULL, NULL, NULL),
(609, 90, 'Noelle', 'Vandervoort', 'Noelle.Vandervoort@abm.com', '5868594296', NULL, 'e277f91cab181bdf5d395341e543905a', NULL, '2015-06-02 14:23:00', '1', '1', '1', '1', '1', NULL, '1', '1', '1', NULL, NULL, NULL, NULL, NULL),
(610, 90, 'Muzill', 'Sanders', 'Muzill.Sanders@abm.com', '5868594061', NULL, 'f1e350db953bdab6b317a21ce79313b9', NULL, '2015-06-01 16:47:00', '1', '1', '1', '1', '1', NULL, '1', '1', '1', NULL, NULL, NULL, NULL, NULL),
(611, 37, 'Cynthia', 'Pearson', 'cpearson1@botsford.org', '2484718655', NULL, '21aaaf31ea967d7ca03d5fe58e48aa69', NULL, '2015-06-02 15:55:00', '1', '1', '1', '1', '1', NULL, '1', '1', '1', NULL, NULL, NULL, NULL, NULL),
(612, 18, 'Kathleen', 'Sullivan', 'ksullivan@porthuronhospital.org', '8109893104', NULL, '4017006132e908738bb96aa1d5efe169', NULL, '2015-06-02 16:04:00', '1', '1', '1', '1', '1', NULL, '1', '1', '1', NULL, '1', '1', NULL, NULL),
(613, 14, 'Kim', 'Ulrich', 'kulrich22@gmail.com', '1111111111', 'kulrich22@gmail.com', '4959cc6cdb007aa93c0e0f8f589e355e59be977a7b39a20f86e2195da6a558011b3b01f25c63ed6ed9fcb22fdaead908a338a25c32e483468d63c9cd7fc24079', '2018-05-19 12:47:28', '2018-06-08 15:53:14', '1', '1', '1', '1', '1', NULL, '1', '1', '1', '1', NULL, NULL, NULL, NULL),
(615, 111, 'One', 'Blue', 'spg335@gmail.com', '5555555555', NULL, '4959cc6cdb007aa93c0e0f8f589e355e59be977a7b39a20f86e2195da6a558011b3b01f25c63ed6ed9fcb22fdaead908a338a25c32e483468d63c9cd7fc24079', '2018-04-12 15:09:59', '2018-04-16 11:33:13', '1', '1', '1', '1', '1', 'stephaniegorecki@comcast.net', '1', '1', '1', '1', NULL, NULL, NULL, NULL);

-- --------------------------------------------------------

--
-- Estructura de tabla para la tabla `recruiters_clients`
--

CREATE TABLE `recruiters_clients` (
  `recruiter_id` int(10) UNSIGNED NOT NULL,
  `client_id` int(10) UNSIGNED NOT NULL
) ENGINE=InnoDB DEFAULT CHARSET=utf8;

--
-- Volcado de datos para la tabla `recruiters_clients`
--

INSERT INTO `recruiters_clients` (`recruiter_id`, `client_id`) VALUES
(11, 34),
(11, 33),
(11, 36),
(12, 34),
(12, 29),
(3, 102),
(3, 9),
(3, 20),
(3, 104),
(3, 22),
(3, 101),
(3, 70),
(3, 68),
(3, 123),
(3, 72),
(3, 80),
(3, 76),
(3, 51),
(3, 103),
(3, 78),
(3, 65),
(3, 48),
(3, 100),
(5, 54),
(5, 121),
(5, 94),
(5, 95),
(5, 106),
(5, 98),
(5, 59),
(5, 44),
(5, 49),
(5, 99),
(5, 114),
(6, 54),
(6, 121),
(6, 94),
(6, 95),
(6, 106),
(6, 98),
(6, 59),
(6, 44),
(6, 49),
(6, 99),
(6, 114),
(142, 17),
(9, 34),
(9, 33),
(124, 75),
(14, 40),
(15, 14),
(17, 33),
(18, 122),
(18, 34),
(19, 34),
(19, 33),
(19, 29),
(19, 39),
(23, 34),
(23, 29),
(25, 34),
(25, 29),
(25, 39),
(27, 40),
(381, 115),
(35, 102),
(35, 9),
(35, 20),
(35, 104),
(35, 22),
(35, 101),
(35, 70),
(35, 68),
(35, 123),
(35, 72),
(35, 80),
(35, 76),
(35, 51),
(35, 103),
(35, 78),
(35, 65),
(35, 48),
(35, 100),
(359, 102),
(359, 9),
(359, 20),
(359, 104),
(359, 22),
(359, 101),
(359, 70),
(359, 68),
(359, 123),
(359, 72),
(359, 80),
(359, 76),
(359, 51),
(359, 103),
(359, 78),
(359, 65),
(359, 48),
(359, 100),
(498, 4),
(39, 102),
(39, 9),
(39, 20),
(39, 104),
(39, 22),
(39, 101),
(39, 70),
(39, 68),
(39, 123),
(39, 72),
(39, 80),
(39, 76),
(39, 51),
(39, 103),
(39, 78),
(39, 65),
(39, 48),
(39, 100),
(40, 102),
(40, 9),
(40, 20),
(40, 104),
(40, 22),
(40, 101),
(40, 70),
(40, 68),
(40, 123),
(40, 72),
(40, 80),
(40, 76),
(40, 51),
(40, 103),
(40, 78),
(40, 65),
(40, 48),
(40, 100),
(447, 3),
(447, 86),
(397, 118),
(193, 52),
(194, 122),
(194, 33),
(194, 36),
(49, 102),
(49, 9),
(49, 20),
(49, 104),
(49, 22),
(49, 101),
(49, 70),
(49, 68),
(49, 123),
(49, 72),
(49, 80),
(49, 76),
(49, 51),
(49, 103),
(49, 78),
(49, 65),
(49, 48),
(49, 100),
(56, 34),
(57, 34),
(59, 122),
(59, 34),
(59, 40),
(59, 33),
(59, 36),
(59, 29),
(59, 39),
(63, 54),
(63, 121),
(63, 94),
(63, 95),
(63, 106),
(63, 98),
(63, 59),
(63, 44),
(63, 49),
(63, 99),
(63, 114),
(65, 34),
(65, 40),
(65, 29),
(65, 39),
(65, 147),
(66, 56),
(66, 37),
(68, 3),
(68, 150),
(68, 86),
(71, 57),
(72, 57),
(78, 34),
(78, 40),
(78, 32),
(75, 81),
(76, 81),
(80, 40),
(83, 12),
(86, 122),
(86, 34),
(86, 40),
(86, 33),
(86, 29),
(86, 39),
(89, 12),
(90, 12),
(91, 38),
(92, 38),
(95, 27),
(188, 10),
(100, 5),
(378, 102),
(378, 9),
(378, 20),
(378, 104),
(378, 22),
(378, 101),
(378, 70),
(378, 68),
(378, 123),
(378, 72),
(378, 80),
(378, 76),
(378, 51),
(378, 103),
(378, 78),
(378, 65),
(378, 48),
(378, 100),
(377, 69),
(107, 21),
(111, 91),
(112, 57),
(113, 56),
(113, 37),
(114, 56),
(115, 54),
(115, 121),
(115, 94),
(115, 95),
(115, 106),
(115, 98),
(115, 59),
(115, 44),
(115, 49),
(115, 99),
(115, 114),
(116, 4),
(116, 73),
(117, 4),
(117, 73),
(132, 75),
(134, 75),
(136, 75),
(137, 75),
(139, 56),
(139, 37),
(140, 2),
(141, 56),
(141, 37),
(143, 17),
(146, 45),
(148, 4),
(149, 66),
(512, 122),
(512, 34),
(374, 113),
(157, 102),
(157, 9),
(157, 20),
(157, 104),
(157, 22),
(157, 101),
(157, 70),
(157, 68),
(157, 123),
(157, 72),
(157, 80),
(157, 76),
(157, 51),
(157, 103),
(157, 78),
(157, 65),
(157, 48),
(157, 100),
(160, 33),
(164, 87),
(168, 46),
(184, 35),
(175, 10),
(176, 41),
(177, 43),
(178, 3),
(178, 150),
(178, 85),
(179, 53),
(180, 81),
(183, 40),
(183, 29),
(524, 102),
(524, 9),
(524, 20),
(524, 104),
(524, 22),
(524, 101),
(524, 70),
(524, 68),
(524, 123),
(524, 72),
(524, 80),
(524, 76),
(524, 51),
(524, 103),
(524, 78),
(524, 65),
(524, 48),
(524, 100),
(186, 10),
(192, 7),
(372, 113),
(396, 118),
(207, 34),
(207, 40),
(207, 32),
(371, 113),
(369, 113),
(215, 54),
(215, 121),
(215, 94),
(215, 95),
(215, 106),
(215, 98),
(215, 59),
(215, 44),
(215, 49),
(215, 99),
(215, 114),
(216, 102),
(216, 9),
(216, 20),
(216, 104),
(216, 22),
(216, 101),
(216, 70),
(216, 68),
(216, 123),
(216, 72),
(216, 80),
(216, 76),
(216, 51),
(216, 103),
(216, 78),
(216, 65),
(216, 48),
(216, 100),
(223, 25),
(227, 54),
(227, 121),
(227, 94),
(227, 95),
(227, 106),
(227, 98),
(227, 59),
(227, 44),
(227, 49),
(227, 99),
(227, 114),
(228, 54),
(228, 121),
(228, 94),
(228, 95),
(228, 106),
(228, 98),
(228, 59),
(228, 44),
(228, 49),
(228, 99),
(228, 114),
(229, 54),
(229, 121),
(229, 94),
(229, 95),
(229, 106),
(229, 98),
(229, 59),
(229, 44),
(229, 49),
(229, 99),
(229, 114),
(230, 54),
(230, 121),
(230, 94),
(230, 95),
(230, 106),
(230, 98),
(230, 59),
(230, 44),
(230, 49),
(230, 99),
(230, 114),
(232, 54),
(232, 121),
(232, 94),
(232, 95),
(232, 106),
(232, 98),
(232, 59),
(232, 44),
(232, 49),
(232, 99),
(232, 114),
(235, 54),
(235, 121),
(235, 94),
(235, 95),
(235, 106),
(235, 98),
(235, 59),
(235, 44),
(235, 49),
(235, 99),
(235, 114),
(237, 54),
(237, 121),
(237, 94),
(237, 95),
(237, 106),
(237, 98),
(237, 59),
(237, 44),
(237, 49),
(237, 99),
(237, 114),
(240, 54),
(240, 121),
(240, 94),
(240, 95),
(240, 106),
(240, 98),
(240, 59),
(240, 44),
(240, 49),
(240, 99),
(240, 114),
(242, 106),
(242, 98),
(242, 44),
(242, 49),
(242, 54),
(242, 94),
(242, 95),
(242, 59),
(242, 99),
(242, 114),
(243, 106),
(243, 98),
(243, 44),
(243, 49),
(243, 54),
(243, 94),
(243, 95),
(243, 59),
(243, 99),
(243, 114),
(244, 106),
(244, 98),
(244, 44),
(244, 49),
(244, 54),
(244, 94),
(244, 95),
(244, 59),
(244, 99),
(244, 114),
(245, 54),
(245, 121),
(245, 94),
(245, 95),
(245, 106),
(245, 98),
(245, 59),
(245, 44),
(245, 49),
(245, 99),
(245, 114),
(247, 54),
(247, 94),
(247, 95),
(247, 106),
(247, 98),
(247, 59),
(247, 44),
(247, 49),
(247, 99),
(247, 114),
(249, 54),
(249, 121),
(249, 94),
(249, 95),
(249, 106),
(249, 98),
(249, 59),
(249, 44),
(249, 49),
(249, 99),
(249, 114),
(251, 54),
(251, 94),
(251, 95),
(251, 106),
(251, 98),
(251, 59),
(251, 44),
(251, 49),
(251, 99),
(251, 114),
(253, 54),
(253, 121),
(253, 94),
(253, 95),
(253, 106),
(253, 98),
(253, 59),
(253, 44),
(253, 49),
(253, 99),
(253, 114),
(385, 102),
(385, 9),
(385, 20),
(385, 104),
(385, 22),
(385, 101),
(385, 70),
(385, 68),
(385, 123),
(385, 72),
(385, 80),
(385, 76),
(385, 51),
(385, 103),
(385, 78),
(385, 65),
(385, 48),
(385, 100),
(260, 125),
(260, 13),
(260, 6),
(260, 7),
(260, 8),
(260, 146),
(256, 54),
(256, 121),
(256, 94),
(256, 95),
(256, 106),
(256, 98),
(256, 59),
(256, 44),
(256, 49),
(256, 99),
(256, 114),
(257, 54),
(257, 94),
(257, 95),
(257, 106),
(257, 98),
(257, 59),
(257, 44),
(257, 49),
(257, 99),
(257, 114),
(258, 106),
(258, 98),
(258, 44),
(258, 49),
(258, 54),
(258, 94),
(258, 95),
(258, 59),
(258, 99),
(258, 114),
(364, 19),
(264, 97),
(265, 109),
(266, 54),
(266, 121),
(266, 94),
(266, 95),
(266, 106),
(266, 98),
(266, 59),
(266, 44),
(266, 49),
(266, 99),
(266, 114),
(272, 75),
(278, 34),
(278, 29),
(360, 113),
(351, 3),
(351, 86),
(289, 3),
(289, 86),
(291, 87),
(292, 85),
(297, 102),
(297, 9),
(297, 20),
(297, 104),
(297, 22),
(297, 101),
(297, 70),
(297, 68),
(297, 123),
(297, 72),
(297, 80),
(297, 76),
(297, 51),
(297, 103),
(297, 78),
(297, 65),
(297, 48),
(297, 100),
(298, 102),
(298, 9),
(298, 20),
(298, 104),
(298, 22),
(298, 101),
(298, 70),
(298, 68),
(298, 123),
(298, 72),
(298, 80),
(298, 76),
(298, 51),
(298, 103),
(298, 78),
(298, 65),
(298, 48),
(298, 100),
(299, 96),
(300, 85),
(303, 102),
(303, 9),
(303, 20),
(303, 104),
(303, 22),
(303, 101),
(303, 70),
(303, 68),
(303, 123),
(303, 72),
(303, 80),
(303, 76),
(303, 51),
(303, 103),
(303, 78),
(303, 65),
(303, 48),
(303, 100),
(304, 3),
(304, 86),
(308, 54),
(308, 94),
(308, 95),
(308, 106),
(308, 98),
(308, 59),
(308, 44),
(308, 49),
(308, 99),
(308, 114),
(317, 3),
(317, 86),
(318, 34),
(318, 40),
(318, 33),
(320, 136),
(322, 85),
(323, 3),
(323, 86),
(325, 6),
(325, 125),
(325, 145),
(325, 126),
(325, 13),
(325, 7),
(325, 8),
(325, 146),
(325, 107),
(326, 54),
(326, 121),
(326, 94),
(326, 95),
(326, 106),
(326, 98),
(326, 59),
(326, 44),
(326, 49),
(326, 99),
(326, 114),
(327, 8),
(329, 34),
(329, 29),
(329, 39),
(330, 3),
(330, 86),
(331, 34),
(331, 39),
(416, 102),
(416, 9),
(416, 20),
(416, 104),
(416, 22),
(416, 101),
(416, 70),
(416, 68),
(416, 123),
(416, 72),
(416, 80),
(416, 76),
(416, 51),
(416, 103),
(416, 78),
(416, 65),
(416, 48),
(416, 100),
(337, 55),
(338, 3),
(338, 86),
(339, 54),
(339, 94),
(339, 95),
(339, 106),
(339, 98),
(339, 59),
(339, 44),
(339, 49),
(339, 99),
(339, 114),
(340, 62),
(341, 3),
(341, 86),
(342, 3),
(342, 150),
(342, 86),
(343, 3),
(343, 150),
(343, 86),
(343, 85),
(344, 34),
(344, 40),
(348, 34),
(349, 3),
(349, 86),
(350, 34),
(350, 40),
(350, 33),
(350, 39),
(355, 3),
(355, 86),
(355, 85),
(357, 3),
(357, 86),
(358, 3),
(358, 86),
(379, 54),
(379, 121),
(379, 94),
(379, 95),
(379, 106),
(379, 98),
(379, 59),
(379, 44),
(379, 49),
(379, 99),
(379, 114),
(382, 115),
(386, 54),
(386, 121),
(386, 94),
(386, 95),
(386, 106),
(386, 98),
(386, 59),
(386, 44),
(386, 49),
(386, 99),
(386, 114),
(388, 34),
(388, 39),
(389, 54),
(389, 121),
(389, 94),
(389, 95),
(389, 106),
(389, 98),
(389, 59),
(389, 44),
(389, 49),
(389, 99),
(389, 114),
(390, 33),
(390, 36),
(391, 107),
(393, 31),
(394, 34),
(394, 29),
(399, 118),
(402, 50),
(404, 54),
(404, 121),
(404, 94),
(404, 95),
(404, 106),
(404, 98),
(404, 59),
(404, 44),
(404, 49),
(404, 99),
(404, 114),
(407, 119),
(411, 34),
(411, 40),
(411, 33),
(411, 36),
(411, 29),
(411, 39),
(412, 122),
(413, 122),
(414, 122),
(417, 57),
(418, 34),
(418, 40),
(418, 33),
(418, 36),
(418, 32),
(418, 29),
(418, 39),
(419, 75),
(420, 75),
(422, 34),
(422, 40),
(422, 33),
(422, 36),
(422, 32),
(422, 29),
(422, 39),
(423, 124),
(424, 84),
(427, 84),
(427, 91),
(428, 73),
(429, 126),
(432, 125),
(433, 120),
(434, 34),
(434, 39),
(436, 127),
(437, 34),
(439, 34),
(440, 66),
(441, 129),
(442, 102),
(442, 9),
(442, 20),
(442, 104),
(442, 22),
(442, 101),
(442, 70),
(442, 68),
(442, 123),
(442, 72),
(442, 80),
(442, 76),
(442, 51),
(442, 103),
(442, 78),
(442, 65),
(442, 48),
(442, 100),
(444, 3),
(444, 86),
(445, 53),
(446, 122),
(446, 34),
(446, 40),
(446, 33),
(446, 36),
(446, 29),
(446, 39),
(449, 34),
(449, 33),
(449, 39),
(450, 27),
(455, 54),
(455, 121),
(455, 94),
(455, 95),
(455, 106),
(455, 98),
(455, 59),
(455, 44),
(455, 49),
(455, 99),
(455, 114),
(456, 54),
(456, 121),
(456, 94),
(456, 95),
(456, 106),
(456, 98),
(456, 59),
(456, 44),
(456, 49),
(456, 99),
(456, 139),
(456, 114),
(457, 134),
(458, 134),
(461, 46),
(462, 75),
(463, 75),
(466, 21),
(467, 75),
(469, 54),
(469, 121),
(469, 94),
(469, 95),
(469, 106),
(469, 98),
(469, 59),
(469, 44),
(469, 49),
(469, 99),
(469, 114),
(473, 34),
(477, 4),
(478, 54),
(478, 121),
(478, 94),
(478, 95),
(478, 106),
(478, 98),
(478, 59),
(478, 44),
(478, 49),
(478, 99),
(478, 114),
(479, 102),
(479, 9),
(479, 20),
(479, 104),
(479, 22),
(479, 101),
(479, 70),
(479, 68),
(479, 123),
(479, 72),
(479, 80),
(479, 76),
(479, 51),
(479, 103),
(479, 78),
(479, 65),
(479, 48),
(479, 100),
(480, 102),
(480, 9),
(480, 20),
(480, 104),
(480, 22),
(480, 101),
(480, 70),
(480, 68),
(480, 123),
(480, 72),
(480, 80),
(480, 76),
(480, 51),
(480, 103),
(480, 78),
(480, 65),
(480, 48),
(480, 100),
(482, 54),
(482, 121),
(482, 94),
(482, 95),
(482, 106),
(482, 98),
(482, 59),
(482, 44),
(482, 49),
(482, 99),
(482, 139),
(482, 114),
(483, 109),
(527, 40),
(485, 54),
(485, 121),
(485, 94),
(485, 95),
(485, 106),
(485, 98),
(485, 59),
(485, 44),
(485, 49),
(485, 99),
(485, 139),
(485, 114),
(486, 54),
(486, 121),
(486, 94),
(486, 95),
(486, 106),
(486, 98),
(486, 59),
(486, 44),
(486, 49),
(486, 99),
(486, 139),
(486, 114),
(487, 54),
(487, 121),
(487, 94),
(487, 95),
(487, 106),
(487, 98),
(487, 59),
(487, 44),
(487, 49),
(487, 99),
(487, 139),
(487, 114),
(488, 54),
(488, 121),
(488, 94),
(488, 95),
(488, 106),
(488, 98),
(488, 59),
(488, 44),
(488, 49),
(488, 99),
(488, 139),
(488, 114),
(492, 34),
(492, 40),
(492, 32),
(493, 141),
(494, 141),
(495, 75),
(496, 75),
(497, 75),
(499, 122),
(499, 34),
(499, 40),
(499, 33),
(499, 36),
(500, 46),
(501, 75),
(502, 75),
(503, 75),
(504, 136),
(505, 136),
(506, 136),
(517, 145),
(507, 136),
(508, 147),
(509, 54),
(509, 121),
(509, 94),
(509, 95),
(509, 106),
(509, 98),
(509, 59),
(509, 44),
(509, 49),
(509, 99),
(509, 114),
(510, 54),
(510, 121),
(510, 94),
(510, 95),
(510, 106),
(510, 98),
(510, 59),
(510, 44),
(510, 49),
(510, 99),
(510, 114),
(511, 113),
(513, 40),
(513, 29),
(514, 53),
(516, 122),
(516, 34),
(516, 40),
(516, 33),
(516, 36),
(516, 32),
(516, 29),
(516, 39),
(519, 6),
(519, 146),
(520, 34),
(520, 33),
(521, 143),
(521, 138),
(521, 142),
(521, 144),
(522, 84),
(522, 91),
(523, 102),
(523, 9),
(523, 20),
(523, 104),
(523, 22),
(523, 101),
(523, 70),
(523, 68),
(523, 123),
(523, 72),
(523, 80),
(523, 76),
(523, 51),
(523, 103),
(523, 78),
(523, 65),
(523, 48),
(523, 100),
(526, 56),
(526, 37),
(532, 34),
(532, 29),
(532, 147),
(528, 107),
(529, 86),
(529, 85),
(530, 102),
(530, 9),
(530, 20),
(530, 104),
(530, 22),
(530, 101),
(530, 70),
(530, 68),
(530, 123),
(530, 72),
(530, 80),
(530, 76),
(530, 51),
(530, 103),
(530, 78),
(530, 65),
(530, 48),
(530, 100),
(531, 102),
(531, 9),
(531, 20),
(531, 104),
(531, 22),
(531, 101),
(531, 70),
(531, 68),
(531, 123),
(531, 72),
(531, 80),
(531, 76),
(531, 51),
(531, 103),
(531, 78),
(531, 65),
(531, 48),
(531, 100),
(533, 86),
(534, 10),
(535, 122),
(535, 34),
(535, 40),
(535, 33),
(535, 29),
(535, 39),
(556, 13),
(566, 126),
(557, 148),
(536, 102),
(536, 9),
(536, 20),
(536, 104),
(536, 22),
(536, 101),
(536, 70),
(536, 68),
(536, 123),
(536, 72),
(536, 80),
(536, 76),
(536, 51),
(536, 103),
(536, 78),
(536, 65),
(536, 48),
(536, 100),
(539, 102),
(539, 9),
(539, 20),
(539, 104),
(539, 22),
(539, 101),
(539, 70),
(539, 68),
(539, 123),
(539, 72),
(539, 80),
(539, 76),
(539, 51),
(539, 103),
(539, 78),
(539, 48),
(539, 100),
(540, 3),
(540, 118),
(540, 150),
(540, 86),
(540, 85),
(541, 3),
(541, 150),
(541, 86),
(542, 122),
(542, 34),
(542, 40),
(542, 33),
(542, 36),
(542, 32),
(542, 29),
(542, 39),
(555, 54),
(555, 121),
(555, 94),
(555, 95),
(555, 106),
(555, 98),
(555, 59),
(555, 44),
(555, 49),
(555, 99),
(555, 114),
(547, 4),
(544, 54),
(544, 121),
(544, 94),
(544, 95),
(544, 106),
(544, 98),
(544, 59),
(544, 44),
(544, 49),
(544, 99),
(544, 114),
(583, 54),
(583, 121),
(583, 94),
(583, 95),
(583, 106),
(583, 98),
(583, 59),
(583, 44),
(583, 49),
(583, 99),
(583, 114),
(546, 56),
(546, 37),
(549, 34),
(549, 40),
(549, 33),
(549, 32),
(549, 29),
(549, 39),
(551, 34),
(551, 147),
(552, 56),
(552, 37),
(553, 56),
(553, 37),
(554, 86),
(554, 85),
(559, 122),
(559, 34),
(559, 40),
(559, 33),
(559, 29),
(559, 39),
(560, 17),
(561, 12),
(562, 27),
(563, 85),
(564, 3),
(564, 150),
(564, 86),
(565, 8),
(568, 151),
(569, 54),
(569, 121),
(569, 94),
(569, 95),
(569, 106),
(569, 98),
(569, 59),
(569, 44),
(569, 49),
(569, 99),
(569, 139),
(569, 114),
(570, 115),
(571, 151),
(572, 28),
(574, 85),
(575, 34),
(577, 3),
(577, 86),
(577, 85),
(578, 54),
(578, 121),
(578, 94),
(578, 95),
(578, 106),
(578, 98),
(578, 59),
(578, 44),
(578, 49),
(578, 99),
(578, 114),
(579, 54),
(579, 121),
(579, 94),
(579, 95),
(579, 106),
(579, 98),
(579, 59),
(579, 44),
(579, 49),
(579, 99),
(579, 114),
(581, 86),
(581, 85),
(584, 153),
(585, 69),
(586, 34),
(587, 34),
(588, 81),
(589, 113),
(590, 56),
(590, 37),
(591, 56),
(591, 37),
(597, 155),
(592, 147),
(593, 29),
(594, 3),
(594, 150),
(594, 86),
(594, 85),
(595, 54),
(595, 121),
(595, 94),
(595, 95),
(595, 106),
(595, 98),
(595, 59),
(595, 44),
(595, 49),
(595, 99),
(595, 139),
(595, 114),
(596, 62),
(598, 54),
(598, 121),
(598, 94),
(598, 95),
(598, 106),
(598, 98),
(598, 59),
(598, 44),
(598, 49),
(598, 99),
(598, 114),
(599, 124),
(600, 155),
(601, 56),
(601, 37),
(602, 56),
(602, 37),
(604, 3),
(604, 150),
(604, 86),
(604, 85),
(607, 119),
(608, 157),
(609, 157),
(610, 157),
(611, 113),
(612, 54),
(612, 121),
(612, 94),
(612, 95),
(612, 106),
(612, 98),
(612, 59),
(612, 44),
(612, 49),
(612, 99),
(612, 114),
(370, 113),
(70, 57),
(285, 92),
(403, 107),
(426, 84),
(426, 91),
(435, 84),
(435, 91),
(255, 54),
(255, 121),
(255, 94),
(255, 95),
(255, 106),
(255, 98),
(255, 59),
(255, 44),
(255, 49),
(255, 99),
(255, 114),
(380, 54),
(380, 121),
(380, 94),
(380, 95),
(380, 106),
(380, 98),
(380, 59),
(380, 44),
(380, 49),
(380, 99),
(380, 114),
(231, 54),
(231, 121),
(231, 94),
(231, 95),
(231, 106),
(231, 59),
(231, 44),
(231, 49),
(231, 99),
(231, 114),
(147, 122),
(147, 34),
(147, 33),
(147, 29),
(147, 39),
(259, 54),
(259, 94),
(259, 95),
(259, 106),
(259, 98),
(259, 59),
(259, 44),
(259, 49),
(259, 99),
(259, 114),
(279, 91),
(431, 176),
(204, 176),
(204, 177),
(321, 54),
(321, 94),
(321, 95),
(321, 106),
(321, 98),
(321, 59),
(321, 44),
(321, 49),
(321, 99),
(321, 114),
(123, 17),
(267, 54),
(267, 94),
(267, 95),
(267, 106),
(267, 98),
(267, 49),
(267, 99),
(267, 114),
(558, 149),
(605, 86),
(615, 178),
(613, 91),
(613, 180),
(460, 91),
(460, 180);

-- --------------------------------------------------------

--
-- Estructura de tabla para la tabla `recruiters_order_status`
--

CREATE TABLE `recruiters_order_status` (
  `id` int(11) NOT NULL,
  `recruiter_id` int(11) NOT NULL,
  `order_id` int(11) NOT NULL,
  `type` int(11) NOT NULL,
  `verification_id` int(11) NOT NULL,
  `date` datetime NOT NULL,
  `status` tinyint(1) NOT NULL
) ENGINE=InnoDB DEFAULT CHARSET=latin1;

--
-- Volcado de datos para la tabla `recruiters_order_status`
--

INSERT INTO `recruiters_order_status` (`id`, `recruiter_id`, `order_id`, `type`, `verification_id`, `date`, `status`) VALUES
(1, 613, 141210, 1, 25, '2018-05-30 15:05:02', 1),
(2, 613, 141210, 5, 76, '2018-05-30 15:12:24', 1),
(3, 613, 141210, 2, 46, '2018-05-30 15:16:06', 1),
(4, 613, 141210, 2, 47, '2018-05-30 15:25:41', 1),
(5, 613, 141210, 7, 18, '2018-05-30 15:18:35', 1),
(6, 613, 141210, 3, 9, '2018-05-30 15:24:50', 1),
(7, 613, 141210, 8, 6, '2018-05-30 15:23:34', 1),
(8, 613, 141210, 6, 16, '2018-05-30 15:25:04', 1),
(9, 613, 141210, 4, 34, '2018-05-30 15:40:54', 1),
(10, 613, 141224, 4, 29, '2018-05-31 17:45:07', 0),
(11, 613, 141208, 4, 17, '2018-05-31 18:13:11', 0),
(12, 613, 141208, 6, 7, '2018-05-31 18:13:11', 0),
(13, 613, 141208, 6, 8, '2018-05-31 18:13:11', 0),
(14, 613, 141208, 1, 42, '2018-05-31 18:13:11', 0),
(15, 613, 141208, 5, 104, '2018-05-31 18:13:11', 0),
(16, 613, 141208, 3, 12, '2018-05-31 18:13:11', 0),
(17, 613, 141208, 2, 30, '2018-05-31 18:13:11', 0),
(18, 613, 141208, 8, 5, '2018-05-31 18:13:12', 0),
(19, 613, 141208, 7, 17, '2018-05-31 18:13:12', 0),
(20, 613, 141217, 1, 32, '2018-06-05 12:12:19', 0),
(21, 613, 141215, 4, 9, '2018-06-05 15:53:21', 0),
(22, 613, 141215, 4, 10, '2018-06-05 15:53:21', 0),
(23, 613, 141215, 2, 39, '2018-06-05 15:53:21', 0),
(24, 613, 141226, 5, 77, '2018-06-05 15:53:27', 0),
(25, 613, 141223, 4, 27, '2018-06-05 15:53:40', 0),
(26, 613, 141223, 4, 28, '2018-06-05 15:53:40', 0),
(28, 460, 141239, 1, 46, '2018-06-07 00:00:00', 1);

-- --------------------------------------------------------

--
-- Estructura de tabla para la tabla `reference_forms`
--

CREATE TABLE `reference_forms` (
  `id` int(10) NOT NULL,
  `name` varchar(255) DEFAULT NULL,
  `description` varchar(255) DEFAULT NULL,
  `base_form` tinyint(4) DEFAULT NULL,
  `is_active` char(1) DEFAULT NULL,
  `is_default` char(1) DEFAULT NULL
) ENGINE=InnoDB DEFAULT CHARSET=utf8;

--
-- Volcado de datos para la tabla `reference_forms`
--

INSERT INTO `reference_forms` (`id`, `name`, `description`, `base_form`, `is_active`, `is_default`) VALUES
(1, 'General Default', 'General Default Form', 0, '1', '1'),
(3, 'Credentialing Default Form', 'Credentialing', 0, '1', '1'),
(18, 'asdfa', 'dsfasdfads', 1, NULL, NULL),
(27, 'Test2', 'Test2', 1, '1', NULL),
(28, 'Test1', 'Test1', 3, '1', NULL),
(29, 'Test Sept', NULL, 1, '1', NULL),
(30, 'Test SubQuestions', NULL, 3, '1', NULL),
(31, 'TEST907450', 'iiugiogou', 3, '1', NULL),
(32, 'vmxghkxrfkxrf', 'kjryktykdtygy', 1, '1', NULL);

-- --------------------------------------------------------

--
-- Estructura de tabla para la tabla `reference_form_questions`
--

CREATE TABLE `reference_form_questions` (
  `id` int(10) NOT NULL,
  `question` text,
  `type` tinyint(4) DEFAULT NULL,
  `answer` tinyint(4) DEFAULT NULL,
  `lft` int(11) DEFAULT NULL,
  `rgt` int(11) DEFAULT NULL,
  `form_id` int(10) DEFAULT NULL,
  `options` text
) ENGINE=InnoDB DEFAULT CHARSET=utf8;

--
-- Volcado de datos para la tabla `reference_form_questions`
--

INSERT INTO `reference_form_questions` (`id`, `question`, `type`, `answer`, `lft`, `rgt`, `form_id`, `options`) VALUES
(3, 'Communication Skills:       Verbal/written documentation:', 0, 3, 1, 18, 1, NULL),
(26, NULL, 2, NULL, 1, 10, 4, '[{\"complex\":true,\"value\":\"test1\"}]'),
(27, 'asdfasdf', 1, 1, 1, 14, 4, NULL),
(29, '1', 0, NULL, 10, 11, 4, NULL),
(30, '2', 0, NULL, 12, 13, 4, NULL),
(87, 'Congrats', 1, 3, 1, 18, 19, NULL),
(88, 'Why?', 1, NULL, 10, 53, 19, NULL),
(114, 'If Yes, Please Explain:', 0, NULL, 1, 10, 20, NULL),
(115, '2.	Interpersonal Skills: •	How does the practitioner interact with their patients, family members and staff? •	How does the practitioner show compassion and helpfulness to the patients and their families?', 0, NULL, 1, 10, 20, NULL),
(116, 'Mark all that apply:', 2, NULL, 10, 1, 20, '[{\"complex\":0,\"value\":\"Current Supervisor\"},{\"complex\":0,\"value\":\"Past Supervisor\"},{\"complex\":0,\"value\":\"Chief of Staff\"},{\"complex\":0,\"value\":\"Medical Director\"},{\"complex\":true,\"value\":\"Department Chair\",\"additional\":\"Department Name:\"},{\"complex\":true,\"value\":\"Division/Section Head\",\"additional\":\"Specialty Name:\"},{\"complex\":true,\"value\":\"Program Director\",\"additional\":\"Program/Program Specialty\"}]'),
(117, 'During the program has the applicant ever been subject to any type of disciplinary action, including, but not limited to suspension, probation, or termination?', 1, 1, 10, 11, 20, NULL),
(118, 'Do you know if the practitioner received any disciplinary action or counseling?', 1, 1, 10, 13, 20, NULL),
(119, 'If Yes, Please Explain:', 0, NULL, 11, 12, 20, NULL),
(120, '3.	Medical /Clinical Knowledge: •	What measure of medical knowledge does the practitioner possess in the medical specialty he/she is practicing? •	 How well does the applicant interact with customers, and the public?', 0, NULL, 11, 12, 20, NULL),
(121, 'Did the applicant successfully complete the program?', 1, 2, 12, 15, 20, NULL),
(122, 'If No, Please Explain:', 0, NULL, 13, 14, 20, NULL),
(123, '4.	Clinical Skills: •	How would you rate the practitioner’s clinical skills? •	How does the practitioner utilize teamwork to provide patient focused care?', 0, NULL, 13, 14, 20, NULL),
(124, 'If you were in a position to do so, would you hire this practitioner?', 1, 2, 14, 17, 20, NULL),
(125, 'If No, Please Explain:', 0, NULL, 15, 16, 20, NULL),
(126, '5.	Clinical Judgments: •	How would you describe the practitioner’s clinical judgment in the care of his/her patients? •	Does he/she understand and correctly interpret labs and other test results?', 0, NULL, 15, 16, 20, NULL),
(127, 'If yes, please indicate the program:', 2, NULL, 16, 17, 20, '[{\"complex\":0,\"value\":\"Internship\"},{\"complex\":0,\"value\":\"Residency\"},{\"complex\":0,\"value\":\"Fellowship\"}]'),
(128, 'Program Specialty:', 0, NULL, 17, 16, 20, NULL),
(129, 'Program Facility:', 0, NULL, 17, 16, 20, NULL),
(130, '6.	 Professionalism: •	Comment on the applicant’s professional conduct including respect of patient confidentiality.', 0, NULL, 17, 18, 20, NULL),
(132, 'Program:', 2, NULL, 20, 21, 20, '[{\"complex\":false,\"value\":\"Internship\",\"additional\":\"\"},{\"complex\":false,\"value\":\"Residency\"},{\"complex\":false,\"value\":\"Fellowship\"}]'),
(133, 'Program Specialty:', 0, NULL, 22, 23, 20, NULL),
(134, 'Program Facility:', 0, NULL, 24, 25, 20, NULL),
(135, 'During the program has the Practitioner ever been subject to any type of disciplinary action, including, but not limited to suspension, probation, or termination?', 1, 1, 26, 29, 20, NULL),
(136, 'If YES, please explain:', 0, NULL, 27, 28, 20, NULL),
(137, 'Did the Practitioner successfully complete the program?', 1, 2, 30, 33, 20, NULL),
(138, 'If NO, please explain:', 0, NULL, 31, 32, 20, NULL),
(139, 'Are you (or were you) the Practitioner’s Supervising Physician or Program Director?', 1, 1, 19, 30, 20, NULL),
(140, 'Mark all that apply:', 2, NULL, 20, 21, 20, '[{\"complex\":0,\"value\":\"Current Supervisor\"},{\"complex\":0,\"value\":\"Past Supervisor\"},{\"complex\":0,\"value\":\"Chief of Staff\"},{\"complex\":0,\"value\":\"Medical Director\"},{\"complex\":true,\"value\":\"Department Chair\",\"additional\":\"Department Name:\"},{\"complex\":true,\"value\":\"Division/Section Head\",\"additional\":\"Specialty Name:\"},{\"complex\":true,\"value\":\"Program Director\",\"additional\":\"Program Type/Specialty/Facility:\"}]'),
(141, 'Do you know if the Practitioner received any disciplinary action or counseling?', 1, 1, 22, 25, 20, NULL),
(142, 'If YES, please explain:', 0, NULL, 23, 24, 20, NULL),
(143, 'If you were in a position to do so, would you hire this Practitioner?', 1, 2, 26, 29, 20, NULL),
(144, 'If NO, please explain:', 0, NULL, 27, 28, 20, NULL),
(145, '1.	 Communication Skills: How would you describe the Practitioner’s communication skills: verbal and written? • Does he/she document in the patient’s charts in a timely manner?', 0, NULL, 31, 32, 20, NULL),
(146, '2.	Interpersonal Skills: How does the Practitioner interact with their patients, family members and staff? • How does the Practitioner show compassion and helpfulness to the patients and their families?', 0, NULL, 33, 34, 20, NULL),
(147, '3.	Medical /Clinical Knowledge: What measure of medical knowledge does the Practitioner possess in the medical specialty he/she is practicing? • How well does the Practitioner interact with customers, and the public?', 0, NULL, 35, 36, 20, NULL),
(148, '4.	Clinical Skills: How would you rate the Practitioner’s clinical skills? • How does the Practitioner utilize teamwork to provide patient focused care?', 0, NULL, 37, 38, 20, NULL),
(149, '5.	Clinical Judgments: How would you describe the Practitioner’s clinical judgment in the care of his/her patients? •	Does he/she understand and correctly interpret labs and other test results?', 0, NULL, 39, 40, 20, NULL),
(150, '6.	 Professionalism: Comment on the Practitioner’s professional conduct including respect of patient confidentiality.', 0, NULL, 41, 42, 20, NULL),
(151, '7.	Health Status: Do you know of any health conditions, physical or mental that would impair the Practitioner’s ability to render quality patient care?', 1, 1, 43, 46, 20, NULL),
(152, 'If YES, please explain:', 0, NULL, 44, 45, 20, NULL),
(153, '8.	Privileges: Is the Practitioner qualified and competent to perform the privileges/duties that are being requested? (If No, please explain)', 1, 2, 47, 50, 20, NULL),
(154, 'If NO, please explain:', 0, NULL, 48, 49, 20, NULL),
(155, 'Recommendation:', 2, NULL, 51, 52, 20, '[{\"complex\":0,\"value\":\"Recommend without reservation\"},{\"complex\":true,\"value\":\"Recommend with the following reservations\",\"additional\":\"Comments:\"},{\"complex\":true,\"value\":\"Do not recommend\",\"additional\":\"Comments:\"}]'),
(156, 'If Yes, Please Explain:', 0, NULL, 1, 10, 21, NULL),
(157, '2.	Interpersonal Skills: •	How does the practitioner interact with their patients, family members and staff? •	How does the practitioner show compassion and helpfulness to the patients and their families?', 0, NULL, 1, 10, 21, NULL),
(158, 'Mark all that apply:', 2, NULL, 10, 1, 21, '[{\"complex\":0,\"value\":\"Current Supervisor\"},{\"complex\":0,\"value\":\"Past Supervisor\"},{\"complex\":0,\"value\":\"Chief of Staff\"},{\"complex\":0,\"value\":\"Medical Director\"},{\"complex\":true,\"value\":\"Department Chair\",\"additional\":\"Department Name:\"},{\"complex\":true,\"value\":\"Division/Section Head\",\"additional\":\"Specialty Name:\"},{\"complex\":true,\"value\":\"Program Director\",\"additional\":\"Program/Program Specialty\"}]'),
(159, 'During the program has the applicant ever been subject to any type of disciplinary action, including, but not limited to suspension, probation, or termination?', 1, 1, 10, 11, 21, NULL),
(160, 'Do you know if the practitioner received any disciplinary action or counseling?', 1, 1, 10, 13, 21, NULL),
(161, 'If Yes, Please Explain:', 0, NULL, 11, 12, 21, NULL),
(162, '3.	Medical /Clinical Knowledge: •	What measure of medical knowledge does the practitioner possess in the medical specialty he/she is practicing? •	 How well does the applicant interact with customers, and the public?', 0, NULL, 11, 12, 21, NULL),
(163, 'Did the applicant successfully complete the program?', 1, 2, 12, 15, 21, NULL),
(164, 'If No, Please Explain:', 0, NULL, 13, 14, 21, NULL),
(165, '4.	Clinical Skills: •	How would you rate the practitioner’s clinical skills? •	How does the practitioner utilize teamwork to provide patient focused care?', 0, NULL, 13, 14, 21, NULL),
(166, 'If you were in a position to do so, would you hire this practitioner?', 1, 2, 14, 17, 21, NULL),
(167, 'If No, Please Explain:', 0, NULL, 15, 16, 21, NULL),
(168, '5.	Clinical Judgments: •	How would you describe the practitioner’s clinical judgment in the care of his/her patients? •	Does he/she understand and correctly interpret labs and other test results?', 0, NULL, 15, 16, 21, NULL),
(169, 'If yes, please indicate the program:', 2, NULL, 16, 17, 21, '[{\"complex\":0,\"value\":\"Internship\"},{\"complex\":0,\"value\":\"Residency\"},{\"complex\":0,\"value\":\"Fellowship\"}]'),
(170, 'Program Specialty:', 0, NULL, 17, 16, 21, NULL),
(171, 'Program Facility:', 0, NULL, 17, 16, 21, NULL),
(172, '6.	 Professionalism: •	Comment on the applicant’s professional conduct including respect of patient confidentiality.', 0, NULL, 17, 18, 21, NULL),
(173, 'Are you (or were you) the Practitioner’s Program Director?', 1, 1, 19, 34, 21, NULL),
(174, 'Are you (or were you) the Practitioner’s Supervising Physician?', 1, 1, 19, 30, 21, NULL),
(175, 'Program:', 2, NULL, 20, 21, 21, '[{\"complex\":false,\"value\":\"Internship\",\"additional\":\"\"},{\"complex\":false,\"value\":\"Residency\"},{\"complex\":false,\"value\":\"Fellowship\"}]'),
(176, 'Mark all that apply:', 2, NULL, 20, 21, 21, '[{\"complex\":0,\"value\":\"Current Supervisor\"},{\"complex\":0,\"value\":\"Past Supervisor\"},{\"complex\":0,\"value\":\"Chief of Staff\"},{\"complex\":0,\"value\":\"Medical Director\"},{\"complex\":true,\"value\":\"Department Chair\",\"additional\":\"Department Name:\"},{\"complex\":true,\"value\":\"Division/Section Head\",\"additional\":\"Specialty Name:\"}]'),
(177, 'Program Specialty:', 0, NULL, 22, 23, 21, NULL),
(178, 'Do you know if the Practitioner received any disciplinary action or counseling?', 1, 1, 22, 25, 21, NULL),
(179, 'If YES, please explain:', 0, NULL, 23, 24, 21, NULL),
(180, 'Program Facility:', 0, NULL, 24, 25, 21, NULL),
(181, 'During the program has the Practitioner ever been subject to any type of disciplinary action, including, but not limited to suspension, probation, or termination?', 1, 1, 26, 29, 21, NULL),
(182, 'If you were in a position to do so, would you hire this Practitioner?', 1, 2, 26, 29, 21, NULL),
(183, 'If YES, please explain:', 0, NULL, 27, 28, 21, NULL),
(184, 'If NO, please explain:', 0, NULL, 27, 28, 21, NULL),
(185, 'Did the Practitioner successfully complete the program?', 1, 2, 30, 33, 21, NULL),
(186, 'If NO, please explain:', 0, NULL, 31, 32, 21, NULL),
(187, '1.	 Communication Skills: How would you describe the Practitioner’s communication skills: verbal and written? • Does he/she document in the patient’s charts in a timely manner?', 0, NULL, 31, 32, 21, NULL),
(188, '2.	Interpersonal Skills: How does the Practitioner interact with their patients, family members and staff? • How does the Practitioner show compassion and helpfulness to the patients and their families?', 0, NULL, 33, 34, 21, NULL),
(189, '3.	Medical /Clinical Knowledge: What measure of medical knowledge does the Practitioner possess in the medical specialty he/she is practicing? • How well does the Practitioner interact with customers, and the public?', 0, NULL, 35, 36, 21, NULL),
(190, '4.	Clinical Skills: How would you rate the Practitioner’s clinical skills? • How does the Practitioner utilize teamwork to provide patient focused care?', 0, NULL, 37, 38, 21, NULL),
(191, '5.	Clinical Judgments: How would you describe the Practitioner’s clinical judgment in the care of his/her patients? •	Does he/she understand and correctly interpret labs and other test results?', 0, NULL, 39, 40, 21, NULL),
(192, '6.	 Professionalism: Comment on the Practitioner’s professional conduct including respect of patient confidentiality.', 0, NULL, 41, 42, 21, NULL),
(193, '7.	Health Status: Do you know of any health conditions, physical or mental that would impair the Practitioner’s ability to render quality patient care?', 1, 1, 43, 46, 21, NULL),
(194, 'If YES, please explain:', 0, NULL, 44, 45, 21, NULL),
(195, '8.	Privileges: Is the Practitioner qualified and competent to perform the privileges/duties that are being requested? (If No, please explain)', 1, 2, 47, 50, 21, NULL),
(196, 'If NO, please explain:', 0, NULL, 48, 49, 21, NULL),
(197, 'Recommendation:', 2, NULL, 51, 52, 21, '[{\"complex\":0,\"value\":\"Recommend without reservation\"},{\"complex\":true,\"value\":\"Recommend with the following reservations\",\"additional\":\"Comments:\"},{\"complex\":true,\"value\":\"Do not recommend\",\"additional\":\"Comments:\"}]'),
(198, 'Are you (or were you) the Practitioner’s Program Director?', 1, 1, 21, 36, 3, NULL),
(199, 'Are you (or were you) the Practitioner’s Supervising Physician?', 1, 1, 37, 48, 3, NULL),
(200, 'Program:', 2, NULL, 22, 23, 3, '[{\"complex\":0,\"value\":\"Internship\"},{\"complex\":0,\"value\":\"Residency\"},{\"complex\":0,\"value\":\"Fellowship\"}]'),
(201, 'Program:', 0, NULL, 24, 25, 3, NULL),
(202, 'Specialty:', 0, NULL, 26, 27, 3, NULL),
(203, 'During the program has the Practitioner ever been subject to any type of disciplinary action, including, but not limited to suspension, probation, or termination?', 1, 1, 28, 31, 3, NULL),
(204, 'If YES, please explain:', 0, NULL, 29, 30, 3, NULL),
(205, 'Did the Practitioner successfully complete the program?', 1, 2, 32, 35, 3, NULL),
(206, 'If NO, please explain:', 0, NULL, 33, 34, 3, NULL),
(208, 'Mark all that apply:', 2, NULL, 38, 39, 3, '[{\"complex\":0,\"value\":\"Current Supervisor\"},{\"complex\":0,\"value\":\"Past Supervisor\"},{\"complex\":0,\"value\":\"Chief of Staff\"},{\"complex\":0,\"value\":\"Medical Director\"},{\"complex\":true,\"value\":\"Department Chair\",\"additional\":\"Department Name:\"},{\"complex\":true,\"value\":\"Division/Section Head\",\"additional\":\"Specialty Name\"}]'),
(209, 'Do you know if the Practitioner received any disciplinary action or counseling?', 1, 1, 40, 43, 3, NULL),
(210, 'If YES, please explain:', 0, NULL, 41, 42, 3, NULL),
(211, 'If you were in a position to do so, would you hire this Practitioner?', 1, 2, 44, 47, 3, NULL),
(212, 'If NO, please explain:', 0, NULL, 45, 46, 3, NULL),
(213, '1.	 Communication Skills: •	How would you describe the Practitioner’s communication skills: verbal and written? •	Does he/she document in the patient’s charts in a timely manner?', 0, NULL, 49, 50, 3, NULL),
(214, '2.	Interpersonal Skills: •	How does the Practitioner interact with their patients, family members and staff? •	How does the Practitioner show compassion and helpfulness to the patients and their families?', 0, NULL, 51, 52, 3, NULL),
(215, '3.	Medical /Clinical Knowledge: •	What measure of medical knowledge does the Practitioner possess in the medical specialty he/she is practicing? •	How well does the Practitioner interact with customers, and the public?', 0, NULL, 53, 54, 3, NULL),
(216, '4.	Clinical Skills: •	How would you rate the Practitioner’s clinical skills? •	How does the Practitioner utilize teamwork to provide patient focused care?', 0, NULL, 55, 56, 3, NULL),
(217, '5.	Clinical Judgments: •	How would you describe the Practitioner’s clinical judgment in the care of his/her patients? •	Does he/she understand and correctly interpret labs and other test results?', 0, NULL, 57, 58, 3, NULL),
(218, '6.	 Professionalism: •	Comment on the Practitioner’s professional conduct including respect of patient confidentiality.', 0, NULL, 59, 60, 3, NULL),
(219, '7.	Health Status: •	Do you know of any health conditions, physical or mental that would impair the Practitioner’s ability to render quality patient care? (If Yes, explain)', 1, 1, 61, 64, 3, NULL),
(220, '•	Is the Practitioner qualified and competent to perform the privileges/duties that are being requested? (If No, please explain)', 1, 2, 65, 68, 3, NULL),
(221, 'Recommendation:', 2, NULL, 69, 70, 3, '[{\"complex\":0,\"value\":\"Recommend without reservation\"},{\"complex\":true,\"value\":\"Recommend with the following reservations\",\"additional\":\"Comments:\"},{\"complex\":true,\"value\":\"Do not recommend\",\"additional\":\"Comments:\"}]'),
(222, 'If YES, please explain:', 0, NULL, 62, 63, 3, NULL),
(223, 'If NO, please explain:', 0, NULL, 66, 67, 3, NULL),
(224, 'If Yes, Please Explain:', 0, NULL, 1, 10, 22, NULL),
(225, '2.	Interpersonal Skills: •	How does the practitioner interact with their patients, family members and staff? •	How does the practitioner show compassion and helpfulness to the patients and their families?', 0, NULL, 1, 10, 22, NULL),
(226, 'Mark all that apply:', 2, NULL, 10, 1, 22, '[{\"complex\":0,\"value\":\"Current Supervisor\"},{\"complex\":0,\"value\":\"Past Supervisor\"},{\"complex\":0,\"value\":\"Chief of Staff\"},{\"complex\":0,\"value\":\"Medical Director\"},{\"complex\":true,\"value\":\"Department Chair\",\"additional\":\"Department Name:\"},{\"complex\":true,\"value\":\"Division/Section Head\",\"additional\":\"Specialty Name:\"},{\"complex\":true,\"value\":\"Program Director\",\"additional\":\"Program/Program Specialty\"}]'),
(227, 'During the program has the applicant ever been subject to any type of disciplinary action, including, but not limited to suspension, probation, or termination?', 1, 1, 10, 11, 22, NULL),
(228, 'Do you know if the practitioner received any disciplinary action or counseling?', 1, 1, 10, 13, 22, NULL),
(229, 'If Yes, Please Explain:', 0, NULL, 11, 12, 22, NULL),
(230, '3.	Medical /Clinical Knowledge: •	What measure of medical knowledge does the practitioner possess in the medical specialty he/she is practicing? •	 How well does the applicant interact with customers, and the public?', 0, NULL, 11, 12, 22, NULL),
(231, 'Did the applicant successfully complete the program?', 1, 2, 12, 15, 22, NULL),
(232, 'If No, Please Explain:', 0, NULL, 13, 14, 22, NULL),
(233, '4.	Clinical Skills: •	How would you rate the practitioner’s clinical skills? •	How does the practitioner utilize teamwork to provide patient focused care?', 0, NULL, 13, 14, 22, NULL),
(234, 'If you were in a position to do so, would you hire this practitioner?', 1, 2, 14, 17, 22, NULL),
(235, 'If No, Please Explain:', 0, NULL, 15, 16, 22, NULL),
(236, '5.	Clinical Judgments: •	How would you describe the practitioner’s clinical judgment in the care of his/her patients? •	Does he/she understand and correctly interpret labs and other test results?', 0, NULL, 15, 16, 22, NULL),
(237, 'If yes, please indicate the program:', 2, NULL, 16, 17, 22, '[{\"complex\":0,\"value\":\"Internship\"},{\"complex\":0,\"value\":\"Residency\"},{\"complex\":0,\"value\":\"Fellowship\"}]'),
(238, 'Program Specialty:', 0, NULL, 17, 16, 22, NULL),
(239, 'Program Facility:', 0, NULL, 17, 16, 22, NULL),
(240, '6.	 Professionalism: •	Comment on the applicant’s professional conduct including respect of patient confidentiality.', 0, NULL, 17, 18, 22, NULL),
(241, 'Are you (or were you) the Practitioner’s Program Director?', 1, 1, 19, 20, 22, NULL),
(242, 'Are you (or were you) the Practitioner’s Supervising Physician?', 1, 1, 19, 20, 22, NULL),
(243, 'Recommendation:', 2, NULL, 20, 19, 22, '[{\"complex\":0,\"value\":\"Recommend without reservation\"},{\"complex\":true,\"value\":\"Recommend with the following reservations\",\"additional\":\"Comments:\"},{\"complex\":true,\"value\":\"Do not recommend\",\"additional\":\"Comments:\"}]'),
(245, 'Program:', 2, NULL, 21, 22, 22, '[{\"complex\":0,\"value\":\"Internship\"},{\"complex\":0,\"value\":\"Residency\"},{\"complex\":0,\"value\":\"Fellowship\"}]'),
(246, 'Program:', 0, NULL, 23, 24, 22, NULL),
(247, 'Specialty:', 0, NULL, 25, 26, 22, NULL),
(248, 'During the program has the Practitioner ever been subject to any type of disciplinary action, including, but not limited to suspension, probation, or termination?', 1, 1, 27, 30, 22, NULL),
(249, 'If YES, please explain:', 0, NULL, 28, 29, 22, NULL),
(250, 'Did the Practitioner successfully complete the program?', 1, 2, 31, 34, 22, NULL),
(251, 'If NO, please explain:', 0, NULL, 32, 33, 22, NULL),
(252, 'Are you (or were you) the Practitioner’s Supervising Physician?', 1, 1, 21, 32, 22, NULL),
(253, 'Mark all that apply:', 2, NULL, 21, 22, 22, '[{\"complex\":0,\"value\":\"Current Supervisor\"},{\"complex\":0,\"value\":\"Past Supervisor\"},{\"complex\":0,\"value\":\"Chief of Staff\"},{\"complex\":0,\"value\":\"Medical Director\"},{\"complex\":true,\"value\":\"Department Chair\",\"additional\":\"Department Name:\"},{\"complex\":true,\"value\":\"Division/Section Head\",\"additional\":\"Specialty Name\"},{\"complex\":true,\"value\":\"Program Directot\",\"additional\":\"Program/Specialty/Facility:\"}]'),
(254, 'Do you know if the Practitioner received any disciplinary action or counseling?', 1, 1, 23, 26, 22, NULL),
(255, 'If YES, please explain:', 0, NULL, 24, 25, 22, NULL),
(256, 'If you were in a position to do so, would you hire this Practitioner?', 1, 2, 27, 30, 22, NULL),
(257, 'If NO, please explain:', 0, NULL, 28, 29, 22, NULL),
(258, '1.	 Communication Skills: •	How would you describe the Practitioner’s communication skills: verbal and written? •	Does he/she document in the patient’s charts in a timely manner?', 0, NULL, 32, 33, 22, NULL),
(259, '2.	Interpersonal Skills: •	How does the Practitioner interact with their patients, family members and staff? •	How does the Practitioner show compassion and helpfulness to the patients and their families?', 0, NULL, 35, 36, 22, NULL),
(260, '3.	Medical /Clinical Knowledge: •	What measure of medical knowledge does the Practitioner possess in the medical specialty he/she is practicing? •	How well does the Practitioner interact with customers, and the public?', 0, NULL, 37, 38, 22, NULL),
(261, '4.	Clinical Skills: •	How would you rate the Practitioner’s clinical skills? •	How does the Practitioner utilize teamwork to provide patient focused care?', 0, NULL, 39, 40, 22, NULL),
(262, '5.	Clinical Judgments: •	How would you describe the Practitioner’s clinical judgment in the care of his/her patients? •	Does he/she understand and correctly interpret labs and other test results?', 0, NULL, 41, 42, 22, NULL),
(263, '6.	 Professionalism: •	Comment on the Practitioner’s professional conduct including respect of patient confidentiality.', 0, NULL, 43, 44, 22, NULL),
(264, '7.	Health Status: •	Do you know of any health conditions, physical or mental that would impair the Practitioner’s ability to render quality patient care? (If Yes, explain)', 1, 1, 45, 48, 22, NULL),
(265, 'If YES, please explain:', 0, NULL, 46, 47, 22, NULL),
(266, '•	Is the Practitioner qualified and competent to perform the privileges/duties that are being requested? (If No, please explain)', 1, 2, 49, 52, 22, NULL),
(267, 'If NO, please explain:', 0, NULL, 50, 51, 22, NULL),
(268, 'Recommendation:', 2, NULL, 53, 54, 22, '[{\"complex\":0,\"value\":\"Recommend without reservation\"},{\"complex\":true,\"value\":\"Recommend with the following reservations\",\"additional\":\"Comments:\"},{\"complex\":true,\"value\":\"Do not recommend\",\"additional\":\"Comments:\"}]'),
(269, 'If Yes, Please Explain:', 0, NULL, 1, 10, 23, NULL),
(270, '2.	Interpersonal Skills: •	How does the practitioner interact with their patients, family members and staff? •	How does the practitioner show compassion and helpfulness to the patients and their families?', 0, NULL, 1, 10, 23, NULL),
(271, 'Mark all that apply:', 2, NULL, 10, 1, 23, '[{\"complex\":0,\"value\":\"Current Supervisor\"},{\"complex\":0,\"value\":\"Past Supervisor\"},{\"complex\":0,\"value\":\"Chief of Staff\"},{\"complex\":0,\"value\":\"Medical Director\"},{\"complex\":true,\"value\":\"Department Chair\",\"additional\":\"Department Name:\"},{\"complex\":true,\"value\":\"Division/Section Head\",\"additional\":\"Specialty Name:\"},{\"complex\":true,\"value\":\"Program Director\",\"additional\":\"Program/Program Specialty\"}]'),
(272, 'During the program has the applicant ever been subject to any type of disciplinary action, including, but not limited to suspension, probation, or termination?', 1, 1, 10, 11, 23, NULL),
(273, 'Do you know if the practitioner received any disciplinary action or counseling?', 1, 1, 10, 13, 23, NULL),
(274, 'If Yes, Please Explain:', 0, NULL, 11, 12, 23, NULL),
(275, '3.	Medical /Clinical Knowledge: •	What measure of medical knowledge does the practitioner possess in the medical specialty he/she is practicing? •	 How well does the applicant interact with customers, and the public?', 0, NULL, 11, 12, 23, NULL),
(276, 'Did the applicant successfully complete the program?', 1, 2, 12, 15, 23, NULL),
(277, 'If No, Please Explain:', 0, NULL, 13, 14, 23, NULL),
(278, '4.	Clinical Skills: •	How would you rate the practitioner’s clinical skills? •	How does the practitioner utilize teamwork to provide patient focused care?', 0, NULL, 13, 14, 23, NULL),
(279, 'If you were in a position to do so, would you hire this practitioner?', 1, 2, 14, 17, 23, NULL),
(280, 'If No, Please Explain:', 0, NULL, 15, 16, 23, NULL),
(281, '5.	Clinical Judgments: •	How would you describe the practitioner’s clinical judgment in the care of his/her patients? •	Does he/she understand and correctly interpret labs and other test results?', 0, NULL, 15, 16, 23, NULL),
(282, 'If yes, please indicate the program:', 2, NULL, 16, 17, 23, '[{\"complex\":0,\"value\":\"Internship\"},{\"complex\":0,\"value\":\"Residency\"},{\"complex\":0,\"value\":\"Fellowship\"}]'),
(283, 'Program Specialty:', 0, NULL, 17, 16, 23, NULL),
(284, 'Program Facility:', 0, NULL, 17, 16, 23, NULL),
(285, '6.	 Professionalism: •	Comment on the applicant’s professional conduct including respect of patient confidentiality.', 0, NULL, 17, 18, 23, NULL),
(286, 'Are you (or were you) the Practitioner’s Program Director?', 1, 1, 19, 20, 23, NULL),
(287, 'Are you (or were you) the Practitioner’s Supervising Physician?', 1, 1, 19, 20, 23, NULL),
(288, 'Recommendation:', 2, NULL, 20, 19, 23, '[{\"complex\":0,\"value\":\"Recommend without reservation\"},{\"complex\":true,\"value\":\"Recommend with the following reservations\",\"additional\":\"Comments:\"},{\"complex\":true,\"value\":\"Do not recommend\",\"additional\":\"Comments:\"}]'),
(290, 'Program:', 2, NULL, 21, 22, 23, '[{\"complex\":0,\"value\":\"Internship\"},{\"complex\":0,\"value\":\"Residency\"},{\"complex\":0,\"value\":\"Fellowship\"}]'),
(291, 'Program:', 0, NULL, 23, 24, 23, NULL),
(292, 'Specialty:', 0, NULL, 25, 26, 23, NULL),
(293, 'During the program has the Practitioner ever been subject to any type of disciplinary action, including, but not limited to suspension, probation, or termination?', 1, 1, 27, 30, 23, NULL),
(294, 'If YES, please explain:', 0, NULL, 28, 29, 23, NULL),
(295, 'Did the Practitioner successfully complete the program?', 1, 2, 31, 34, 23, NULL),
(296, 'If NO, please explain:', 0, NULL, 32, 33, 23, NULL),
(297, 'Are you (or were you) the Practitioner’s Supervising Physician?', 1, 1, 21, 32, 23, NULL),
(298, 'Mark all that apply:', 2, NULL, 21, 22, 23, '[{\"complex\":0,\"value\":\"Current Supervisor\"},{\"complex\":0,\"value\":\"Past Supervisor\"},{\"complex\":0,\"value\":\"Chief of Staff\"},{\"complex\":0,\"value\":\"Medical Director\"},{\"complex\":true,\"value\":\"Department Chair\",\"additional\":\"Department Name:\"},{\"complex\":true,\"value\":\"Division/Section Head\",\"additional\":\"Specialty Name\"}]'),
(299, 'Do you know if the Practitioner received any disciplinary action or counseling?', 1, 1, 23, 26, 23, NULL),
(300, 'If YES, please explain:', 0, NULL, 24, 25, 23, NULL),
(301, 'If you were in a position to do so, would you hire this Practitioner?', 1, 2, 27, 30, 23, NULL),
(302, 'If NO, please explain:', 0, NULL, 28, 29, 23, NULL),
(303, '1.	 Communication Skills: •	How would you describe the Practitioner’s communication skills: verbal and written? •	Does he/she document in the patient’s charts in a timely manner?', 0, NULL, 32, 33, 23, NULL),
(304, '2.	Interpersonal Skills: •	How does the Practitioner interact with their patients, family members and staff? •	How does the Practitioner show compassion and helpfulness to the patients and their families?', 0, NULL, 35, 36, 23, NULL),
(305, '3.	Medical /Clinical Knowledge: •	What measure of medical knowledge does the Practitioner possess in the medical specialty he/she is practicing? •	How well does the Practitioner interact with customers, and the public?', 0, NULL, 37, 38, 23, NULL),
(306, '4.	Clinical Skills: •	How would you rate the Practitioner’s clinical skills? •	How does the Practitioner utilize teamwork to provide patient focused care?', 0, NULL, 39, 40, 23, NULL),
(307, '5.	Clinical Judgments: •	How would you describe the Practitioner’s clinical judgment in the care of his/her patients? •	Does he/she understand and correctly interpret labs and other test results?', 0, NULL, 41, 42, 23, NULL),
(308, '6.	 Professionalism: •	Comment on the Practitioner’s professional conduct including respect of patient confidentiality.', 0, NULL, 43, 44, 23, NULL),
(309, '7.	Health Status: •	Do you know of any health conditions, physical or mental that would impair the Practitioner’s ability to render quality patient care? (If Yes, explain)', 1, 1, 45, 48, 23, NULL),
(310, 'If YES, please explain:', 0, NULL, 46, 47, 23, NULL),
(311, '•	Is the Practitioner qualified and competent to perform the privileges/duties that are being requested? (If No, please explain)', 1, 2, 49, 52, 23, NULL),
(312, 'If NO, please explain:', 0, NULL, 50, 51, 23, NULL),
(314, 'If Yes, Please Explain:', 0, NULL, 1, 10, 24, NULL),
(315, '2.	Interpersonal Skills: •	How does the practitioner interact with their patients, family members and staff? •	How does the practitioner show compassion and helpfulness to the patients and their families?', 0, NULL, 1, 10, 24, NULL),
(316, 'Mark all that apply:', 2, NULL, 10, 1, 24, '[{\"complex\":0,\"value\":\"Current Supervisor\"},{\"complex\":0,\"value\":\"Past Supervisor\"},{\"complex\":0,\"value\":\"Chief of Staff\"},{\"complex\":0,\"value\":\"Medical Director\"},{\"complex\":true,\"value\":\"Department Chair\",\"additional\":\"Department Name:\"},{\"complex\":true,\"value\":\"Division/Section Head\",\"additional\":\"Specialty Name:\"},{\"complex\":true,\"value\":\"Program Director\",\"additional\":\"Program/Program Specialty\"}]'),
(317, 'During the program has the applicant ever been subject to any type of disciplinary action, including, but not limited to suspension, probation, or termination?', 1, 1, 10, 11, 24, NULL),
(318, 'Do you know if the practitioner received any disciplinary action or counseling?', 1, 1, 10, 13, 24, NULL),
(319, 'If Yes, Please Explain:', 0, NULL, 11, 12, 24, NULL),
(320, '3.	Medical /Clinical Knowledge: •	What measure of medical knowledge does the practitioner possess in the medical specialty he/she is practicing? •	 How well does the applicant interact with customers, and the public?', 0, NULL, 11, 12, 24, NULL),
(321, 'Did the applicant successfully complete the program?', 1, 2, 12, 15, 24, NULL),
(322, 'If No, Please Explain:', 0, NULL, 13, 14, 24, NULL),
(323, '4.	Clinical Skills: •	How would you rate the practitioner’s clinical skills? •	How does the practitioner utilize teamwork to provide patient focused care?', 0, NULL, 13, 14, 24, NULL),
(324, 'If you were in a position to do so, would you hire this practitioner?', 1, 2, 14, 17, 24, NULL),
(325, 'If No, Please Explain:', 0, NULL, 15, 16, 24, NULL),
(326, '5.	Clinical Judgments: •	How would you describe the practitioner’s clinical judgment in the care of his/her patients? •	Does he/she understand and correctly interpret labs and other test results?', 0, NULL, 15, 16, 24, NULL),
(327, 'If yes, please indicate the program:', 2, NULL, 16, 17, 24, '[{\"complex\":0,\"value\":\"Internship\"},{\"complex\":0,\"value\":\"Residency\"},{\"complex\":0,\"value\":\"Fellowship\"}]'),
(328, 'Program Specialty:', 0, NULL, 17, 16, 24, NULL),
(329, 'Program Facility:', 0, NULL, 17, 16, 24, NULL),
(330, '6.	 Professionalism: •	Comment on the applicant’s professional conduct including respect of patient confidentiality.', 0, NULL, 17, 18, 24, NULL),
(331, 'Are you (or were you) the Practitioner’s Program Director?', 1, 1, 19, 20, 24, NULL),
(332, 'Are you (or were you) the Practitioner’s Supervising Physician?', 1, 1, 19, 20, 24, NULL),
(333, 'Recommendation:', 2, NULL, 20, 19, 24, '[{\"complex\":0,\"value\":\"Recommend without reservation\"},{\"complex\":true,\"value\":\"Recommend with the following reservations\",\"additional\":\"Comments:\"},{\"complex\":true,\"value\":\"Do not recommend\",\"additional\":\"Comments:\"}]'),
(335, 'Program:', 2, NULL, 21, 22, 24, '[{\"complex\":0,\"value\":\"Internship\"},{\"complex\":0,\"value\":\"Residency\"},{\"complex\":0,\"value\":\"Fellowship\"}]'),
(336, 'Program:', 0, NULL, 23, 24, 24, NULL),
(337, 'Specialty:', 0, NULL, 25, 26, 24, NULL),
(338, 'During the program has the Practitioner ever been subject to any type of disciplinary action, including, but not limited to suspension, probation, or termination?', 1, 1, 27, 30, 24, NULL),
(339, 'If YES, please explain:', 0, NULL, 28, 29, 24, NULL),
(340, 'Did the Practitioner successfully complete the program?', 1, 2, 31, 34, 24, NULL),
(341, 'If NO, please explain:', 0, NULL, 32, 33, 24, NULL),
(342, 'Are you (or were you) the Practitioner’s Supervising Physician?', 1, 1, 21, 32, 24, NULL),
(343, 'Mark all that apply:', 2, NULL, 21, 22, 24, '[{\"complex\":0,\"value\":\"Current Supervisor\"},{\"complex\":0,\"value\":\"Past Supervisor\"},{\"complex\":0,\"value\":\"Chief of Staff\"},{\"complex\":0,\"value\":\"Medical Director\"},{\"complex\":true,\"value\":\"Department Chair\",\"additional\":\"Department Name:\"},{\"complex\":true,\"value\":\"Division/Section Head\",\"additional\":\"Specialty Name\"}]'),
(344, 'Do you know if the Practitioner received any disciplinary action or counseling?', 1, 1, 23, 26, 24, NULL),
(345, 'If YES, please explain:', 0, NULL, 24, 25, 24, NULL),
(346, 'If you were in a position to do so, would you hire this Practitioner?', 1, 2, 27, 30, 24, NULL),
(347, 'If NO, please explain:', 0, NULL, 28, 29, 24, NULL),
(348, '1.	 Communication Skills: •	How would you describe the Practitioner’s communication skills: verbal and written? •	Does he/she document in the patient’s charts in a timely manner?', 0, NULL, 32, 33, 24, NULL),
(349, '2.	Interpersonal Skills: •	How does the Practitioner interact with their patients, family members and staff? •	How does the Practitioner show compassion and helpfulness to the patients and their families?', 0, NULL, 35, 36, 24, NULL),
(350, '3.	Medical /Clinical Knowledge: •	What measure of medical knowledge does the Practitioner possess in the medical specialty he/she is practicing? •	How well does the Practitioner interact with customers, and the public?', 0, NULL, 37, 38, 24, NULL),
(351, '4.	Clinical Skills: •	How would you rate the Practitioner’s clinical skills? •	How does the Practitioner utilize teamwork to provide patient focused care?', 0, NULL, 39, 40, 24, NULL),
(352, '5.	Clinical Judgments: •	How would you describe the Practitioner’s clinical judgment in the care of his/her patients? •	Does he/she understand and correctly interpret labs and other test results?', 0, NULL, 41, 42, 24, NULL),
(353, '6.	 Professionalism: •	Comment on the Practitioner’s professional conduct including respect of patient confidentiality.', 0, NULL, 43, 44, 24, NULL),
(354, '7.	Health Status: •	Do you know of any health conditions, physical or mental that would impair the Practitioner’s ability to render quality patient care? (If Yes, explain)', 1, 1, 45, 48, 24, NULL),
(355, 'If YES, please explain:', 0, NULL, 46, 47, 24, NULL),
(356, '•	Is the Practitioner qualified and competent to perform the privileges/duties that are being requested? (If No, please explain)', 1, 2, 49, 52, 24, NULL),
(357, 'If NO, please explain:', 0, NULL, 50, 51, 24, NULL),
(358, 'Recommendation:', 2, NULL, 53, 54, 24, '[{\"complex\":0,\"value\":\"Recommend without reservation\"},{\"complex\":true,\"value\":\"Recommend with the following reservations\",\"additional\":\"Comments:\"},{\"complex\":true,\"value\":\"Do not recommend\",\"additional\":\"Comments:\"}]'),
(359, '1', 1, 1, 1, 4, 26, NULL),
(361, '3', 0, NULL, 5, 6, 26, NULL),
(364, '11.1.1.1.1.1', 0, NULL, 2, 3, 26, NULL),
(365, 'Ability to work with others:                Team Player:                     Willing to pitch in and help out:', 0, NULL, 19, 20, 1, NULL),
(366, 'Interaction with public, customers, patients and family members, etc.:', 0, NULL, 21, 22, 1, NULL),
(367, 'Quality of Work/Performance:                   Abilty to multi-task, handle stress, adapt to change:', 0, NULL, 23, 24, 1, NULL),
(368, 'Motivation/Energy Level:               Identify areas he/she goes above/beyond in:', 0, NULL, 25, 26, 1, NULL),
(369, 'Completion of tasks/Dependability:              Time management:                      Organizational skills:', 0, NULL, 27, 28, 1, NULL),
(370, 'Attendance/Punctuality:', 0, NULL, 29, 30, 1, NULL),
(371, 'Degree of Supervision Required:                Ability to learn new tasks:', 0, NULL, 31, 32, 1, NULL),
(372, 'Strengths:', 0, NULL, 33, 34, 1, NULL),
(373, 'Work Ethic/Trustworthiness:               Professionalism:                  Confidentiality:', 0, NULL, 35, 36, 1, NULL),
(374, 'Communication Skills:       Verbal/written documentation:', 0, 3, 1, 18, 27, NULL),
(375, 'Ability to work with others:                Team Player:                     Willing to pitch in and help out:', 0, NULL, 19, 20, 27, NULL),
(376, 'Interaction with public, customers, patients and family members, etc.:', 0, NULL, 21, 22, 27, NULL),
(377, 'Quality of Work/Performance:                   Abilty to multi-task, handle stress, adapt to change:', 0, NULL, 23, 24, 27, NULL),
(378, 'Motivation/Energy Level:               Identify areas he/she goes above/beyond in:', 0, NULL, 25, 26, 27, NULL),
(379, 'Completion of tasks/Dependability:              Time management:                      Organizational skills:', 0, NULL, 27, 28, 27, NULL),
(380, 'Attendance/Punctuality:', 0, NULL, 29, 30, 27, NULL),
(381, 'Degree of Supervision Required:                Ability to learn new tasks:', 0, NULL, 31, 32, 27, NULL),
(383, 'Work Ethic/Trustworthiness:               Professionalism:                  Confidentiality:', 0, NULL, 33, 34, 27, NULL),
(384, 'If Yes, Please Explain:', 0, NULL, 1, 10, 28, NULL),
(385, '2.	Interpersonal Skills: •	How does the practitioner interact with their patients, family members and staff? •	How does the practitioner show compassion and helpfulness to the patients and their families?', 0, NULL, 1, 10, 28, NULL),
(386, 'Mark all that apply:', 2, NULL, 10, 1, 28, '[{\"complex\":0,\"value\":\"Current Supervisor\"},{\"complex\":0,\"value\":\"Past Supervisor\"},{\"complex\":0,\"value\":\"Chief of Staff\"},{\"complex\":0,\"value\":\"Medical Director\"},{\"complex\":true,\"value\":\"Department Chair\",\"additional\":\"Department Name:\"},{\"complex\":true,\"value\":\"Division/Section Head\",\"additional\":\"Specialty Name:\"},{\"complex\":true,\"value\":\"Program Director\",\"additional\":\"Program/Program Specialty\"}]'),
(387, 'During the program has the applicant ever been subject to any type of disciplinary action, including, but not limited to suspension, probation, or termination?', 1, 1, 10, 11, 28, NULL),
(388, 'Do you know if the practitioner received any disciplinary action or counseling?', 1, 1, 10, 13, 28, NULL),
(389, 'If Yes, Please Explain:', 0, NULL, 11, 12, 28, NULL),
(390, '3.	Medical /Clinical Knowledge: •	What measure of medical knowledge does the practitioner possess in the medical specialty he/she is practicing? •	 How well does the applicant interact with customers, and the public?', 0, NULL, 11, 12, 28, NULL),
(391, 'Did the applicant successfully complete the program?', 1, 2, 12, 15, 28, NULL),
(392, 'If No, Please Explain:', 0, NULL, 13, 14, 28, NULL),
(393, '4.	Clinical Skills: •	How would you rate the practitioner’s clinical skills? •	How does the practitioner utilize teamwork to provide patient focused care?', 0, NULL, 13, 14, 28, NULL),
(394, 'If you were in a position to do so, would you hire this practitioner?', 1, 2, 14, 17, 28, NULL),
(395, 'If No, Please Explain:', 0, NULL, 15, 16, 28, NULL),
(396, '5.	Clinical Judgments: •	How would you describe the practitioner’s clinical judgment in the care of his/her patients? •	Does he/she understand and correctly interpret labs and other test results?', 0, NULL, 15, 16, 28, NULL),
(397, 'If yes, please indicate the program:', 2, NULL, 16, 17, 28, '[{\"complex\":0,\"value\":\"Internship\"},{\"complex\":0,\"value\":\"Residency\"},{\"complex\":0,\"value\":\"Fellowship\"}]'),
(398, 'Program Specialty:', 0, NULL, 17, 16, 28, NULL),
(399, 'Program Facility:', 0, NULL, 17, 16, 28, NULL),
(400, '6.	 Professionalism: •	Comment on the applicant’s professional conduct including respect of patient confidentiality.', 0, NULL, 17, 18, 28, NULL),
(401, 'Are you (or were you) the Practitioner’s Program Director?', 1, 1, 19, 20, 28, NULL),
(402, 'Are you (or were you) the Practitioner’s Supervising Physician?', 1, 1, 19, 20, 28, NULL),
(403, 'Recommendation:', 2, NULL, 20, 19, 28, '[{\"complex\":0,\"value\":\"Recommend without reservation\"},{\"complex\":true,\"value\":\"Recommend with the following reservations\",\"additional\":\"Comments:\"},{\"complex\":true,\"value\":\"Do not recommend\",\"additional\":\"Comments:\"}]'),
(412, 'Are you (or were you) the Practitioner’s Supervising Physician/Practitioner or Program Director?', 1, 1, 21, 32, 28, NULL),
(413, 'Mark all that apply:', 2, NULL, 22, 23, 28, '[{\"complex\":0,\"value\":\"Current Supervisor\"},{\"complex\":0,\"value\":\"Past Supervisor\"},{\"complex\":0,\"value\":\"Chief of Staff\"},{\"complex\":0,\"value\":\"Medical Director\"},{\"complex\":true,\"value\":\"Department Chair\",\"additional\":\"Department Name:\"},{\"complex\":true,\"value\":\"Division/Section Head\",\"additional\":\"Specialty Name:\"},{\"complex\":true,\"value\":\"Program Director\",\"additional\":\"Program/Specialty:\"}]'),
(414, 'Do you know if the Practitioner received any disciplinary action or counseling?', 1, 1, 24, 27, 28, NULL),
(415, 'If YES, please explain:', 0, NULL, 25, 26, 28, NULL),
(416, 'If you were in a position to do so, would you hire this Practitioner?', 1, 2, 28, 31, 28, NULL),
(417, 'If NO, please explain:', 0, NULL, 29, 30, 28, NULL),
(418, '1.	 Communication Skills: •	How would you describe the Practitioner’s communication skills: verbal and written? •	Does he/she document in the patient’s charts in a timely manner?', 0, NULL, 33, 34, 28, NULL),
(419, '2.	Interpersonal Skills: •	How does the Practitioner interact with their patients, family members and staff? •	How does the Practitioner show compassion and helpfulness to the patients and their families?', 0, NULL, 35, 36, 28, NULL),
(420, '3.	Medical /Clinical Knowledge: •	What measure of medical knowledge does the Practitioner possess in the medical specialty he/she is practicing? •	How well does the Practitioner interact with customers, and the public?', 0, NULL, 37, 38, 28, NULL),
(421, '4.	Clinical Skills: •	How would you rate the Practitioner’s clinical skills? •	How does the Practitioner utilize teamwork to provide patient focused care?', 0, NULL, 39, 40, 28, NULL),
(422, '5.	Clinical Judgments: •	How would you describe the Practitioner’s clinical judgment in the care of his/her patients? •	Does he/she understand and correctly interpret labs and other test results?', 0, NULL, 41, 42, 28, NULL),
(423, '6.	 Professionalism: •	Comment on the Practitioner’s professional conduct including respect of patient confidentiality.', 0, NULL, 43, 44, 28, NULL),
(424, '7.	Health Status: •	Do you know of any health conditions, physical or mental that would impair the Practitioner’s ability to render quality patient care? (If Yes, explain)', 1, 1, 45, 48, 28, NULL),
(425, 'If YES, please explain:', 0, NULL, 46, 47, 28, NULL),
(426, '•	Is the Practitioner qualified and competent to perform the privileges/duties that are being requested? (If No, please explain)', 1, 2, 49, 52, 28, NULL),
(427, 'If NO, please explain:', 0, NULL, 50, 51, 28, NULL),
(428, 'Recommendation:', 2, NULL, 53, 54, 28, '[{\"complex\":0,\"value\":\"Recommend without reservation\"},{\"complex\":true,\"value\":\"Recommend with the following reservations\",\"additional\":\"Comments:\"},{\"complex\":true,\"value\":\"Do not recommend\",\"additional\":\"Comments:\"}]'),
(430, 'If in a position to do so, would you hire the applicant?', 1, 2, 35, 38, 27, NULL),
(431, 'Why?', 0, NULL, 36, 37, 27, NULL),
(432, 'Communication Skills:       Verbal/written documentation:', 0, 3, 1, 18, 29, NULL),
(433, 'Ability to work with others:                Team Player:                     Willing to pitch in and help out:', 0, NULL, 19, 20, 29, NULL),
(434, 'Interaction with public, customers, patients and family members, etc.:', 0, NULL, 21, 22, 29, NULL),
(435, 'Quality of Work/Performance:                   Abilty to multi-task, handle stress, adapt to change:', 0, NULL, 23, 24, 29, NULL),
(436, 'Motivation/Energy Level:               Identify areas he/she goes above/beyond in:', 0, NULL, 25, 26, 29, NULL),
(437, 'Completion of tasks/Dependability:              Time management:                      Organizational skills:', 0, NULL, 27, 28, 29, NULL),
(438, 'Attendance/Punctuality:', 0, NULL, 29, 30, 29, NULL),
(439, 'Degree of Supervision Required:                Ability to learn new tasks:', 0, NULL, 31, 32, 29, NULL),
(440, 'Strengths:', 0, NULL, 33, 34, 29, NULL),
(441, 'Work Ethic/Trustworthiness:               Professionalism:                  Confidentiality:', 0, NULL, 35, 36, 29, NULL),
(442, 'Are you (or were you) the Practitioner’s Program Director?', 1, 1, 21, 36, 30, NULL),
(443, 'Program:', 2, NULL, 22, 23, 30, '[{\"complex\":0,\"value\":\"Internship\"},{\"complex\":0,\"value\":\"Residency\"},{\"complex\":0,\"value\":\"Fellowship\"}]'),
(444, 'Program:', 0, NULL, 24, 25, 30, NULL),
(445, 'Specialty:', 0, NULL, 26, 27, 30, NULL),
(446, 'During the program has the Practitioner ever been subject to any type of disciplinary action, including, but not limited to suspension, probation, or termination?', 1, 1, 28, 31, 30, NULL),
(447, 'If YES, please explain:', 0, NULL, 29, 30, 30, NULL),
(448, 'Did the Practitioner successfully complete the program?', 1, 2, 32, 35, 30, NULL),
(449, 'If NO, please explain:', 0, NULL, 33, 34, 30, NULL),
(450, 'Are you (or were you) the Practitioner’s Supervising Physician?', 1, 1, 37, 48, 30, NULL),
(451, 'Mark all that apply:', 2, NULL, 38, 39, 30, '[{\"complex\":0,\"value\":\"Current Supervisor\"},{\"complex\":0,\"value\":\"Past Supervisor\"},{\"complex\":0,\"value\":\"Chief of Staff\"},{\"complex\":0,\"value\":\"Medical Director\"},{\"complex\":true,\"value\":\"Department Chair\",\"additional\":\"Department Name:\"},{\"complex\":true,\"value\":\"Division/Section Head\",\"additional\":\"Specialty Name\"}]'),
(452, 'Do you know if the Practitioner received any disciplinary action or counseling?', 1, 1, 40, 43, 30, NULL),
(453, 'If YES, please explain:', 0, NULL, 41, 42, 30, NULL),
(454, 'If you were in a position to do so, would you hire this Practitioner?', 1, 2, 44, 47, 30, NULL),
(455, 'If NO, please explain:', 0, NULL, 45, 46, 30, NULL),
(456, '1.	 Communication Skills: •	How would you describe the Practitioner’s communication skills: verbal and written? •	Does he/she document in the patient’s charts in a timely manner?', 0, NULL, 49, 50, 30, NULL),
(457, '2.	Interpersonal Skills: •	How does the Practitioner interact with their patients, family members and staff? •	How does the Practitioner show compassion and helpfulness to the patients and their families?', 0, NULL, 51, 52, 30, NULL),
(458, '3.	Medical /Clinical Knowledge: •	What measure of medical knowledge does the Practitioner possess in the medical specialty he/she is practicing? •	How well does the Practitioner interact with customers, and the public?', 0, NULL, 53, 54, 30, NULL),
(459, '4.	Clinical Skills: •	How would you rate the Practitioner’s clinical skills? •	How does the Practitioner utilize teamwork to provide patient focused care?', 0, NULL, 55, 56, 30, NULL),
(460, '5.	Clinical Judgments: •	How would you describe the Practitioner’s clinical judgment in the care of his/her patients? •	Does he/she understand and correctly interpret labs and other test results?', 0, NULL, 57, 58, 30, NULL),
(461, '6.	 Professionalism: •	Comment on the Practitioner’s professional conduct including respect of patient confidentiality.', 0, NULL, 59, 60, 30, NULL),
(462, '7.	Health Status: •	Do you know of any health conditions, physical or mental that would impair the Practitioner’s ability to render quality patient care? (If Yes, explain)', 1, 1, 61, 64, 30, NULL),
(463, 'If YES, please explain:', 0, NULL, 62, 63, 30, NULL),
(464, '•	Is the Practitioner qualified and competent to perform the privileges/duties that are being requested? (If No, please explain)', 1, 2, 65, 68, 30, NULL),
(465, 'If NO, please explain:', 0, NULL, 66, 67, 30, NULL),
(466, 'Recommendation:', 2, NULL, 69, 70, 30, '[{\"complex\":0,\"value\":\"Recommend without reservation\"},{\"complex\":true,\"value\":\"Recommend with the following reservations\",\"additional\":\"Comments:\"},{\"complex\":true,\"value\":\"Do not recommend\",\"additional\":\"Comments:\"}]');
INSERT INTO `reference_form_questions` (`id`, `question`, `type`, `answer`, `lft`, `rgt`, `form_id`, `options`) VALUES
(468, 'Are you (or were you) the Practitioner’s Program Director?', 1, 1, 21, 36, 31, NULL),
(469, 'Program:', 2, NULL, 22, 23, 31, '[{\"complex\":0,\"value\":\"Internship\"},{\"complex\":0,\"value\":\"Residency\"},{\"complex\":0,\"value\":\"Fellowship\"}]'),
(470, 'Program:', 0, NULL, 24, 25, 31, NULL),
(471, 'Specialty:', 0, NULL, 26, 27, 31, NULL),
(472, 'During the program has the Practitioner ever been subject to any type of disciplinary action, including, but not limited to suspension, probation, or termination?', 1, 1, 28, 31, 31, NULL),
(473, 'If YES, please explain:', 0, NULL, 29, 30, 31, NULL),
(474, 'Did the Practitioner successfully complete the program?', 1, 2, 32, 35, 31, NULL),
(475, 'If NO, please explain:', 0, NULL, 33, 34, 31, NULL),
(476, 'Are you (or were you) the Practitioner’s Supervising Physician?', 1, 1, 37, 48, 31, NULL),
(477, 'Mark all that apply:', 2, NULL, 38, 39, 31, '[{\"complex\":0,\"value\":\"Current Supervisor\"},{\"complex\":0,\"value\":\"Past Supervisor\"},{\"complex\":0,\"value\":\"Chief of Staff\"},{\"complex\":0,\"value\":\"Medical Director\"},{\"complex\":true,\"value\":\"Department Chair\",\"additional\":\"Department Name:\"},{\"complex\":true,\"value\":\"Division/Section Head\",\"additional\":\"Specialty Name\"}]'),
(478, 'Do you know if the Practitioner received any disciplinary action or counseling?', 1, 1, 40, 43, 31, NULL),
(479, 'If YES, please explain:', 0, NULL, 41, 42, 31, NULL),
(480, 'If you were in a position to do so, would you hire this Practitioner?', 1, 2, 44, 47, 31, NULL),
(481, 'If NO, please explain:', 0, NULL, 45, 46, 31, NULL),
(482, '1.	 Communication Skills: •	How would you describe the Practitioner’s communication skills: verbal and written? •	Does he/she document in the patient’s charts in a timely manner?', 0, NULL, 49, 50, 31, NULL),
(483, '2.	Interpersonal Skills: •	How does the Practitioner interact with their patients, family members and staff? •	How does the Practitioner show compassion and helpfulness to the patients and their families?', 0, NULL, 51, 52, 31, NULL),
(484, '3.	Medical /Clinical Knowledge: •	What measure of medical knowledge does the Practitioner possess in the medical specialty he/she is practicing? •	How well does the Practitioner interact with customers, and the public?', 0, NULL, 53, 54, 31, NULL),
(485, '4.	Clinical Skills: •	How would you rate the Practitioner’s clinical skills? •	How does the Practitioner utilize teamwork to provide patient focused care?', 0, NULL, 55, 56, 31, NULL),
(486, '5.	Clinical Judgments: •	How would you describe the Practitioner’s clinical judgment in the care of his/her patients? •	Does he/she understand and correctly interpret labs and other test results?', 0, NULL, 57, 58, 31, NULL),
(487, '6.	 Professionalism: •	Comment on the Practitioner’s professional conduct including respect of patient confidentiality.', 0, NULL, 59, 60, 31, NULL),
(488, '7.	Health Status: •	Do you know of any health conditions, physical or mental that would impair the Practitioner’s ability to render quality patient care? (If Yes, explain)', 1, 1, 61, 64, 31, NULL),
(489, 'If YES, please explain:', 0, NULL, 62, 63, 31, NULL),
(490, '•	Is the Practitioner qualified and competent to perform the privileges/duties that are being requested? (If No, please explain)', 1, 2, 65, 68, 31, NULL),
(491, 'If NO, please explain:', 0, NULL, 66, 67, 31, NULL),
(492, 'Recommendation:', 2, NULL, 69, 70, 31, '[{\"complex\":0,\"value\":\"Recommend without reservation\"},{\"complex\":true,\"value\":\"Recommend with the following reservations\",\"additional\":\"Comments:\"},{\"complex\":true,\"value\":\"Do not recommend\",\"additional\":\"Comments:\"}]'),
(493, 'Communication Skills:       Verbal/written documentation:', 0, 3, 1, 18, 32, NULL),
(494, 'Ability to work with others:                Team Player:                     Willing to pitch in and help out:', 0, NULL, 19, 20, 32, NULL),
(495, 'Interaction with public, customers, patients and family members, etc.:', 0, NULL, 21, 22, 32, NULL),
(496, 'Quality of Work/Performance:                   Abilty to multi-task, handle stress, adapt to change:', 0, NULL, 23, 24, 32, NULL),
(497, 'Motivation/Energy Level:               Identify areas he/she goes above/beyond in:', 0, NULL, 25, 26, 32, NULL),
(498, 'Completion of tasks/Dependability:              Time management:                      Organizational skills:', 0, NULL, 27, 28, 32, NULL),
(499, 'Attendance/Punctuality:', 0, NULL, 29, 30, 32, NULL),
(500, 'Degree of Supervision Required:                Ability to learn new tasks:', 0, NULL, 31, 32, 32, NULL),
(501, 'Strengths:', 0, NULL, 33, 34, 32, NULL),
(502, 'Work Ethic/Trustworthiness:               Professionalism:                  Confidentiality:', 0, NULL, 35, 36, 32, NULL),
(503, 'ydtyiksdtyksxt', 0, NULL, 37, 38, 32, NULL);

-- --------------------------------------------------------

--
-- Estructura de tabla para la tabla `reference_questions_answers`
--

CREATE TABLE `reference_questions_answers` (
  `id` bigint(20) NOT NULL,
  `ref_id` int(10) UNSIGNED NOT NULL,
  `question_id` int(10) UNSIGNED NOT NULL,
  `answer` text NOT NULL
) ENGINE=InnoDB DEFAULT CHARSET=utf8;

--
-- Volcado de datos para la tabla `reference_questions_answers`
--

INSERT INTO `reference_questions_answers` (`id`, `ref_id`, `question_id`, `answer`) VALUES
(156, 15, 442, '2'),
(157, 15, 450, '2'),
(158, 15, 456, 'excellent'),
(159, 15, 457, 'excellent'),
(160, 15, 458, 'excellent'),
(161, 15, 459, 'excellent'),
(162, 15, 460, 'excellent'),
(163, 15, 461, 'excellent'),
(164, 15, 462, '2'),
(165, 15, 464, '1'),
(166, 15, 466, '[[\"1\"]]'),
(167, 11, 442, '2'),
(168, 11, 450, '2'),
(169, 11, 456, 'excellent'),
(170, 11, 457, 'exc'),
(171, 11, 458, 'exc'),
(172, 11, 459, 'exc'),
(173, 11, 460, 'exc'),
(174, 11, 461, 'exc'),
(175, 11, 462, '2'),
(176, 11, 464, '1'),
(177, 11, 466, '[[\"1\"]]'),
(181, 4, 428, '[[\"1\"],[\"1\",\"234\"]]'),
(190, 20, 442, '2'),
(191, 20, 450, '2'),
(193, 13, 430, '1'),
(204, 3, 198, '2'),
(205, 3, 199, '2'),
(206, 3, 213, 'vg rgq33rpgo gqpgeg'),
(207, 12, 457, 'weqerhyqeruqeruqeruqetujetuetuq'),
(208, 8, 442, '2'),
(209, 8, 450, '2'),
(210, 8, 456, 'grargwgfdfbebdafbafdbadfedfhb ug8ofo868g8g ihig gi8 gi8g i8g ig i8gi8 gi8 gg i8g g g gi gi gi gig ig ig ig iugi giug ii .'),
(211, 8, 462, '1'),
(212, 8, 464, '1'),
(213, 8, 466, '[[\"0\"],[\"0\"],[\"0\"]]'),
(214, 16, 365, 'asdf'),
(215, 16, 366, 'asdf'),
(216, 16, 367, 'asdf'),
(217, 16, 368, 'asdf'),
(218, 16, 370, 'asdf'),
(219, 16, 371, 'asdf');

-- --------------------------------------------------------

--
-- Estructura de tabla para la tabla `reference_verifications`
--

CREATE TABLE `reference_verifications` (
  `id` bigint(20) NOT NULL,
  `order_id` mediumint(9) DEFAULT NULL,
  `status` varchar(255) DEFAULT NULL,
  `type_id` char(1) DEFAULT NULL,
  `other_name` varchar(255) DEFAULT NULL,
  `fees` decimal(9,2) DEFAULT NULL,
  `is_flagged` char(1) DEFAULT NULL,
  `organization_name` varchar(255) DEFAULT NULL,
  `contact` varchar(255) DEFAULT NULL,
  `title` varchar(255) DEFAULT NULL,
  `department` varchar(255) DEFAULT NULL,
  `street_address1` varchar(255) DEFAULT NULL,
  `street_address2` varchar(255) DEFAULT NULL,
  `city` varchar(255) DEFAULT NULL,
  `state_id` varchar(255) DEFAULT NULL,
  `phone` varchar(255) DEFAULT NULL,
  `fax` varchar(255) DEFAULT NULL,
  `zip` varchar(255) DEFAULT NULL,
  `email` varchar(255) DEFAULT NULL,
  `reference_form_id` int(10) DEFAULT '1',
  `reference_prev_position` varchar(100) DEFAULT NULL,
  `reference_start_date` varchar(50) DEFAULT NULL,
  `reference_end_date` varchar(50) DEFAULT NULL,
  `reference_reason_for_leaving` varchar(255) DEFAULT NULL,
  `reference_salary` varchar(50) DEFAULT NULL,
  `reference_eligible_for_rehire` char(1) DEFAULT NULL,
  `reference_disciplinary_action` char(1) DEFAULT NULL,
  `reference_disciplinary_action_explanation` text,
  `resp_reference_prev_position` varchar(100) DEFAULT NULL,
  `resp_reference_start_date` varchar(50) DEFAULT NULL,
  `resp_reference_end_date` varchar(50) DEFAULT NULL,
  `resp_reference_reason_for_leaving` varchar(255) DEFAULT NULL,
  `resp_reference_salary` varchar(50) DEFAULT NULL,
  `resp_reference_eligible_for_rehire` char(1) DEFAULT NULL,
  `resp_reference_disciplinary_action` char(1) DEFAULT NULL,
  `resp_reference_disciplinary_action_explanation` text,
  `comments` text,
  `recruiter_notes` text,
  `file` varchar(255) DEFAULT NULL,
  `verified_by_src` varchar(255) DEFAULT NULL,
  `verified_by_emp` varchar(255) DEFAULT NULL,
  `verified_date` varchar(255) DEFAULT NULL,
  `verification_status` varchar(255) DEFAULT NULL,
  `employee` varchar(255) DEFAULT NULL,
  `last_update` varchar(255) DEFAULT NULL,
  `added_by_recruiter` char(1) DEFAULT NULL,
  `hard_copies_required` char(1) DEFAULT NULL,
  `employee_notes` text,
  `prof_relationship_id` varchar(10) DEFAULT NULL,
  `prof_date_from` varchar(50) DEFAULT NULL,
  `prof_date_to` varchar(50) DEFAULT NULL,
  `prof_self_title` varchar(100) DEFAULT NULL,
  `reference_eligible_for_rehire_explanation` text,
  `is_rush` char(1) DEFAULT NULL,
  `created_at` datetime DEFAULT NULL
) ENGINE=MyISAM DEFAULT CHARSET=latin1;

--
-- Volcado de datos para la tabla `reference_verifications`
--

INSERT INTO `reference_verifications` (`id`, `order_id`, `status`, `type_id`, `other_name`, `fees`, `is_flagged`, `organization_name`, `contact`, `title`, `department`, `street_address1`, `street_address2`, `city`, `state_id`, `phone`, `fax`, `zip`, `email`, `reference_form_id`, `reference_prev_position`, `reference_start_date`, `reference_end_date`, `reference_reason_for_leaving`, `reference_salary`, `reference_eligible_for_rehire`, `reference_disciplinary_action`, `reference_disciplinary_action_explanation`, `resp_reference_prev_position`, `resp_reference_start_date`, `resp_reference_end_date`, `resp_reference_reason_for_leaving`, `resp_reference_salary`, `resp_reference_eligible_for_rehire`, `resp_reference_disciplinary_action`, `resp_reference_disciplinary_action_explanation`, `comments`, `recruiter_notes`, `file`, `verified_by_src`, `verified_by_emp`, `verified_date`, `verification_status`, `employee`, `last_update`, `added_by_recruiter`, `hard_copies_required`, `employee_notes`, `prof_relationship_id`, `prof_date_from`, `prof_date_to`, `prof_self_title`, `reference_eligible_for_rehire_explanation`, `is_rush`, `created_at`) VALUES
(1, 141212, NULL, '1', NULL, NULL, NULL, '0', NULL, NULL, NULL, NULL, NULL, NULL, NULL, NULL, NULL, NULL, NULL, 28, NULL, NULL, NULL, NULL, NULL, NULL, NULL, NULL, NULL, NULL, NULL, NULL, NULL, NULL, NULL, NULL, NULL, NULL, NULL, NULL, NULL, NULL, NULL, 'Kim Ulrich', '2017-07-20T11:55:37-04:00', NULL, NULL, NULL, NULL, NULL, NULL, NULL, NULL, NULL, '2017-07-20 11:55:37'),
(2, 141212, NULL, '1', NULL, NULL, NULL, '0', NULL, NULL, NULL, NULL, NULL, NULL, NULL, NULL, NULL, NULL, NULL, 28, NULL, NULL, NULL, NULL, NULL, NULL, NULL, NULL, NULL, NULL, NULL, NULL, NULL, NULL, NULL, NULL, NULL, NULL, NULL, NULL, NULL, NULL, NULL, 'Kim Ulrich', '2017-07-14T12:44:50-04:00', NULL, NULL, NULL, NULL, NULL, NULL, NULL, NULL, NULL, '2017-07-14 12:44:50'),
(3, 141201, 'CO', '1', NULL, NULL, NULL, '0', 'eaehefhERH', 'WRGWRGWRHWRHWRH', NULL, NULL, NULL, NULL, NULL, NULL, NULL, NULL, 'shfdh@fhsfdhedf.com', 3, NULL, NULL, NULL, NULL, NULL, NULL, NULL, NULL, NULL, NULL, NULL, NULL, NULL, NULL, NULL, NULL, '1', '2', NULL, NULL, NULL, NULL, NULL, 'Stephanie Gorecki', '2018-04-11T12:32:51-04:00', NULL, NULL, '3', 'PLR', '2017-12-31T05:00:00.000Z', '2018-01-29T05:00:00.000Z', 'OIGOIUGO', NULL, NULL, '2017-07-28 10:14:24'),
(4, 141192, NULL, '0', NULL, NULL, NULL, '123', 'Tina Sgedheh', NULL, NULL, NULL, NULL, NULL, NULL, NULL, NULL, NULL, 'hadjhae@fhjsrh.com', 28, NULL, NULL, NULL, NULL, NULL, NULL, NULL, NULL, NULL, NULL, NULL, NULL, NULL, NULL, NULL, NULL, NULL, NULL, NULL, NULL, NULL, NULL, NULL, 'Kim Ulrich', '2018-01-29T13:57:12-05:00', NULL, NULL, NULL, NULL, NULL, NULL, NULL, NULL, NULL, '2017-07-28 10:15:51'),
(6, 141213, 'CO', '0', NULL, NULL, NULL, '0', NULL, NULL, NULL, NULL, NULL, NULL, NULL, NULL, NULL, NULL, NULL, 28, NULL, NULL, NULL, NULL, NULL, NULL, NULL, NULL, NULL, NULL, NULL, NULL, NULL, NULL, NULL, NULL, NULL, NULL, NULL, NULL, NULL, NULL, NULL, 'Pablo Bertran', '2018-04-24T11:26:49-04:00', NULL, NULL, NULL, NULL, NULL, NULL, NULL, NULL, NULL, '2017-09-07 09:57:42'),
(33, 141228, 'IP', '1', NULL, NULL, NULL, 'trc', NULL, NULL, NULL, NULL, NULL, NULL, NULL, NULL, NULL, NULL, NULL, 1, NULL, NULL, NULL, NULL, NULL, NULL, NULL, NULL, NULL, NULL, NULL, NULL, NULL, NULL, NULL, NULL, NULL, NULL, NULL, NULL, NULL, NULL, NULL, 'Stephanie Gorecki', '2018-03-28T13:35:58-04:00', NULL, NULL, NULL, NULL, NULL, NULL, NULL, NULL, NULL, '2018-03-28 13:35:28'),
(8, 141214, 'CO', '1', NULL, NULL, NULL, '0', 'Reference Person', NULL, NULL, NULL, NULL, NULL, NULL, NULL, NULL, NULL, NULL, 30, NULL, NULL, NULL, NULL, NULL, '1', '0', NULL, NULL, NULL, NULL, NULL, NULL, NULL, NULL, NULL, NULL, NULL, NULL, NULL, 'Kim Ulrich', '2017-09-07T19:19:10.624Z', NULL, 'Pablo Bertran', '2018-04-18T12:20:50-04:00', NULL, NULL, NULL, NULL, NULL, NULL, NULL, NULL, NULL, '2017-10-26 10:46:38'),
(9, 141215, 'IP', '0', NULL, NULL, NULL, '0', NULL, NULL, NULL, NULL, NULL, NULL, NULL, NULL, NULL, NULL, NULL, 30, NULL, NULL, NULL, NULL, NULL, NULL, NULL, NULL, NULL, NULL, NULL, NULL, NULL, NULL, NULL, NULL, NULL, NULL, NULL, NULL, NULL, NULL, NULL, 'Kim Ulrich', '2017-09-07T15:38:46-04:00', NULL, NULL, NULL, NULL, NULL, NULL, NULL, NULL, NULL, '2017-09-07 15:38:46'),
(10, 141215, 'IP', '0', NULL, NULL, NULL, '0', NULL, NULL, NULL, NULL, NULL, NULL, NULL, NULL, NULL, NULL, NULL, 30, NULL, NULL, NULL, NULL, NULL, NULL, NULL, NULL, NULL, NULL, NULL, NULL, NULL, NULL, NULL, NULL, NULL, NULL, NULL, NULL, NULL, NULL, NULL, 'Kim Ulrich', '2017-09-07T15:39:02-04:00', NULL, NULL, NULL, NULL, NULL, NULL, NULL, NULL, NULL, '2017-09-07 15:39:02'),
(11, 141216, 'CO', '0', NULL, NULL, NULL, '0', 'Thomas Smith', 'Supervisor', NULL, NULL, NULL, 'Orange', 'FL', '(586) 222-5678', NULL, NULL, NULL, 30, 'MD', '01/2005', 'Present', 'N/A', NULL, NULL, NULL, NULL, 'MD', '01/2005', 'Present', 'N/A', NULL, NULL, NULL, NULL, NULL, NULL, NULL, NULL, 'Kim Ulrich', '2018-01-22T14:44:44.653Z', NULL, 'Kim Ulrich', '2018-01-22T09:45:07-05:00', NULL, NULL, NULL, NULL, NULL, NULL, NULL, NULL, NULL, '2017-09-08 15:14:22'),
(12, 141216, 'IP', '1', NULL, NULL, NULL, '0', 'Daniel Roberts', 'DO', NULL, NULL, NULL, 'Lapeer', 'MI', '(248) 378-7689', NULL, NULL, 'danielroberts@medical-center.org', 30, NULL, NULL, NULL, NULL, NULL, NULL, NULL, NULL, NULL, NULL, NULL, NULL, NULL, NULL, NULL, NULL, NULL, NULL, NULL, NULL, NULL, NULL, NULL, 'Stephanie Gorecki', '2018-04-11T12:42:53-04:00', NULL, NULL, NULL, NULL, NULL, NULL, NULL, NULL, NULL, '2017-09-08 15:30:42'),
(13, 141207, 'OIR', '0', NULL, NULL, NULL, '0', NULL, NULL, NULL, NULL, NULL, NULL, NULL, NULL, NULL, NULL, NULL, 27, NULL, NULL, NULL, NULL, NULL, NULL, NULL, NULL, NULL, NULL, NULL, NULL, NULL, NULL, NULL, NULL, NULL, NULL, NULL, NULL, NULL, NULL, NULL, 'Kim Ulrich', '2018-03-20T12:25:12-04:00', NULL, NULL, NULL, NULL, NULL, NULL, NULL, NULL, NULL, '2017-09-17 16:55:15'),
(14, 141218, 'IP', '1', NULL, NULL, NULL, '0', 'Tina Johnson', 'RN Supervisor', NULL, NULL, NULL, 'Detroit', 'MI', '586-111-2222', NULL, NULL, 'email@emailme.com', 28, NULL, NULL, NULL, NULL, NULL, NULL, NULL, NULL, NULL, NULL, NULL, NULL, NULL, NULL, NULL, NULL, NULL, NULL, NULL, NULL, 'Kim Ulrich', '2018-01-22T14:30:59.344Z', NULL, 'Pablo Bertran', '2018-06-08T13:51:34-04:00', NULL, NULL, NULL, NULL, NULL, NULL, NULL, NULL, NULL, '2017-09-29 10:20:32'),
(15, 141214, 'CO', '1', NULL, NULL, NULL, '0', 'Amy Jones', 'DON', NULL, NULL, NULL, 'Detroit', 'MI', '586-555-8888', NULL, NULL, 'ajones54798@hfhs.org', 30, NULL, NULL, NULL, NULL, NULL, NULL, NULL, NULL, NULL, NULL, NULL, NULL, NULL, NULL, NULL, NULL, 'Great person. Loved working with her.', NULL, NULL, NULL, 'Kim Ulrich', '2017-10-26T16:14:45.640Z', NULL, 'Kim Ulrich', '2017-10-26T12:27:51-04:00', NULL, NULL, NULL, 'SLR', NULL, NULL, NULL, NULL, NULL, '2017-10-26 12:27:51'),
(16, 141214, 'IP', '0', NULL, NULL, NULL, '0', 'Tina Smith', NULL, NULL, NULL, NULL, NULL, 'MI', '586-111-2222', NULL, NULL, 'tinaleesmith787897@yahoo.com', 1, 'RN', '2010', '2014', 'Voluntary', NULL, NULL, NULL, NULL, NULL, NULL, NULL, NULL, NULL, NULL, NULL, NULL, NULL, NULL, NULL, NULL, NULL, NULL, NULL, 'Pablo Bertran', '2018-05-29T11:43:22-04:00', NULL, NULL, NULL, NULL, NULL, NULL, NULL, NULL, NULL, '2017-10-26 11:31:54'),
(17, 141208, 'CO', '0', NULL, NULL, NULL, '0', 'professional', NULL, NULL, NULL, NULL, NULL, NULL, NULL, NULL, NULL, NULL, 30, NULL, NULL, NULL, NULL, NULL, NULL, NULL, NULL, NULL, NULL, NULL, NULL, NULL, NULL, NULL, NULL, NULL, NULL, NULL, NULL, NULL, NULL, NULL, 'Kim Ulrich', '2018-02-19T14:39:34-05:00', NULL, NULL, NULL, NULL, NULL, NULL, NULL, NULL, NULL, '2018-01-22 12:27:18'),
(18, 141218, 'IP', '0', NULL, NULL, NULL, NULL, NULL, NULL, NULL, NULL, NULL, NULL, NULL, NULL, NULL, NULL, NULL, 1, NULL, NULL, NULL, NULL, NULL, NULL, NULL, NULL, NULL, NULL, NULL, NULL, NULL, NULL, NULL, NULL, NULL, NULL, NULL, NULL, NULL, NULL, NULL, 'Kim Ulrich', '2018-01-29T10:30:30-05:00', NULL, NULL, NULL, NULL, NULL, NULL, NULL, NULL, NULL, '2018-01-29 10:30:30'),
(19, 141220, 'IP', '0', NULL, NULL, NULL, '0', 'Jim Jon', NULL, NULL, NULL, NULL, NULL, NULL, NULL, NULL, NULL, NULL, 1, NULL, NULL, NULL, NULL, NULL, NULL, NULL, NULL, NULL, NULL, NULL, NULL, NULL, NULL, NULL, NULL, NULL, NULL, NULL, NULL, NULL, NULL, NULL, 'Kim Ulrich', '2018-01-29T11:33:38-05:00', NULL, NULL, NULL, NULL, NULL, NULL, NULL, NULL, NULL, '2018-01-29 11:33:29'),
(20, 141213, 'IP', '1', NULL, NULL, NULL, '0', 'haehaehaerh', NULL, NULL, NULL, NULL, NULL, NULL, NULL, NULL, NULL, 'fdafhdfhdfh@iref.com', 30, NULL, NULL, NULL, NULL, NULL, NULL, NULL, NULL, NULL, NULL, NULL, NULL, NULL, NULL, NULL, NULL, NULL, NULL, NULL, NULL, NULL, NULL, NULL, 'Kim Ulrich', '2018-01-29T15:19:58-05:00', NULL, NULL, NULL, 'PLR', '2017-09-18T04:00:00.000Z', NULL, 'tugib', NULL, NULL, '2018-01-29 13:59:38'),
(21, 141222, 'IP', '0', NULL, NULL, NULL, '0', 'Tim Gojhoiwhd', 'Supr', NULL, NULL, NULL, NULL, 'Michigan', NULL, NULL, NULL, NULL, 1, 'TH', '01/2012', 'Present', 'N/A', NULL, NULL, NULL, NULL, NULL, NULL, NULL, NULL, NULL, NULL, NULL, NULL, NULL, NULL, NULL, NULL, NULL, NULL, NULL, 'Kim Ulrich', '2018-01-29T15:48:52-05:00', NULL, NULL, NULL, NULL, NULL, NULL, NULL, NULL, NULL, '2018-01-29 15:48:52'),
(22, 141222, 'IP', '0', NULL, NULL, NULL, NULL, NULL, NULL, NULL, NULL, NULL, NULL, NULL, NULL, NULL, NULL, NULL, 1, NULL, NULL, NULL, NULL, NULL, NULL, NULL, NULL, NULL, NULL, NULL, NULL, NULL, NULL, NULL, NULL, NULL, NULL, NULL, NULL, NULL, NULL, NULL, 'Grigor Ambrumyan', '2018-01-29T16:14:39-05:00', NULL, NULL, NULL, NULL, NULL, NULL, NULL, NULL, NULL, '2018-01-29 16:14:39'),
(23, 141222, 'IP', '0', NULL, NULL, NULL, 'sfsdfd', NULL, NULL, NULL, NULL, NULL, NULL, NULL, NULL, NULL, NULL, NULL, 1, NULL, NULL, NULL, NULL, NULL, NULL, NULL, NULL, NULL, NULL, NULL, NULL, NULL, NULL, NULL, NULL, NULL, NULL, NULL, NULL, NULL, NULL, NULL, 'Grigor Ambrumyan', '2018-01-29T16:20:51-05:00', NULL, NULL, NULL, NULL, NULL, NULL, NULL, NULL, NULL, '2018-01-29 16:18:45'),
(24, 141201, 'DP', '1', NULL, NULL, NULL, 'HFHS', 'Tina Townsend', NULL, NULL, NULL, NULL, NULL, NULL, NULL, NULL, NULL, 'tinatownsend@yahoo.com', 30, NULL, NULL, NULL, NULL, NULL, NULL, NULL, NULL, NULL, NULL, NULL, NULL, NULL, NULL, NULL, NULL, NULL, NULL, NULL, NULL, NULL, NULL, NULL, 'Stephanie Gorecki', '2018-04-11T12:33:19-04:00', NULL, NULL, NULL, NULL, NULL, NULL, NULL, NULL, NULL, '2018-02-05 09:13:47'),
(25, 141201, 'CL', '0', NULL, NULL, NULL, 'HFHS', 'Jon Jones', NULL, NULL, NULL, NULL, NULL, 'MI', NULL, NULL, NULL, 'jjones5@hfhs.org', 30, NULL, NULL, NULL, NULL, NULL, NULL, NULL, NULL, NULL, NULL, NULL, NULL, NULL, NULL, NULL, NULL, NULL, NULL, NULL, NULL, NULL, NULL, NULL, 'Stephanie Gorecki', '2018-04-11T12:33:31-04:00', NULL, NULL, NULL, NULL, NULL, NULL, NULL, NULL, NULL, '2018-02-05 09:17:52'),
(26, 141201, 'OIR', '1', NULL, NULL, NULL, 'Professional Reference', 'Tim Ransom', NULL, NULL, NULL, NULL, NULL, 'MI', NULL, NULL, NULL, 'tim.ransom@hotmail.com', 30, NULL, NULL, NULL, NULL, NULL, NULL, NULL, NULL, NULL, NULL, NULL, NULL, NULL, NULL, NULL, NULL, NULL, NULL, NULL, NULL, NULL, NULL, NULL, 'Stephanie Gorecki', '2018-04-09T15:12:37-04:00', '1', NULL, NULL, 'PLR', NULL, NULL, NULL, NULL, NULL, '2018-02-05 09:19:16'),
(27, 141223, 'IP', '0', NULL, NULL, NULL, 'HFHS', 'Tim Jones', NULL, NULL, NULL, NULL, NULL, 'MI', NULL, NULL, NULL, 'tim.jones@yahoo.com', 27, 'Nurse', '01/2012', 'Present', 'N/A', NULL, NULL, NULL, NULL, NULL, NULL, NULL, NULL, NULL, NULL, NULL, NULL, NULL, NULL, NULL, NULL, NULL, NULL, NULL, 'Kim Ulrich', '2018-02-05T14:50:01-05:00', NULL, NULL, NULL, NULL, NULL, NULL, NULL, NULL, NULL, '2018-02-05 14:50:01'),
(28, 141223, 'CO', '1', NULL, NULL, NULL, 'Professional Reference', 'Anthony Jobs', NULL, NULL, NULL, NULL, NULL, 'OH', NULL, NULL, NULL, 'ajob4787@gmail.com', 27, NULL, NULL, NULL, NULL, NULL, NULL, NULL, NULL, NULL, NULL, NULL, NULL, NULL, NULL, NULL, NULL, NULL, NULL, NULL, NULL, NULL, NULL, NULL, 'Stephanie Gorecki', '2018-04-11T10:38:18-04:00', NULL, NULL, NULL, 'PLR', NULL, NULL, NULL, NULL, NULL, '2018-02-05 14:53:27'),
(29, 141224, 'IP', '1', NULL, NULL, NULL, 'Professional Reference', 'Kathy Jones', NULL, NULL, NULL, NULL, NULL, NULL, NULL, NULL, NULL, NULL, 4, NULL, NULL, NULL, NULL, NULL, NULL, NULL, NULL, NULL, NULL, NULL, NULL, NULL, NULL, NULL, NULL, NULL, NULL, NULL, NULL, NULL, NULL, NULL, 'Kim Ulrich', '2018-04-10T15:47:48-04:00', NULL, NULL, NULL, NULL, NULL, NULL, NULL, NULL, NULL, '2018-02-19 12:31:26'),
(31, 141227, 'IP', '1', NULL, NULL, NULL, 'Professional Reference', 'Thomas Jones', NULL, NULL, NULL, NULL, NULL, NULL, NULL, NULL, NULL, NULL, 30, NULL, NULL, NULL, NULL, NULL, NULL, NULL, NULL, NULL, NULL, NULL, NULL, NULL, NULL, NULL, NULL, NULL, NULL, NULL, NULL, NULL, NULL, NULL, 'Kim Ulrich', '2018-03-12T13:20:40-04:00', NULL, NULL, NULL, NULL, NULL, NULL, NULL, NULL, NULL, '2018-03-12 13:20:40'),
(32, 141228, 'IP', '1', NULL, NULL, NULL, 'Professional Reference', 'Jenna Foty', NULL, NULL, NULL, NULL, NULL, NULL, '248-947-8978', NULL, NULL, NULL, 1, NULL, NULL, NULL, NULL, NULL, NULL, NULL, NULL, NULL, NULL, NULL, NULL, NULL, NULL, NULL, NULL, NULL, NULL, NULL, NULL, NULL, NULL, NULL, 'Jenna Foty', '2018-03-20T15:15:32-04:00', NULL, NULL, NULL, 'PIP', '2018-03-23T04:00:00.000Z', '2018-05-17T04:00:00.000Z', 'Medical Assistant', NULL, NULL, '2018-03-20 15:12:28'),
(34, 141210, 'CO', '0', 'asdfasd', NULL, '1', 'asdf', 'asdfasdf', 'asdfasdf', 'asdfasdf', '123asdf', 'asdfasdf', 'asdfasdfasdf', 'asd', '1231231231', '123123123', '12312', 'asdf@asdf.net', 30, NULL, NULL, NULL, NULL, NULL, '0', '1', 'asdf', NULL, NULL, NULL, NULL, NULL, NULL, NULL, NULL, NULL, NULL, NULL, NULL, 'Pablo Bertran', '2018-05-30T19:28:18.507Z', NULL, 'Pablo Bertran', '2018-05-30T15:35:26-04:00', NULL, NULL, NULL, NULL, NULL, NULL, NULL, 'asdf', NULL, '2018-04-04 10:59:15'),
(36, 141213, 'IP', '0', NULL, NULL, NULL, NULL, NULL, NULL, NULL, NULL, NULL, NULL, NULL, NULL, NULL, NULL, NULL, 30, NULL, NULL, NULL, NULL, NULL, NULL, NULL, NULL, NULL, NULL, NULL, NULL, NULL, NULL, NULL, NULL, NULL, NULL, NULL, NULL, NULL, NULL, NULL, 'Pablo Bertran', '2018-04-24T11:33:33-04:00', NULL, NULL, NULL, NULL, NULL, NULL, NULL, NULL, NULL, '2018-04-24 11:33:33');

-- --------------------------------------------------------

--
-- Estructura de tabla para la tabla `releases`
--

CREATE TABLE `releases` (
  `id` int(10) UNSIGNED NOT NULL,
  `application_id` int(10) UNSIGNED NOT NULL,
  `education_type` char(2) DEFAULT NULL,
  `education_date` char(7) DEFAULT NULL,
  `education_name` varchar(100) DEFAULT NULL,
  `education_school` varchar(100) DEFAULT NULL,
  `education_city` varchar(100) DEFAULT NULL,
  `education_state_id` char(2) DEFAULT NULL,
  `education_country_id` char(2) DEFAULT NULL,
  `education_state_import` varchar(100) DEFAULT NULL,
  `other_names` varchar(255) DEFAULT NULL,
  `do_not_contact_employer_expl` varchar(500) DEFAULT NULL,
  `driver_license_number` varchar(50) DEFAULT NULL,
  `driver_license_state_id` char(2) DEFAULT NULL,
  `driver_license_country_id` char(2) DEFAULT NULL,
  `driver_license_state_import` varchar(100) DEFAULT NULL,
  `email` varchar(100) DEFAULT NULL,
  `phone_number` varchar(50) DEFAULT NULL,
  `phone_type` char(1) DEFAULT NULL,
  `signature` varchar(100) DEFAULT NULL,
  `ts` timestamp NOT NULL DEFAULT CURRENT_TIMESTAMP
) ENGINE=InnoDB DEFAULT CHARSET=utf8;

--
-- Volcado de datos para la tabla `releases`
--

INSERT INTO `releases` (`id`, `application_id`, `education_type`, `education_date`, `education_name`, `education_school`, `education_city`, `education_state_id`, `education_country_id`, `education_state_import`, `other_names`, `do_not_contact_employer_expl`, `driver_license_number`, `driver_license_state_id`, `driver_license_country_id`, `driver_license_state_import`, `email`, `phone_number`, `phone_type`, `signature`, `ts`) VALUES
(21270, 29363, 'NR', NULL, NULL, NULL, NULL, NULL, NULL, NULL, NULL, NULL, NULL, NULL, NULL, NULL, NULL, '5862258057', 'M', 'Test Name', '2016-05-31 13:08:25'),
(21271, 29365, 'HS', '1991-06', 'Test', 'JGHS', 'Bay City', 'MI', 'US', NULL, NULL, NULL, NULL, NULL, NULL, NULL, NULL, '5862296550', 'M', 'Test Name', '2016-10-26 14:01:47'),
(21274, 29368, 'NR', NULL, NULL, NULL, NULL, NULL, NULL, NULL, NULL, NULL, NULL, NULL, NULL, NULL, NULL, '5862286550', 'M', 'Test Name', '2016-11-15 21:24:49'),
(21275, 29369, 'NR', NULL, NULL, NULL, NULL, NULL, NULL, NULL, NULL, NULL, NULL, NULL, NULL, NULL, NULL, '5862286550', 'M', 'Test Name', '2016-11-15 21:26:45'),
(21276, 29370, 'NR', NULL, NULL, NULL, NULL, NULL, NULL, NULL, NULL, NULL, NULL, NULL, NULL, NULL, NULL, '2588596585', 'M', 'Test MD', '2016-11-16 14:29:05'),
(21277, 29371, NULL, NULL, NULL, NULL, NULL, NULL, NULL, NULL, NULL, NULL, NULL, NULL, NULL, NULL, NULL, '45454545454', 'M', 'asdfsdf', '2016-11-17 11:38:47'),
(21279, 29378, 'NR', NULL, NULL, NULL, NULL, NULL, NULL, NULL, NULL, NULL, NULL, NULL, NULL, NULL, NULL, '1255896589', 'M', 'Test Jan18', '2017-01-18 17:17:23'),
(21281, 29381, 'NR', NULL, NULL, NULL, NULL, NULL, NULL, NULL, NULL, NULL, NULL, NULL, NULL, NULL, NULL, '1115558596', 'M', 'Test Name', '2017-03-02 19:46:26'),
(21283, 29383, 'HS', '1991-06', 'Dalton', 'John Glenn HS', 'Bay City', 'MI', 'US', NULL, 'Dalton', NULL, 'U676580239o79', 'MI', 'US', NULL, 'kulrich22@gmail.com', '5862296197', 'M', 'Kimberly Ulrich', '2017-09-29 13:45:29'),
(21284, 29384, 'NR', NULL, NULL, NULL, NULL, NULL, NULL, NULL, NULL, NULL, NULL, NULL, NULL, NULL, NULL, '5555555555', 'M', 'Test Name', '2018-02-08 18:20:24'),
(21285, 29386, 'NR', NULL, NULL, NULL, NULL, NULL, NULL, NULL, NULL, NULL, NULL, NULL, NULL, NULL, NULL, '5862296197', 'M', 'oihpihph', '2018-02-20 03:12:53');

-- --------------------------------------------------------

--
-- Estructura de tabla para la tabla `release_other_names`
--

CREATE TABLE `release_other_names` (
  `release_residence_id` tinyint(3) UNSIGNED NOT NULL,
  `release_id` int(10) UNSIGNED NOT NULL,
  `name` varchar(100) NOT NULL,
  `date_from` char(7) DEFAULT NULL,
  `date_to` char(7) DEFAULT NULL
) ENGINE=InnoDB DEFAULT CHARSET=utf8;

-- --------------------------------------------------------

--
-- Estructura de tabla para la tabla `release_residences`
--

CREATE TABLE `release_residences` (
  `id` tinyint(3) UNSIGNED NOT NULL,
  `release_id` int(10) UNSIGNED NOT NULL,
  `city` varchar(100) NOT NULL,
  `state_id` char(2) DEFAULT NULL,
  `country_id` char(2) DEFAULT NULL,
  `state_import` varchar(100) DEFAULT NULL,
  `date` char(7) DEFAULT NULL
) ENGINE=InnoDB DEFAULT CHARSET=utf8;

--
-- Volcado de datos para la tabla `release_residences`
--

INSERT INTO `release_residences` (`id`, `release_id`, `city`, `state_id`, `country_id`, `state_import`, `date`) VALUES
(0, 21270, 'Utica', 'MI', 'US', NULL, '2000-01'),
(0, 21271, 'Utica', 'MI', 'US', NULL, '2000-01'),
(0, 21274, 'Utica', 'MI', 'US', NULL, '2006-01'),
(0, 21275, 'Utica', 'MI', 'US', NULL, '2006-01'),
(0, 21276, 'Test', 'MI', 'US', NULL, '2000-01'),
(0, 21277, 'adsfasd', 'AZ', 'US', NULL, '2007-02'),
(0, 21279, 'Utica', 'MI', 'US', NULL, '2000-06'),
(0, 21281, 'Utica', 'MI', 'US', NULL, '2000-01'),
(0, 21283, 'Utica', 'MI', 'US', NULL, '2006-09'),
(0, 21284, 'Utica', 'MI', 'US', NULL, '1991-06'),
(0, 21285, 'utca', 'MI', 'US', NULL, '2006-01');

-- --------------------------------------------------------

--
-- Estructura de tabla para la tabla `replacements`
--

CREATE TABLE `replacements` (
  `id` int(10) NOT NULL,
  `is_active` tinyint(1) DEFAULT NULL,
  `replacements` text,
  `organization_id` int(10) DEFAULT NULL
) ENGINE=InnoDB DEFAULT CHARSET=utf8;

--
-- Volcado de datos para la tabla `replacements`
--

INSERT INTO `replacements` (`id`, `is_active`, `replacements`, `organization_id`) VALUES
(1, 1, '[\"drug_testing\",\"malpractice\"]', 18),
(2, 1, '[\"academic\",\"lrc\"]', 18),
(3, 1, '[\"lrc\",\"academic\"]', 106),
(4, 1, '[\"lrc\",\"academic\"]', 14),
(5, 1, '[\"academic\",\"lrc\"]', 110);

-- --------------------------------------------------------

--
-- Estructura de tabla para la tabla `rv_custom_form_answers`
--

CREATE TABLE `rv_custom_form_answers` (
  `id` bigint(20) NOT NULL,
  `verifiction_id` bigint(20) NOT NULL,
  `question_id` bigint(20) NOT NULL,
  `answer` text
) ENGINE=MyISAM DEFAULT CHARSET=latin1;

-- --------------------------------------------------------

--
-- Estructura de tabla para la tabla `schools`
--

CREATE TABLE `schools` (
  `id` int(10) UNSIGNED NOT NULL,
  `name` varchar(100) DEFAULT NULL,
  `street_address1` varchar(100) DEFAULT NULL,
  `street_address2` varchar(100) DEFAULT NULL,
  `city` varchar(100) DEFAULT NULL,
  `state_id` char(2) DEFAULT NULL,
  `zip` varchar(10) DEFAULT NULL,
  `country_id` char(2) DEFAULT NULL,
  `phone` varchar(50) DEFAULT NULL,
  `fax` varchar(50) DEFAULT NULL,
  `email` varchar(100) DEFAULT NULL,
  `website` varchar(100) DEFAULT NULL,
  `contact_name` varchar(100) DEFAULT NULL,
  `is_contact_mail` char(1) DEFAULT NULL,
  `is_contact_phone` char(1) DEFAULT NULL,
  `is_contact_fax` char(1) DEFAULT NULL,
  `is_contact_email` char(1) DEFAULT NULL,
  `is_online` char(1) DEFAULT NULL,
  `is_nsc` char(1) DEFAULT NULL,
  `notes` text,
  `instructions` text,
  `fee` decimal(6,2) DEFAULT NULL,
  `is_active` char(1) DEFAULT NULL
) ENGINE=InnoDB DEFAULT CHARSET=utf8;

--
-- Volcado de datos para la tabla `schools`
--

INSERT INTO `schools` (`id`, `name`, `street_address1`, `street_address2`, `city`, `state_id`, `zip`, `country_id`, `phone`, `fax`, `email`, `website`, `contact_name`, `is_contact_mail`, `is_contact_phone`, `is_contact_fax`, `is_contact_email`, `is_online`, `is_nsc`, `notes`, `instructions`, `fee`, `is_active`) VALUES
(1, 'Allen Park HS', NULL, NULL, 'Allen Park', 'MI', NULL, 'US', '3138271236', '3138271237', NULL, '', 'Student Records-Lori', NULL, NULL, '1', NULL, '', NULL, 'Summer 2014: fax to Laura at 313-386-8662, her phone # is (313) 827-1200\r\n11/21 Spoke w/ Marlene.  She verifies the academics. Her current fax # is above. \r\nNOTE;  SLOW RESPONSE\r\nMain # 313-928-4719', NULL, NULL, '1'),
(2, 'Detroit Adult Ed', NULL, NULL, 'Detroit', 'MI', NULL, 'US', '3138520772', '3138521088', NULL, '', 'Cathy.Willis', NULL, NULL, '1', NULL, '', NULL, '6/17 ph# for D. Williams is disc\'d. Fax to # listed above\r\nDeborah Williams -Fax to her w/ where test taken her direct # is 313-852-0638 Alt# 313-852-0772\r\n8/19 Need to know which school they attended for diploma.  Records are filed by school name.\r\nAlternate for now--Fax-313-866-9285', 'Alt tele: 313.852-0772; fax:  313 852-1088', '5.00', '1'),
(3, 'Anchor Bay HS', NULL, NULL, 'New Baltimore', 'MI', NULL, 'US', '5866482525', '5867168307', NULL, '', 'Student Records Att: Laura', NULL, NULL, '1', NULL, '', NULL, '**Mr. McDonald Ext 2310 \r\n** Summer - fax - (586) 716- 8306 Lori\r\nSchool District Ofcs-586.725.2861\r\nAdult Education program: Phone # 586-725-2205 Fax# 586-725-2257\r\n* To leave a general VM for the district office (586) 648-2500', 'Instructions', NULL, NULL),
(4, 'DPS/Henry Ford HS', '20000 Evergreen Rd', NULL, 'Detroit', 'MI', '482190', 'US', '3134947567', '3138733182', NULL, '', 'Student Records@DPS', NULL, NULL, '1', NULL, '', NULL, '6/2012 To follow up on a fax call (313) 748-6461 and speak with Donna. \r\nMs. Davis in records extension is #8265.\r\nalso fax to DPS/Attn: A Parker @ 313-873-3182\r\n\r\nHenry Ford HS is no longer a DPS school. All records 2012 or earlier are housed only at DPS.  2013 and later graduates will be verified at the actual high school: Ms. Davis, Phone (313) 494-7567', NULL, '5.00', '1'),
(5, 'Troy HS', '4777 Northfield Parkway', NULL, 'Troy', 'MI', '48098', 'US', '2488232700', '2488232888', NULL, '', 'Student Records', NULL, NULL, '1', NULL, '', NULL, 'Ellie Tulsma @ 248-823-2856: handles verifications \r\n\r\next. 2715', NULL, NULL, '1'),
(6, 'Central Mich Univ/NSC', NULL, NULL, 'Mt Pleasant', 'MI', NULL, 'US', '9897744000', '9897743783', NULL, '', 'Pat Adams - Registrar', NULL, NULL, NULL, NULL, '', '1', '5/2013- Kay Rice in Registrar\'s Office: 989-774-7235\r\n5.2012:  Direct # to Registrar\'s office 989-774-3261\r\n5/03 Verify thru student clearinghouse\r\nPat Adams will verify ovr the phone and welcomes phone calls.', NULL, '6.50', '1'),
(7, 'Ohio State Univ/NSC', NULL, NULL, 'Columbus', 'OH', NULL, 'US', '7405934191', '6142922363', NULL, '', 'Office of the Registrar', NULL, NULL, NULL, NULL, '', '1', 'Verifies through degreecheck.com since 7/8/02\r\n\r\n614-292-8500 + 1 + 0 (Main)', NULL, '9.50', '1'),
(8, 'LAnse Creuse HS North', '21 Mile Rd', NULL, 'Macomb Twp', 'MI', '48042', 'US', '5864935270', '5864935276', 'engeljo@lc-ps.org', '', NULL, NULL, NULL, '1', NULL, '', NULL, 'Summer 2014: Email Joy (above) request and release. Only in the office 2 days a week.\r\n05/2014: Joyce ex. 1210 does the verification\'s\r\n7/2013: Fax # for summer only: 586-493-5275\r\nSarah Heabeart -Records Clerk ext 1221', NULL, NULL, '1'),
(9, 'University of Illinois@Urbana/NSC', NULL, NULL, 'Urbana', 'IL', NULL, 'US', '2173339778', '2173333100', NULL, '', NULL, NULL, NULL, NULL, NULL, '', NULL, '*Transcripts- app MUST complete a form online or order the transcripts online. There is an $8 charge, we can provide credit card info right on it.\r\nAdditional ph\'s - (217) 333-2034 or (217) 333-2035', NULL, NULL, '1'),
(10, 'Norfolk State Univ/NSC', NULL, NULL, 'Norfolk', 'VA', NULL, 'US', '7578238229', '7578238907', NULL, '', 'Reg Ofc', NULL, NULL, NULL, NULL, '', '1', NULL, NULL, NULL, '1'),
(11, 'Norfolk State Univ', NULL, NULL, 'Norfolk', 'VA', NULL, 'US', '7578238229', '7578238907', NULL, '', NULL, NULL, NULL, NULL, NULL, '', NULL, NULL, NULL, NULL, NULL),
(12, 'Michigan State Univ/NSC', NULL, NULL, 'East Lansing', 'MI', NULL, 'US', '5173553300', '5173531935', NULL, '', NULL, NULL, NULL, NULL, NULL, '', '1', 'Colleg of Law Reg ofc--517.432.6820. fx: 517-432-6821\r\nFor Transcripts Fax to 517-432-6821 No longer fee for copy of transcripts.', NULL, '10.00', '1'),
(13, 'Kellogg Comm Coll/NSC', NULL, NULL, 'Battle Creek', 'MI', NULL, 'US', '2699653931', '2695652048', NULL, '', NULL, NULL, NULL, '1', NULL, '', '1', NULL, NULL, '6.50', '1'),
(14, 'John Glenn HS-Westland', NULL, NULL, 'Westland', 'MI', NULL, 'US', '7344192300', '7344192337', NULL, NULL, 'Counseling- Mrs. Brennan', NULL, NULL, NULL, NULL, NULL, '1', '6/18/13-6:30am-4:00pm Mon-Thurs SUMMER HOURS  \r\n5/2013- called to verify they rec\'d fax and verified over the phone.', NULL, NULL, '1'),
(15, 'Carnegie Institute', '550 Stephenson Hwy', NULL, 'Troy', 'MI', NULL, 'US', '2485891078', '2485891631', NULL, '', 'Student Records-Denise', NULL, NULL, '1', NULL, '', NULL, '11/06/2012: Per Margaret, Admissions, Carnegie\'s prerequisite is a HS Diploma/GED for their programs.  She stated that the students bring in an original document and they make a copy for their file.  They only verify a document if and ONLY IF they have reason to believe it is not valid.\r\n5/13/2011:  Per Bonnie, Dean of Admissions, Carnegie requires a HS diploma/GED for all their programs, and get a copy of the information, they verify this with the schools.', NULL, NULL, '1'),
(16, 'Wayne State Univ/NSC', NULL, NULL, 'Detroit', 'MI', '48202', 'US', '3135777963', '3135777870', NULL, '', 'National Student Clearinghouse', NULL, NULL, NULL, NULL, '', '1', '07/2014: Transcripts other than law: App must order them online. 5/2013: College of Pharmacy fx: 313-577-5589.\r\nCollege of Nursing Phone 313 577 4082\r\nContact Sylvia Kidd @ # Above-when NSC can\'t verify\r\nUse WSU N/C if further information is needed, to verify attendance, or if no record is found on NSC.\r\nFor Law Office: phone: 1-313-577-3978 Fax number To Law office 1-313-577-9800. Law Transcripts: fax a signed release and request also take out \"Academic Verification\" and replace it with \"Transcript Request\"-- for some reason if we do not do this they just send us back the verification, not transcripts.', NULL, '6.50', '1'),
(17, 'St Ladislaus HS-Closed (Arch of Detroit)*', NULL, NULL, NULL, NULL, NULL, NULL, '3132375984', '3135967199', NULL, '', 'Archdiocese of Detroit-Attn:  Steve', NULL, NULL, '1', NULL, '', NULL, 'need signed release\r\n2012: current fee is $8\r\nFax to Arch of Detroit', NULL, '8.00', '1'),
(18, 'Mt Clemens HS*', '155 Cass Ave', '*See below $3 fee', 'Mt Clemens', 'MI', '48043', 'US', '5864613418', '5864697058', NULL, '', 'Jennifer Hohensee-Student Records Clerk', '1', NULL, '1', NULL, '', NULL, '7/2013- Must have signed release. mail $3 and fax copy of check. \r\n12/2012 Ashely now does the verifications\r\n10.30.2012:  Ms Allen is NLT.  Right now, Toni Uppleger is verifying info.  SHe is leaving in 10 days.  Will need to find out who replaces her after that - dc @ 12:45pm\r\n07/2012-Superint Ofc 586 469-6100\r\n7/2012-MRS ALLEN OFF FOR THE SUMMER!!\r\n6/10- $3 fee for verification/or transcripts. Must fax she might fax back but thinks Ms Allen Mails results only\r\n5/08 If we fax copy of check to Ms. Allen, this will speed up the verif process.  ** We still must mail check.', 'Mail to: \r\nSTUDENT RECORDS CLERK\r\nMT CLEMENS HIGH SCHOOL\r\n155 CASE AVE\r\nMT CLEMENS MI 48043', '3.00', '1'),
(19, 'Henry Ford Comm Coll/NSC', NULL, NULL, 'Dearborn', 'MI', '48128', 'US', '3138456403', '3138456464', 'registrar@hfcc.edu', '', 'Student Records', NULL, NULL, NULL, NULL, '', '1', 'Registrar is ext. 3\r\n\r\nNational Student Clearinghouse\r\n\r\n9/9/09:  Excellent contact person: lisa masey@313.845.6403.\r\n** 07/02/2009 - Per Crystal - will verify by phone @ (313) 845-6403.  Anyone there will verify. Summer hours M-TH 8a-630p.\r\n09/2007 Nursing degreeverif -  see Henry Ford Comm Coll-Nursing\r\n\r\n\r\n5', NULL, '6.50', '1'),
(20, 'Oak Park HS', 'Student Services', NULL, 'Oak Park', 'MI', NULL, 'US', '2483367740', '2483367770', 'twillia@oakparkschools.org', '', 'Ms. Williamson', NULL, NULL, '1', NULL, '', NULL, '6/2013- Delores will respond faster than the HS\r\n4/2013- sec said they should have all years records. TOT: 48 hours \r\n\r\n* HS only house records last 5 years, otherwise go to Justin\r\n\r\nDelores\' fax 248-336-7738, ph (248) 336-7726 \r\n12/08-will verify via phone.\r\n\r\n* HS Fax - (248) 336-7758', NULL, NULL, '1'),
(21, 'Macomb Comm College-Certificate Programs Only', NULL, NULL, 'Clinton Twp', 'MI', NULL, 'US', '5862862204', '5864457147', NULL, '', NULL, NULL, NULL, '1', NULL, '', NULL, '05/09/2014 For Certificate\'s Program contact Lori Rigg\'s at 586-498-4034. Fax # is 586-445-7147\r\n12/19/2013 Alicia Gibson handles Central Processing Distribution Technician verifications. Fax: 586 286 2098; Her # is (586) 286-2073. \r\n6/2013: Fax to Lorie\'s attention and she will fax it back. 586-445-7147. Old fx: (586) 226-4787\r\n7/12-Enrollment Services for all certificates-fax to: 586 445-7140\r\n7/12-GOOD CONTACT PERSON FOR CERTIFCATES OTHER THAN NSG:  Michelle Valin/Enrollment Services: 586 498-4006. Must fax to Her @ (586) 498-4151 ((does NOT require wet signature)\r\n\r\nNursing Certificates- contact Lori Riggs (Michelle\'s Asst) @586.498.4034,Must fax: 586-498-4151 SHE DOES NOT REQUIRE A WET SIGNATURE\r\n\r\n**DONNA/ENROLLMENT SRVCS-good contact person for certificates\r\n* for health certificates-contact Barb Walzak Health & Human Srvcs-tele-586.286.2073;fax-586.286.2098\r\n*for Certificates(other than nsg) contact Katherine Langan via email @ langand@macomb.edu-Continuing Ed @ Tele: 586.226.4807\r\nPam\'s Direct @ 286-2205\r\n10/08-verif take 48-72 hrs to proces', NULL, NULL, '1'),
(22, 'WCCC/NSC', NULL, NULL, 'Detroit', 'MI', NULL, 'US', '7346975189', '7346997049', 'gdawson1@wccccd.edu', '', 'Records', NULL, NULL, '1', NULL, '', '1', '3/2014: Surgical Tech. Dept Ph(734)-697-5197 fx(734) 699-7152\r\n11/2013: HR Contact Phone (313) 496-2560 or (313) 496-2582\r\nEdgar Van phone 313-496-2537\r\n08/2013: EMT Certificate Verifications: 734-946-3500\r\n5/2013: Student Services: 734-697-5181\r\n11/2012-District Office-**Marta Lightfoot @ 313 496-2891\r\n11/2012 Records Dept is closed on Wednesdays\r\n*Linda Naylor #734-697-5186\r\nRegistrar Main # 734-697-5189 or 5181\r\nFax to registrars offc  for verification.\r\nContact Adrienne Phillips at Central Records if a problem @ 313-496-2631 or 313-496-2820, Fax # (313) 962-1643\r\nEMT CRT P#734.374.3212 Mark Steeby Fax734.374.2825', 'Fax to Genii Sawson (Nsg Attendance) fax: 734 699-7049 tele: 734 697-5181\r\n\r\nTranscripts: App requests them online, free of charge and tot is 48 hours.', '6.50', '1'),
(23, 'Lincoln Park HS', NULL, NULL, 'Lincoln Park', 'MI', NULL, 'US', '3133890234', '3133835738', NULL, '', 'Heidi S.- Main Office ex. 9', NULL, '1', NULL, NULL, '', NULL, NULL, NULL, NULL, '1'),
(24, 'Grosse Pointe North HS', NULL, NULL, 'Grosse Pointe', 'MI', NULL, 'US', '3134323200', '3134323202', NULL, '', 'Paula-Student Records', NULL, NULL, '1', NULL, '', NULL, '06/2012   Alt fax 313.432.3219 \r\nPrompt#4', NULL, NULL, '1'),
(25, 'Eastern Michigan Univ/NSC', NULL, NULL, 'Ypsilanti', 'MI', NULL, 'US', '7344874202', '7344876808', NULL, '', 'Attn: Lisa', NULL, NULL, '1', NULL, '', '1', '1/04 Verify through National Student Clearinghouse\r\nMain # 734-487-1849', NULL, '6.50', '1'),
(26, 'Western Michigan Univ/NSC', NULL, NULL, 'Kalamazoo', 'MI', NULL, 'US', '2693874300', '2693873545', NULL, '', 'National Student Clearinghouse', NULL, NULL, NULL, NULL, '', '1', NULL, NULL, '6.50', '1'),
(27, 'Richmond HS', NULL, NULL, 'Richmond', 'MI', NULL, 'US', '5867273565', '5867279072', NULL, '', 'New Contact-Terri-Admin Ofc', NULL, '1', NULL, NULL, '', NULL, '7/10 for summer (586) 727-3565 Terri Tomayko\r\n\r\n- Her direct # 727-1657', NULL, NULL, '1'),
(28, 'Hamtramck HS', '11410 Charest', NULL, 'Hamtramck', 'MI', NULL, 'US', '3138927505', '3138913202', 'khanlon@hamtramck.k12.mi.us', '', 'Kathleen', NULL, NULL, NULL, '1', '', NULL, 'alt fax: 313 892-1990\r\n\r\nBOE: 313 872-9270', NULL, NULL, '1'),
(29, 'Valparaiso University/NSC', 'Student Records', NULL, 'Valparasio', 'IN', NULL, 'US', '2194645212', '2194645381', NULL, '', 'Bonnie, Verifications Coordinator', NULL, '1', NULL, NULL, '', NULL, '08/2013: Transcripts: Applicant needs to order them on the schools website- if they request it to be sent by email tot is usually 1-2 days, if they request mail tot is usually 10 days.\r\n\r\n9/2012 Uses NSC now\r\nBonnie will verify by phone.\r\nFor Transcripts you need to fax req and rel, no fee\r\nDirect Fax number: 219-464-6684', NULL, '6.50', '1'),
(30, 'Ferndale HS', NULL, NULL, 'Ferndale', 'MI', NULL, 'US', '2485868690', '2485868698', 'rmajor@ferndaleschools.org', '', 'Student Records/Attn: Ms. Major', NULL, NULL, '1', NULL, '', NULL, 'Alt #(248) 586-8645\r\n6/2010 they req FAX only w/release\r\n10/08-per student records-they requested that we not call until it has been @ least 48hrs-to allow them to respond (she was a little rude!!)\r\n10/23/07 Per HS Secy, records are no longer at Harding Admin (see note below)', NULL, NULL, '1'),
(31, 'Fitzgerald HS', NULL, NULL, 'Warren', 'MI', NULL, 'US', '5867577070', '5866206081', 'lingri@fps.fitzk12.mi.us', '', 'Counseling Office- Linda Griffin', NULL, NULL, '1', NULL, '', NULL, 'Guidance Direct P. 586-757-6433\r\nSchool is closed until Aug 3rd until then call # 586-757-5502', NULL, NULL, '1'),
(32, 'Romeo HS', NULL, NULL, 'Romeo', 'MI', NULL, 'US', '5862811106', '5867520402', NULL, '', 'Counseling Office', NULL, NULL, '1', NULL, '', NULL, '01/2013 Julie directed call to counseling office \r\n\r\nContact HS for Adult Ed too.', NULL, '5.00', '1'),
(33, 'Mott Community College-Certificate Programs', NULL, NULL, 'Flint', 'MI', NULL, 'US', '8107620390', '8107625611', NULL, '', 'Student Records', NULL, NULL, NULL, NULL, '', NULL, 'Health Sciences Dept (Phlebotomy) 810-762-0317 Fax 810-762-5619\r\n--Pat Ward (Health Unit Coord) direct line is 810-232-6855 in Mon-Thurs., email is patricia.ward@mcc.edu \r\n\r\nContinuing Education: (810) 762-8390\r\n\r\nNursing dept: (810) 762-0317\r\nfax #: 810-762-5619\r\n\r\nCERTIFICATES: ***Mott Community College does not keep certificates on the student\'s record.  You have to go to the department that issued the certificate to get the information.  \r\n\r\nRecords # 810-762-2439\r\n\r\nHeather in Registrar office @ 810-762-0243\r\n\r\n11/04  Judy Frank will verify older records.  810-762-0223\r\n4/24/02 - Use National Student Clearinghouse - so', NULL, NULL, '1'),
(34, 'DPS/Martin Luther King  HS', NULL, NULL, 'Detroit', 'MI', NULL, 'US', '3134947373', '3134947359', NULL, '', 'Donna', NULL, '1', '1', NULL, '', NULL, '5/9/2012 Per Ms. Linsey - they will only verify current (within the last year.)  Must send to DPS.\r\nMs Daneta Williams, Sec - verifed grad on the phone \r\n3/31/2010 NEED TO FAX\r\nMs. McGruder 313-494-7403 = matriculated students', NULL, '5.00', '1'),
(35, 'Ross Med Educ Ctr-Warren', '26417 Hoover', NULL, 'Warren', 'MI', '48089', 'US', '8106376100', '8106376107', NULL, '', 'Attention: Jillian Baker, Registrar', NULL, NULL, '1', NULL, '', NULL, 'Fax to corporate office for verification, contact info is above. \r\nWarren Location Contact info: \r\nPhone- 248-548-4389\r\nFax- 248-548-4831', NULL, NULL, '1'),
(36, 'Carlson Sr HS', NULL, NULL, 'Gibraltar', 'MI', NULL, 'US', '7343797100', '7343797170', 'heinzc@gibdist.net', '', 'Attn: Christy', NULL, NULL, '1', NULL, '', NULL, 'School is closed for the summer call Karen at (734)-379-7115', NULL, NULL, '1'),
(37, 'Bishop Gallagher HS-Closed* (Arch of Detroit)', '19360 Harper Avenue', NULL, 'Harper Woods', 'MI', '482252212', 'US', '3132375846', '3135967199', NULL, '', 'Archdiocese of Detroit', NULL, NULL, '1', NULL, '', NULL, 'Signed release required', NULL, NULL, '1'),
(38, 'Fenton HS', NULL, NULL, 'Fenton', 'MI', NULL, 'US', '8105912600', '8105912605', NULL, '', 'Student Records', NULL, '1', '1', NULL, '', NULL, NULL, NULL, NULL, '1'),
(39, 'Lake Shore HS', NULL, NULL, 'St Clair Shores', 'MI', NULL, 'US', '5862858912', '5862858904', NULL, '', 'Counseling Sec-Donna Bates', NULL, '1', NULL, NULL, '', NULL, '7/2013: Closed for the summer, told to call summer records office @ 586-285-8906\r\nJane - Secretary -Donna Bates -  ext. 7 Coun. Sec', NULL, NULL, '1'),
(40, 'Fraser HS', NULL, NULL, 'Fraser', 'MI', NULL, 'US', '5864397200', '5864397201', NULL, '', 'Student Records', NULL, NULL, '1', NULL, '', NULL, 'Susan Deperro 586-439-7203Joy Perkins 586-879-2301, Cheryl Turman 586-879-2405 - Adult Ed\r\n\r\nSummer hrs 8a-330p M-F\r\n1/3/2008 Susan Deperro is now verifying', NULL, NULL, '1'),
(41, 'Warren Mott HS', NULL, NULL, 'Warren', 'MI', NULL, 'US', '5865743250', '5866984114', NULL, '', 'Student Records', NULL, NULL, '1', NULL, '', NULL, 'summer 7/2010 586-698-4478-Amy\r\nHolds records for 2 yrs, then sent to Admin Bldg- Pupil Srvcs 586-825-2400; Fax 586-698-4114', NULL, NULL, '1'),
(42, 'Lakeview HS-St Clair Shores', NULL, NULL, 'St. Clair Shores', 'MI', NULL, 'US', '5864454045', '5864454072', NULL, '', 'Mary-Records Secretary', NULL, '1', NULL, NULL, '', NULL, 'Marys direct ex 2712\r\n* Summer hours T,W,TH, Call Sue ext. 2711\r\noffice hours 7:00 a.m. - 3:45 p.m.\r\n586.445.4000 Ext.  2712\r\n586-445-4055\r\nAdult ED - Robin @ (586) 285-8780 Fax (586) 285-8783 Attn: Counseling', NULL, NULL, '1'),
(43, 'Melvindale HS', NULL, NULL, 'Melvindale', 'MI', NULL, 'US', '3133893320', '3133892072', NULL, '', NULL, NULL, '1', NULL, NULL, '', NULL, '2014-Summer Hrs-Thursdays ONLY 8-12n\r\n\r\n8/12-BOE: 313 389-3300', NULL, NULL, '1'),
(44, 'Mercy Coll of Detroit/NSC', NULL, NULL, 'Detroit', 'MI', NULL, 'US', '3139933313', '3139933317', NULL, '', 'Registrar\'s Office', NULL, NULL, NULL, NULL, '', '1', 'National Student Clearinghouse\r\n\r\nif part of Mercy School of Nursing, need correct school name and location to find records', NULL, '8.50', '1'),
(45, 'Crestwood HS', NULL, NULL, 'Dearborn Hts', 'MI', NULL, 'US', '3132787475', '3137248102', NULL, '', 'Guidance Office/Barb', NULL, NULL, '1', NULL, '', NULL, '9/2-tcf  Barb her fax # is 313 724-8102\r\nGuidance: 313-278-0902\r\nTOT:\r\nmain ph: 313-278-0900\r\nCounseling direct #-0902 Alt fax # to Main Ofc:(313) 792-0205', NULL, NULL, '1'),
(46, 'Bowling Green State Univ/NSC', NULL, NULL, 'Bowling Green', 'OH', NULL, 'US', '4193728441', '4193727977', NULL, '', NULL, NULL, NULL, NULL, NULL, '', '1', 'National Student Clearinghouse', NULL, '6.50', '1'),
(47, 'Delta College/NSC', NULL, NULL, 'University Center', 'MI', NULL, 'US', '9896869000', '9896672221', NULL, '', 'Angela Sinclair', NULL, NULL, '1', NULL, '', '1', '05/2014: Closed every Friday until August 1st.\r\nAngela\'s direct# is 989-686-9463\r\nMain Reg Ofc #-989 686-9305\r\n02/2013 They do not verify thru primary source for HS diploma/GED\r\n3/05: Verify through National Studen Clearinghouse\r\nCB to check status--989-686-9396\r\nLifeLong Learning fax # 989.758.3639  for HUC certs Cheryl/Kelly ph# 989--686-9364', NULL, '6.50', '1'),
(48, 'Rochester HS', '180 S. Livernois', NULL, 'Rochester Hills', 'MI', '48307', 'US', '2487265427', '2487265585', NULL, '', 'Registrar-Karen Garr', NULL, NULL, '1', NULL, '', NULL, 'Rochester HS -Main # (248) 726-5400\r\n\r\n4/2013- responded next day', NULL, NULL, '1'),
(49, 'Syracuse Univ/NSC', NULL, NULL, 'Syracuse', 'NY', NULL, 'US', '3154431870', NULL, NULL, '', 'Student Records', NULL, NULL, NULL, NULL, '', '1', NULL, NULL, '11.50', '1'),
(50, 'Michigan-GED *', '201 North Washington Square', NULL, 'Lansing', 'MI', NULL, 'US', '5173730965', '5173353461', 'HECKMANA@michigan.gov', '', 'Parchment Exchange', NULL, NULL, NULL, NULL, '', NULL, 'Before ordering must have: Wet signature, issued date, grad name and city tested in. \r\ngo to https://exchange.parchment.com/u/auth/login\r\nuser name: mailbox@referencecompany.com\r\npassword: Reference1\r\nOrder transcripts and there is a $15 fee\r\nCharges: If an order is cancelled because no passing record is found you will still be charged for the search. However we do refund if there was an error in the order that prevented it from completing. Each refund is taken case by case.', 'If Parchment is unable to verify and we have a copy of the certificate, email it to Amy Heckman (HECKMANA@michigan.gov)- \r\nAmy said: \"I can try to look at it to see if I can see anything that stands out, however, they have decommissioned my GED State database.  Basically I will have to look and see if I can find it in Parchment as well.\"', '15.00', '1'),
(51, 'Lokmanya Tilat Municipal Medical Coll', NULL, NULL, 'India', NULL, NULL, NULL, NULL, NULL, NULL, '', 'Student Records', NULL, NULL, NULL, NULL, '', NULL, 'Send to Infocubic', NULL, '110.00', '1'),
(52, 'Flat Rock HS', NULL, NULL, 'Flat Rock', 'MI', NULL, 'US', '7345356600', '7345356601', NULL, '', 'Student Records', NULL, '1', NULL, NULL, '', NULL, 'Direct Line: 734-535-6603, Jane- Guidance Office \r\n\r\nIn summer, contact BOE:Main t 734 535-6500 **Direct Jackie/Records @ 734 535-6502  \r\nJaneace Logan, Guidance/Attendance Office, jlogan@mail.flatrock.k12.mi.us', NULL, NULL, '1'),
(53, 'Regina HS', NULL, NULL, 'Warren', 'MI', NULL, 'US', '5865850500', '5865850507', NULL, '', 'Student Records-Mrs. Dembrowski', NULL, NULL, '1', NULL, '', NULL, '8/07 School has relocated from Harper Woods to Warren Michigan, new ph# above', NULL, '5.00', '1'),
(54, 'Henry Ford HS-Sterling Hts', NULL, NULL, 'Sterling Hts', 'MI', NULL, 'US', '5867971600', '5867971691', NULL, '', 'Counseling-Anna', NULL, '1', NULL, NULL, '', NULL, 'Annas direct line: 1.586.797.1693\r\n3/09-will verify by phone. 1601\r\nAlt program-#586.797.6970 Utica Learning Academy; fax for them 586-797-6901', NULL, NULL, '1'),
(55, 'Northern Michigan Univ/NSC', NULL, NULL, 'Marquette', 'MI', NULL, 'US', '9062272278', '9062272231', NULL, '', 'Student Records', NULL, NULL, NULL, NULL, '', '1', 'National Student Clearinghouse', NULL, '6.50', '1'),
(56, 'Madonna Univ/NSC', NULL, '36600 Schoolcraft', 'Livonia', 'MI', '481501173', 'US', '7344325400', '7344325405', NULL, '', 'Student Records', NULL, '1', '1', NULL, '', '1', '5/9/2012 - Per Stephanie - they now go thru NSCH \r\nRegistrar Office -Pat', NULL, '6.50', '1'),
(57, 'Taylor Center HS', NULL, NULL, 'Taylor', 'MI', NULL, 'US', '3132955742', '3132955819', NULL, '', 'Karen- Pupil Accounting', NULL, '1', NULL, NULL, '', NULL, NULL, NULL, NULL, '1'),
(58, 'DPS/Mackenzie HS', NULL, NULL, 'Detroit', 'MI', NULL, 'US', '3138739900', '3138733182', 'donna.armour@detroitk12.org', '', 'Donna Armour', NULL, NULL, '1', NULL, '', NULL, '10/2010- Fax number is for DPS-- School closed in 2007\r\n** School closed 2007\r\nOrder# 20624 in archives has an attached list of app graduating in 1988', NULL, '5.00', '1'),
(59, 'Oakland Comm Coll/NSC', NULL, '2480 Opdyke Road', 'Bloomfield Hills', 'MI', '483042266', 'US', '2482324100', '2483412199', NULL, '', 'Cathy (248-341-2190) (Fax 248-341-2199)', NULL, NULL, NULL, NULL, '', '1', '01/2014: Verify # of Credit Hours and Program: Fax to Cathy Ryerson@ 248-341-2199- does NOT require wet signature \r\n4/8- Requires Wet signature. \r\nLinda also verifies for Waterford/Highland Lake campus: same fax # but phone # is 248-942-3000\r\nAlt. Fax# 248-246-2488, or 248-341-2099\r\n4/30/02 - IF WE RUN INTO ANY PROBLEMS CONTACT JEFF LAYMAN, ASST. TO DEAN MATTHEWS AT 24', NULL, '6.50', '1'),
(60, 'Univ of Windsor#', NULL, NULL, 'Windsor', 'ON', NULL, 'CA', '5192534232', '5199713653', NULL, '', 'Office of the  Registrar XT.3315', NULL, NULL, NULL, NULL, '', NULL, '12/6/07 see website Aura Data... Login - Reference-   PW - 987654  Account# 1720 (Fee 19.08) P.S Rhonda has notes.¥phone ext 3315 or 5332 to reach Reg Office¥The Univ. no longer gives out verifications the student must call and get an offical transcript', NULL, NULL, NULL),
(61, 'East Detroit Adult Ed', NULL, NULL, 'Eastpointe', 'MI', NULL, 'US', '5864454545', '5865333909', NULL, '', 'Attn:  Joyce', NULL, NULL, '1', NULL, '', NULL, 'Ext: 201\r\nSummer 2008-Adult Ed has NO staff until August, call Chris Morey at 586-445-4455 Ext 419 fax 445-4508', NULL, NULL, '1'),
(62, 'Spring Arbor Univ/NSC', NULL, NULL, 'Spring Arbor', 'MI', NULL, 'US', '5177506515', NULL, NULL, '', 'Student Records', NULL, NULL, NULL, NULL, '', '1', '07/04 NSC\r\n**The name of Spring Arbor has just chaged from College to University 7/12/02', NULL, '9.50', '1'),
(63, 'Bishop Borgess HS-Closed*', NULL, NULL, 'Redford', 'MI', NULL, 'US', '3132375846', '3135967199', NULL, '', 'Archdiocese of Detroit', NULL, NULL, '1', NULL, '', NULL, 'Above are the contact info to Arch of Det\r\n*MUST HAVE WET SIGNATURE', NULL, '8.00', '1'),
(64, 'Highland Park HS', NULL, NULL, 'Highland Park', 'MI', NULL, 'US', '3139573000', '3139573112', 'records@hipark.k12.mi.us', '', '*School is now a charter school', '1', NULL, NULL, NULL, '', NULL, '08/2014: There is now a $10 fee for all verifications. \r\nMail $10 check payable to Highland School District to: \r\nRECORDS DEPARTMENT\r\nHIGHLAND PARK SCHOOL DISTRICT\r\n131 PILGRIM \r\nHIGHLAND PARK MI 48203 \r\n\r\nMs. Martins Phone Number: 313-957-3004; Home Phone: \r\n248-346-8977\r\nMs. Martin told me that if we want to follow up at all, we need to email.\r\nBOARD OF EDUCATION:  313 957-3000 ATTN:  JACK', NULL, '10.00', '1'),
(65, 'OOC-Samrat Ashok Technological Institute (SATI)', NULL, NULL, 'India', NULL, NULL, NULL, NULL, NULL, NULL, '', NULL, NULL, NULL, NULL, NULL, '', NULL, NULL, NULL, '110.00', '1'),
(66, 'OOC-Gokaraju Rangaraju College of Pharmacy', NULL, NULL, 'Hyderabad,India', NULL, NULL, NULL, NULL, NULL, NULL, '', NULL, NULL, NULL, NULL, NULL, '', NULL, NULL, NULL, '110.00', '1'),
(67, 'OOC-University of Tehran', NULL, NULL, 'Tehran, Iran', NULL, NULL, NULL, NULL, NULL, NULL, '', NULL, NULL, NULL, NULL, NULL, '', NULL, NULL, NULL, '110.00', '1'),
(68, 'OOC-Nikola Stein Medical High School', NULL, NULL, 'Tetovo, Macedonia', NULL, NULL, NULL, NULL, NULL, NULL, '', NULL, NULL, NULL, NULL, NULL, '', NULL, NULL, NULL, '110.00', '1'),
(69, 'OOC-Tehnicka Skola- Zenica', NULL, NULL, 'Zenica, Bosnia and Herzegovina', NULL, NULL, NULL, NULL, NULL, NULL, '', NULL, NULL, NULL, NULL, NULL, '', NULL, NULL, NULL, '110.00', '1'),
(70, 'DPS/Northern HS', NULL, NULL, 'Detroit', 'MI', NULL, 'US', NULL, '3138733182', NULL, '', 'Donna Armour/DPS', NULL, NULL, '1', NULL, '', NULL, 'Sch closed\r\n** No longer Northern HS - Now Intl School for Girls -', NULL, '5.00', '1'),
(71, 'Baker Coll-Clinton Twp/NSC', NULL, NULL, 'Clinton Twp.', 'MI', NULL, 'US', '5867916610', '5867916611', NULL, '', 'Registrar Office', NULL, '1', NULL, NULL, '', '1', '**CONTACT OWASSO -THEY VERIFY VIA PHONE-FOR ALL LOCATIONS (989) 729-3400\r\n                                                     Fax: 989 729-3411', NULL, '6.50', '1'),
(72, 'Bishop Foley HS', NULL, NULL, 'Madison Hts', 'MI', NULL, 'US', '2485851210', '2485853667', NULL, '', 'Registrar-ext 134', NULL, '1', NULL, NULL, '', NULL, '2/09-*Registrar is off on Fridays\r\nContact Marylynn at the Registrar\'s office', NULL, '5.00', '1'),
(73, 'Roseville HS', NULL, NULL, 'Roseville', 'MI', NULL, 'US', '5864455553', '5864455581', NULL, '', 'Student Records', NULL, '1', NULL, NULL, '', NULL, 'Student Records-they close at 3:30  \r\nMain #586-445-5542', NULL, NULL, '1'),
(74, 'St Clair County Comm Coll/NSC', NULL, NULL, 'Port Huron', 'MI', NULL, 'US', '8109843881', '8109895541', NULL, '', 'Student Records', NULL, NULL, NULL, NULL, '', '1', 'Nursing Detp fax #:810-989-5667\r\n\r\nAlt# 810-989-5500 -Straight to registrars office\r\n\r\n10/2013: TRANSCRIPT REQUEST: must be filled out by student on schools website and mailed to us.\r\n\r\n5/13 if the app did not receive a degree in LPN, it is a certificate, not a diploma.', NULL, '6.50', '1'),
(75, NULL, NULL, NULL, NULL, NULL, NULL, NULL, NULL, NULL, NULL, '', NULL, NULL, NULL, NULL, NULL, '', NULL, NULL, NULL, NULL, NULL),
(76, 'Redford Union HS', NULL, NULL, 'Redford', 'MI', NULL, 'US', '3132424221', '3132424205', NULL, '', NULL, NULL, NULL, '1', NULL, '', NULL, 'Administration Building: 313-242-6000\r\nLinda Michaels-ph #  313-242-6003 For older records/medical assistant certs her fax # is 313-242-6025', NULL, NULL, '1'),
(77, 'National Inst Of Tech (aka Everest Institute)*', NULL, NULL, 'Southfield', 'MI', NULL, 'US', '2487999933', '2487992914', 'katlyn.goncalves1@cci.edu', '', 'Attention: Katlyn Goncalves, Registrar', NULL, NULL, '1', NULL, '', NULL, '2012 NEED SIGNED RELEASE AND GRAD DATE!\r\nCampus has records from 2003 -Current\r\nAnything older-they send a request to archives and wait for results\r\n11/17/06 NOW KNOWN AS EVEREST INSTITUTE\r\n\r\n*Livonia records are housed here\r\nDearborn Campus--tele-313-562-4228;Fax-313.562.5774-Daryl White\r\nDetroit Campus-313-567-5350 Must Fax to # 313-567-2761- Janet Clark \r\nSouthfield Campus- (248) 799-9933 Fax: (248) 799-2912', NULL, NULL, '1'),
(78, 'DPS/Redford HS-Detroit (Closed)', NULL, NULL, 'Detroit', 'MI', NULL, 'US', '3138733182', '3138733182', NULL, '', 'Attn:  Donna', NULL, NULL, '1', NULL, '', NULL, '7/2010-sch closed in 2007 fax to dps\r\nThere are 2 Redford HS\'s-one in Detroit and one in Redford.  Be sure you call the correct one', NULL, '5.00', '1'),
(79, 'Dominican HS(Closed) Archdiocese of Detroit*', NULL, NULL, 'Detroit', 'MI', NULL, 'US', '3132375846', '3135967199', NULL, '', 'Arch of Detroit Attn: Steve', NULL, NULL, '1', NULL, '', NULL, '$8 fee- They already have our info, just have to fax and they bill at the end of the month.\r\n01/2013 NEED WET SIGNATURE!', NULL, '8.00', '1'),
(80, 'Ferris State Univ/NSC', NULL, NULL, 'Big Rapids', 'MI', '49307', 'US', '2315912790', '2315912019', NULL, '', 'Registars', NULL, NULL, NULL, NULL, '', '1', 'Tech Transfer Ctr ph 231-591-5800\r\n10/29/02 They use the National Student Clearinghouse', NULL, '6.50', '1'),
(81, 'DPS/Chadsey HS', NULL, NULL, 'Detroit', 'MI', NULL, 'US', '3138736205', '3138733182', NULL, '', 'DPS', NULL, NULL, '1', NULL, '', NULL, 'Chadsey HS closed in 2009 \r\nFAX to DPS', NULL, '5.00', '1'),
(82, 'Purdue Univ/NSC', NULL, NULL, 'W. Lafayette', 'IN', NULL, 'US', NULL, NULL, NULL, '', NULL, NULL, NULL, NULL, NULL, '', '1', 'National Student Clearinghouse\r\n\r\n*For Certificates contact Conti Ed: 765-494-8619', NULL, '11.50', '1'),
(83, 'Walsh College', NULL, NULL, 'Troy', 'MI', NULL, 'US', '2486898282', '2488231662', NULL, '', 'Amy- Records and Registration', NULL, '1', NULL, NULL, '', NULL, 'Ext 2006', NULL, NULL, '1'),
(84, 'Detroit-Mercy, University of/NSC', '4001 W NcNichols Rd.', NULL, 'Detroit', 'MI', '48219', 'US', '3139933313', '3139933317', NULL, '', 'Office of the Registrar', NULL, NULL, NULL, NULL, '', '1', 'Internet Address: registrar@udmercy.edu\r\n\r\nAll Transcripts: Applicant must order transcript themselves online. \r\n\r\nTo Verifiy-SPECIFIC NURSING COURSES : to verify specific nsg courses completed: contact Nsg Departmnt/Liz @ 313 993-2445 Fax 313-993-1271', 'Health Sciences Dept Fax 313-993-1160', '8.50', '1'),
(85, 'DPS/Cass Tech HS', NULL, NULL, 'Detroit', 'MI', NULL, 'US', '3132632000', '3132632001', NULL, '', 'Student Records: Ms. Edwards', NULL, NULL, '1', NULL, '', NULL, '2/2014: Adult Ed/ Night School: 313-263-2000\r\n\r\ndirect# 313-263-2069\r\n1/25/2010-need to fax (ONLY 1984 AND CURRENT', NULL, '5.00', '1'),
(86, 'Romulus HS', '36450 Grant Romulus Mi 48174', NULL, 'Romulus', 'MI', '48174', 'US', '7345321020', '7345321021', NULL, '', 'Kim Webb', NULL, NULL, '1', NULL, '', NULL, '11/2014 Lynn Webb (734-532-1602) can verify newer grads. \r\n5/13- Older than 1986, goes to the board office. Board Offices-@734.532.1627', NULL, NULL, '1'),
(87, 'Michael Reese School of Nursing (Closed)', NULL, NULL, 'Chicago', 'IL', NULL, 'US', '3124551199', '7084527854', NULL, '', 'ABC Data Entry', NULL, NULL, '1', NULL, '', NULL, 'Records are housed at the ABC Data Entry, contact info above.', NULL, NULL, '1'),
(88, 'Greenville Christian Academy', NULL, NULL, 'Greenville', 'NC', NULL, 'US', '2527560939', NULL, NULL, '', NULL, NULL, NULL, NULL, NULL, '', NULL, NULL, NULL, NULL, '1'),
(89, 'Annapolis HS', NULL, NULL, 'Dearborn Hts', 'MI', NULL, 'US', '3132789870', '3132781238', NULL, '', 'Student Records', NULL, NULL, '1', NULL, '', NULL, 'HS main phone#\r\nDistrict #: 313-278-9870; Fax: 313 278-1413 Attn: Donna', NULL, NULL, '1'),
(90, 'Windsor, University of/Auradata*', NULL, NULL, 'Windsor Ontario', NULL, NULL, NULL, '5192534232', '5199713653', NULL, '', 'MUST HAVE: dob, grad yr &  wet signature', NULL, NULL, NULL, NULL, '', NULL, 'NEED:  App\'s GRAD YR & DOB & WET SIGNATURE\r\n2014- go to Auradata.com, Acct # 1720 , login: Reference , Password: 987654\r\nEducation Verification, put in apps info, click submit and put in credit card info. Upload release, then go to subscriber history and they come back right away. this is the screen you attach. \r\n\r\nThey cost $19.80 or $18.90.', NULL, '18.00', '1'),
(91, 'Huron HS-New Boston', '32044 Huron River Drive', NULL, 'New Boston', 'MI', '48164', 'US', '7347821436', '7347831534', NULL, '', 'ATT: Julie', NULL, NULL, '1', NULL, '', NULL, '6/28/2012-Closed 6/26-Early August phone number for Admin:734.782.2441-Thomas Wiles handled it\r\n\r\nHer direct # 734-782-5360\r\n08/2010-BOE-734.782.2441', NULL, NULL, '1'),
(92, 'Southfield HS', NULL, NULL, 'Southfield', 'MI', NULL, 'US', '2487467601', '2487464316', NULL, '', 'Counseling Center', NULL, NULL, '1', NULL, '', NULL, '11/2013 - Lauren M. (248)-746-7618\r\n5/2013: Only hold records for 3 years, then they send it over to pupil accounting. fx: 248-746-7618; Phone: 248-746-7601\r\n\r\nRegistrars Off (See notes below re >3 yrs,Direct fax to Counseling 248-746-4316,Cheryl Direct @ 248-746-8611\r\n\r\n\r\n10/08-Must have DOB and fax w/release to verify\r\nRecords more than 3 yrs old, Call: Magolia Ctr @ 248-\r\n746-7601. Must fax for verif @ 248-746-7618-Attn: Laura-tot 3-5 bus days\r\nMs. Wright 1-248-746-8773', '248 746-7601-Pupil Acctng-CONTACT IN SUMMER\r\nFax: 248-746-7618', NULL, '1'),
(93, 'Trenton HS', NULL, NULL, 'Trenton', 'MI', NULL, 'US', '7346924530', '7346924615', NULL, '', 'Student Records/Ms. Janet Stanley', NULL, '1', NULL, NULL, '', NULL, '3/2013-Janet will verify by phone\r\n* Older records go to Janet (Main Office)', NULL, NULL, '1'),
(94, 'DPS/Pershing HS', NULL, NULL, 'Detroit', 'MI', NULL, 'US', '3138667700', '3138663296', 'donna.thornton@detroitk12.org', '', 'Attn:  Donna/DPS', NULL, NULL, '1', NULL, '', NULL, 'EFFECTIVE 2013: This school is no longer affiliated w/DPS. All records 2012 and older go to DPS. Other fax # to school: 313-866-0967\r\n9/2012 Was told that the school does not have records, and to call Transcripts/Records DPS', NULL, '5.00', '1'),
(95, 'University of Toledo/NSC', '2801 Bancroft', NULL, 'Toledo', 'OH', '43606', 'US', '8005865336', '4195304828', NULL, '', 'Student Records', NULL, NULL, NULL, NULL, '', '1', '1/08: Health Science Campus not on NSC.  Call 419-383-3629 to verify info. Other #: 419-383-4000\r\nFax: 419-383-4003- Wendy, Registrars Office', NULL, '9.50', '1'),
(96, 'Woodhaven HS', NULL, NULL, 'Woodhaven', 'MI', NULL, 'US', '7347892062', '7347833316', NULL, '', 'Student Records', NULL, NULL, '1', NULL, '', NULL, 'Records more than a year old go to the board office- call board office to check they rec\'d the fax, not the high school. TOT: 2 business days\r\nBoard office-734-783-3300 CONTACT: Suzie for all verifications.  Part of Woodhaven-Brownstown School District.\r\nAlt fax # 734-783-3342', NULL, NULL, '1'),
(97, 'Hazel Park HS', '23400 Hughes Ave', NULL, 'Hazel Park', 'MI', '48030', 'US', '2485445216', '2485445389', NULL, '', 'Records Department', '1', NULL, '1', NULL, '', NULL, 'Mail to: \r\nRECORDS DEPARTMENT \r\nHAZEL PARK HIGH SCHOOL\r\n23400 HUGHES AVE\r\nHAZEL PARK MI 48030\r\n\r\nAlt Fax: 248-544-5381\r\nAdult Ed fax#248-544-5447, Phone 248-542-0800\r\nConsortium with Pontiac schools in 93-96  Pontiac has records @248-451-8064\r\nMs. Hevican at 248-658-5109 (Summer 08)', 'FEE REQUIRED-Under 5 yrs of grad date: $3; $5 fee for over 5 yrs---They will accept a check made out to Hazel Park HS and they will accept a faxed copy to expedite process. Fax to (248) 544-5389.', '5.00', '1'),
(98, 'DPS/Cooley HS (Closed)', NULL, NULL, 'Detroit', 'MI', '48227', 'US', '3138669417', '3138733182', NULL, '', 'Attn:  Donna Armour/DPS', NULL, NULL, '1', NULL, '', NULL, 'COOLEY HS CLOSED - 6/2010 (SEND TO DPS)', NULL, '5.00', '1'),
(99, 'GED-Louisiana', NULL, NULL, NULL, 'LA', NULL, 'US', '2259222800', '2259221203', NULL, '', 'GED Office', NULL, NULL, NULL, NULL, '', NULL, 'Older records on Micro film require 2-3 days processing.', NULL, NULL, '1'),
(100, 'Theodore Roosevelt HS-MI', NULL, NULL, 'Wyandotte', 'MI', NULL, 'US', '7347595000', '7347595009', NULL, '', 'Student Records- Jackie', NULL, NULL, '1', NULL, '', NULL, '12/09 alt fx 734.759.5093\r\n10/23/07 - Must fax w/ signed release form.  Correct fax # updated today - dc', NULL, '5.00', '1'),
(101, 'Kennedy Collegiate HS', NULL, NULL, 'Windsor', 'ON', NULL, 'CA', '5192546475', '5192546750', NULL, '', 'Student Records', NULL, NULL, '1', NULL, '', NULL, 'Verifies acad w/release only.', NULL, NULL, NULL),
(102, 'Chippewa Valley HS*', NULL, NULL, 'Clinton Twp', 'MI', NULL, 'US', '5867232300', '5867232341', NULL, NULL, 'Debbie', NULL, NULL, '1', NULL, NULL, NULL, '48 hour tot\r\nAdult ed- ph: 586-723-2053 fx: 586-723-2051\r\nGuidance pronmpt #3', '48 hour tot\nAdult ed- ph: 586-723-2053 fx: 586-723-2051', NULL, '1'),
(103, 'University of Rhode Island/NSC', NULL, NULL, NULL, 'RI', NULL, 'US', NULL, NULL, NULL, '', NULL, NULL, NULL, NULL, NULL, '', '1', NULL, NULL, NULL, '1'),
(104, 'Siena Heights University', NULL, NULL, 'Adrian', 'MI', NULL, 'US', '5172647120', '5172647744', 'regr@sienaheights.edu', '', 'Student Records', NULL, NULL, '1', NULL, '', NULL, '8/2012-TRY CALLING FIRST-I spoke to Linda-she was willing to verify by phone.\r\n04/2011  need signed release (online signature no good)', NULL, NULL, '1'),
(105, 'Lake Orion HS', NULL, NULL, 'Lake Orion', 'MI', NULL, 'US', '2486935420', '2486935643', NULL, '', 'Counseling Office', NULL, NULL, '1', NULL, '', NULL, '7/2013: For summer, call the same number to follow up but fax to 248-693-5459.', NULL, NULL, '1'),
(106, 'DPS/Osborn HS', 'x 308', NULL, 'Detroit', 'MI', NULL, 'US', NULL, '3138733182', NULL, '', 'DPS', NULL, NULL, '1', NULL, '', NULL, '06/15/2012 fax to DPS only, school no longer keeps any files.\r\next 308\r\nhas records from 1990 & up\r\n\r\n* or fax to DPS @ 313-873-7011', NULL, '5.00', '1'),
(107, 'Edsel Ford HS', NULL, NULL, 'Dearborn', 'MI', NULL, 'US', '3138273005', '3138273133', NULL, '', 'Student Records', NULL, '1', NULL, NULL, '', NULL, '10/12 Lisa is NLT-Kitty is who we need to talk with.\r\nLisa in Transcripts: 313-827-3098\r\n8/04 Records older than 10yrs call Transcripts @ 313-827.3098 or call Alt # 313-8273098', NULL, NULL, '1'),
(108, 'DPS/Cody HS', NULL, NULL, 'Detroit', 'MI', NULL, 'US', '3138669200', '3138733182', NULL, '', 'Student Records', NULL, '1', NULL, NULL, '', NULL, '5/2013: Cody HS closed in 2012.  This is now called Medicine Community Health HS - they only have records from 2013 forward.  All Cody HS records are at DPS', NULL, '5.00', '1'),
(109, 'DPS/Mumford HS', 'Fax to DPS for records >10 yrs old (313.873.3182)', NULL, 'Detroit', 'MI', NULL, 'US', '3134167064', '3138733182', NULL, '', 'DPS', NULL, NULL, '1', NULL, '', NULL, '10/11/12 send to dps\r\n9/10-Only house records 10 yrs then to dps.\r\nschools fax(313) 651-0836', NULL, '5.00', '1'),
(110, 'The Tamil Nadu Dr M.G.R. Med Univ', NULL, NULL, NULL, NULL, NULL, NULL, NULL, NULL, NULL, '', 'Registrar', NULL, NULL, NULL, NULL, '', NULL, NULL, NULL, NULL, NULL),
(111, 'Oakland Univ/NSC', NULL, NULL, 'Rochester', 'MI', NULL, 'US', '2483703452', '2483702586', NULL, '', NULL, NULL, NULL, NULL, NULL, '', '1', 'Nursing Dept: (248) 370-4253\r\n7/2013 Procedure for transcript: Student has to request transcript! Current student-they can go on to their SAIL account and have it mailed here. Not current student- they can request it on the OU website and have it mailed here. \r\nGraduation Auditor is Renee-Tele#-248.3703460\r\nALT F # 370-3461\r\nPer Ellen Keaton - Cannot verify attendance only or course of study.  If wanted student must rqst transcipts.', 'To verify nursing program enrollment(Andrea Patton): patton@oakland.edu', '6.50', '1'),
(112, 'Minnesota, University of/NSC', '200 Fraser Hall', '106 Pleasant St. SE', 'Minneapolis', 'MN', '55455', 'US', '8004008636', '6126260008', NULL, '', 'Registrar', NULL, NULL, NULL, NULL, '', '1', '612-624-1111  Option 1', NULL, '11.50', '1'),
(113, 'Wayne Memorial HS', NULL, NULL, 'Wayne', 'MI', NULL, 'US', '7344192215', '7344192272', NULL, '', 'Student Records Attention: Tammy H.', NULL, NULL, '1', NULL, '', NULL, '2/2014: Contact Tammy H. at phone number above \r\n6/19-tot 2-3days\r\n11/09 school needs release fx\'d to above #\r\n734-419-2200 Main #\r\n734-419-2215 Alt Student Records #', NULL, NULL, '1'),
(114, 'Clintondale HS', NULL, NULL, 'Clinton Township', 'MI', NULL, 'US', '5867916300', '5867907668', NULL, '', 'Counseling-Mrs. Wood.', NULL, NULL, '1', NULL, '', NULL, 'Ext 2008\r\nAdult Ed is ph # 586-791-4110, Must fax request to 586-790-7620', NULL, NULL, '1'),
(115, 'Mercy Coll of Northwest Ohio/NSC', '2221 Madison Avenue', NULL, 'Toledo', 'OH', '43624', 'US', '4192518989', '4192510629', NULL, '', 'Attn:Lisa', NULL, NULL, '1', NULL, '', NULL, 'This School also verifies for St. Vincent School of Nursing', NULL, '6.50', '1'),
(116, 'DPS/Northwestern HS-Detroit', NULL, NULL, 'Detroit', 'MI', NULL, 'US', '3135960700', '3138733182', NULL, '', 'Student Records', NULL, NULL, '1', NULL, '', NULL, 'Turn around time: 24-48hrs\r\n05/2013 Northwestern HS is due to close at the end of this year & the building will become a DPS Prep bjc\r\n2/12/11-Per school, they only keep records under 10 years (over 10 yrs, go to DPS).', NULL, '5.00', '1'),
(117, 'Marygrove College & Certificate Programs*', NULL, NULL, 'Detroit', 'MI', NULL, 'US', '3139271263', '3139271753', NULL, '', 'Office of Registrar-Ms Ruffin', NULL, NULL, '1', NULL, '', NULL, 'DO NOT ACCEPT ELECTRONIC SIGNATURE NEED SIGNED, Main # is 313-927-1200\r\n01/24/2013 Regina NLT- Contact Teresa Joradan, Cont Ed 313-927-1261\r\nTo verify Certificates,', 'Records prior to 1998 are in a storage room.\r\nFor Certificate & Conti ED programs-I was told by Teresa that they do verify HS/GED as a prereq to program. (I did not ask when they started this)', NULL, '1'),
(118, 'Holt Central HS (Closed)', NULL, NULL, 'Holt', 'MI', NULL, 'US', '5176942162', '5176993451', NULL, '', 'Pam Livingston/ Mr. Bower', NULL, NULL, '1', NULL, '', NULL, 'School is closed. We have to fax verifications to Pam Livingston (Holt HS Counseling Secretary), she forwards verifications via email to Mr. Bower who has to look up the records off site.', NULL, '5.00', '1'),
(119, 'East Detroit HS', NULL, NULL, 'Eastpointe', 'MI', NULL, 'US', '5864454455', '5865333711', NULL, '', 'Counseling Center', NULL, NULL, '1', NULL, '', NULL, '07/2014:  Tracy, Counseling Office is verifying aca now \r\n1/2013-main # 586 533-3700\r\nSummer hrs are 8 am to 3 pm Closed for lunch from 11;30 to 12;30   Press 2 then 6', NULL, NULL, '1'),
(120, 'Franklin HS', NULL, NULL, 'Livonia', 'MI', NULL, 'US', '7347442655', '7347442659', NULL, '', 'Attn:Ms. Linn', NULL, NULL, '1', NULL, '', NULL, '9/13/05 Susan Greech - Adult Ed (734)744-2603\r\nOffice hrs 4:30 pm-9:30 pm M-Th closed Fri', NULL, NULL, '1'),
(121, 'DPS/Finney HS-Closed', NULL, NULL, 'Detroit', 'MI', NULL, 'US', '3137486461', '3138733182', NULL, '', 'Donna-DPS', NULL, NULL, '1', NULL, '', NULL, '*School is closed must fax to DPS', NULL, '5.00', '1'),
(122, 'Schoolcraft College/NSC', 'Radcliff Center', NULL, 'Livonia', 'MI', NULL, 'US', '7344624426', '7344624677', NULL, '', 'Pendy Evans- Records', NULL, NULL, NULL, NULL, '', '1', 'For Nursing Assistant certification, contact Becky Weber at 734-462-4400, ext. 5150.\r\n*Per Donna they now require an actual signature to process anything-', '4506 Ginny.', '6.50', '1'),
(123, 'Riverview Comm HS', '13425 Colvin', NULL, 'Riverview', 'MI', NULL, 'US', '7342857361', '7342856598', NULL, '', 'Student Records', NULL, '1', NULL, NULL, '', NULL, NULL, NULL, NULL, '1'),
(124, 'Catholic Central HS', '27225 Wixom Rd', NULL, 'Novi', 'MI', NULL, 'US', '2485963810', '2485963858', NULL, '', 'Student Records - Carol', NULL, '1', '1', NULL, '', NULL, NULL, NULL, '5.00', '1'),
(125, 'Heart Academy-Closed', NULL, NULL, 'Harper Woods', 'MI', NULL, 'US', NULL, NULL, NULL, '', NULL, NULL, NULL, NULL, NULL, '', NULL, 'Email to Rec: (APPLICANTS NAME) stated that they graduated from Heart Academy in (YEAR GRADUATED), however, the school closed last year. Saginaw Valley State University was the authorizer of the academy, so we contacted them  to find out if they holds the records for Heart. While they confirmed that Saginaw Valley was the authorizer, they also stated that they do not hold the records. We are able to send in a request to the state, but I wanted to advise you that it would be a mail request that could take several weeks and it is a cost of $22.50. Also, there is no guarantee that the academy sent their records to the state and therefore our request could come back with no record. Please advise how you would like us to proceed.', 'Email rec with email above, if they authorize- use the form in the S Drive for closed Proprietary Schools and have the app fill out and return to us. Then send out with check to info on the form. \r\nCheck Payable to: State of Michigan \r\nMail to:\r\nMICHIGAN DEPARTMENT OF LICENSING AND REGULATORY AFFAIRS \r\nCORPORATIONS SECURITIES & COMMERCIAL LICENSING BUREAU \r\nLICENSING DIVISION \r\nPO BOX 30018 LANSING MI 48909', NULL, '1'),
(126, 'George W. Carver High School', NULL, NULL, 'Birmingham', 'AL', NULL, 'US', '2052313497', NULL, 'ggregory@bhm.k12.al.us', '', NULL, '1', NULL, NULL, NULL, '', NULL, 'Records >2000 call (205) 231-3497 or records <2000 call BOE at 205-231-4600\r\nHS Main #: (205) 231-3900', 'MAIL $5.00 check payable to Birmingham City School: \r\nRECORDS DEPARTMENT \r\nBIRMINGHAM CITY SCHOOLS \r\n901 NINTH AVENUE NORTH \r\nBIRMINGHAM AL 35204\r\n\r\nDistrict #: 205-231-4600\r\nIf having problems contact Dr. Carpenter at 205-231-2284; email her the problem - scarpenter@bhm.k12.al.us  -- SHE IS VERY HELPFUL!', '5.00', '1'),
(127, 'Baker College-Flint/NSC', NULL, NULL, 'Flint', 'MI', NULL, 'US', '8009644299', NULL, NULL, '', NULL, NULL, '1', NULL, NULL, '', '1', 'Nursing Department: Renee Gilbert, Clinical Coordinator, is very helpful. Her email is renee.gilbert@baker.edu', NULL, '6.50', '1'),
(128, 'Stevenson HS-Sterling Hts', '39701 Dodge Park', NULL, 'Sterling Heights', 'MI', NULL, 'US', '5867971900', '5867971991', NULL, '', 'Counseling - Christine Brown', NULL, NULL, '1', NULL, '', NULL, '6/2013- Counseling option # 6\r\nAdult Ed-586.797.6970 after 12n\r\n(t) 586.797.6900 -Community Ed (adult enrichmnt classes)\r\n* Lynda retired - fax to 797-1901, until the school year starts.', NULL, NULL, '1'),
(129, 'Avondale HS*', '2800 Waukegan', NULL, 'Auburn Hills  48326', 'MI', NULL, 'US', '2485376100', '2485376105', NULL, '', 'Attention: Guidance Office', '1', NULL, NULL, NULL, '', NULL, '$5 check Payable to Avondale HS - They do accept e-signatures \r\nSend Check to Avondal High School with address above.\r\nMail to: \r\nGUIDANCE OFFICE\r\nAVONDALE HIGH SCHOOL\r\n2800 WAUKEGAN \r\nAUBURN HILLS MI 48326', 'If you have any questions, please call 248-537-6106.', '5.00', '1'),
(130, 'Erie Institute of Technology', NULL, NULL, 'Erie', 'PA', NULL, 'US', '8148689900', NULL, NULL, '', 'Kate Hushon- Director of Education', NULL, '1', NULL, NULL, '', NULL, NULL, NULL, NULL, '1'),
(131, 'Garden City HS', NULL, NULL, 'Garden City', 'MI', NULL, 'US', '7347628350', '7347628531', NULL, '', 'Student Services', NULL, NULL, '1', NULL, '', NULL, 'Records prior to 1982: Fax to: 734-762-6340\r\nOlder Records: P: 734-762-6342\r\nMs. Donivits ex. 202\r\n1982 -present call HS Tele: 734-762-8350 Fax:  734 762-8531\r\nGarden City West is closed the above # is Student Serv. They have all recs. For high school\r\nStudent Service Fax:  (734) 762-6340', NULL, NULL, '1'),
(132, 'North Lake HS', NULL, NULL, 'St Clair Shores', 'MI', NULL, 'US', '5862858780', '5862858783', NULL, '', 'Student Records-Mrs. Giacona', NULL, NULL, '1', NULL, '', NULL, 'for Adult Ed fax to 586-285-8783', NULL, '5.00', '1'),
(133, 'Boston University/NSC', NULL, NULL, 'Boston', 'MA', NULL, 'US', '6173532000', '6173539770', NULL, '', 'Student Records', NULL, NULL, NULL, NULL, '', '1', 'Now at Degreecheck.com', NULL, '16.00', '1'),
(134, 'Tennessee State Univ/NSC', NULL, NULL, 'Nashville', 'TN', NULL, 'US', '6159635131', NULL, NULL, '', 'Student Records', NULL, NULL, NULL, NULL, '', '1', NULL, NULL, '6.50', '1'),
(135, 'Clintondale Adult Ed', NULL, NULL, 'Clinton Twp', 'MI', NULL, 'US', '5867902756', '5867904647', NULL, '', 'Danielle Thomas, Admin. Assistant', NULL, '1', NULL, NULL, '', NULL, '7/2013- MUST FX RELEASE', NULL, NULL, '1'),
(136, 'Eisenhower HS', 'ext 1389', NULL, 'Shelby Twp', 'MI', NULL, 'US', '5867971300', '5867971391', NULL, '', 'Student Records', NULL, NULL, '1', NULL, '', NULL, '11/2014-Counseling option (#3), then #6\r\nAlt Fax # (586) 797-1301', NULL, NULL, '1'),
(137, 'Waterford Adult Ed', '1415 Cresent Lake Rd', NULL, 'Waterford', 'MI', '483327', 'US', '2486821088', '2487384799', NULL, '', 'Kristi', NULL, NULL, '1', NULL, '', NULL, NULL, NULL, NULL, '1');
INSERT INTO `schools` (`id`, `name`, `street_address1`, `street_address2`, `city`, `state_id`, `zip`, `country_id`, `phone`, `fax`, `email`, `website`, `contact_name`, `is_contact_mail`, `is_contact_phone`, `is_contact_fax`, `is_contact_email`, `is_online`, `is_nsc`, `notes`, `instructions`, `fee`, `is_active`) VALUES
(138, 'Roosevelt HS-MI', '540 Eureka', NULL, 'Wyandotte', 'MI', NULL, 'US', '7347595016', '7347595093', NULL, '', 'Attn:Jackie', NULL, NULL, '1', NULL, '', NULL, '12/08-f to Jackie-tot w/in 24hrs.\r\n7/22/08 fax to Attn: Marsha\r\nPatty\'s Ext. #2258\r\nAlt - (734) 284-1782', NULL, NULL, '1'),
(139, 'Cleary University/NSC', NULL, NULL, 'Howell', 'MI', NULL, 'US', '5175483670', '7343324646', NULL, '', NULL, NULL, NULL, NULL, NULL, '', '1', 'National Student Clearing House', NULL, '6.50', '1'),
(140, 'Oxford HS', NULL, NULL, 'Oxford', 'MI', NULL, 'US', '2489695100', '2489695165', NULL, '', 'Mrs. Marshall-Student Records', NULL, NULL, '1', NULL, '', NULL, '6/2013: Office open 7-3, someone will be there to answer the phone all summer.', NULL, NULL, '1'),
(141, 'Michigan Tech Univ/NSC', NULL, NULL, 'Houghton', 'MI', NULL, 'US', '9064872319', '9064873343', NULL, '', NULL, NULL, NULL, NULL, NULL, '', '1', NULL, NULL, '6.50', '1'),
(142, 'Armada HS', NULL, NULL, 'Armada', 'MI', NULL, 'US', '5867849156', '5867849592', NULL, '', 'Fran - Counseling', NULL, '1', NULL, NULL, '', NULL, 'Summer 2014: call Brenda at  586-784-2413\r\n11/14/2012 Kim in counseling ofc verified by phone.', NULL, NULL, '1'),
(143, 'South Lake HS', NULL, NULL, 'St. Clair Shores', 'MI', '48080', 'US', '5864351410', '5864351416', NULL, '', 'Student Records', NULL, NULL, '1', NULL, '', NULL, 'Alt Main # 586 435-1400\r\nFax for verif thru adult ed to 586-285-8783,Adult Ed-  586-285-8780\r\n7/2010 Ilene Hilton 586.435.1404\r\n05/2008  alt fax # 586.445.4243 SUMMER- fax here to Attn - Mrs. Baker - jw', NULL, NULL, '1'),
(144, 'Bay City Western HS', NULL, NULL, 'Bay City', 'MI', NULL, 'US', '9896624481', '9896718199', NULL, '', 'Student Records', NULL, NULL, '1', NULL, '', NULL, '5/10/2012: Per email from Ellen McFarland (McFarlande@bcschools.net), please fax future verifications to 989-671-8199 - ku\r\n*Only keep recs for 1 year then moved to admin. Building. Phone 989-686.9700  ext 8126.Fax 989-686-7910', NULL, NULL, '1'),
(145, 'Baker Coll-Port Huron', 'Contact Owosso Campus-989.729.3400', '(will verify via phone)', 'Port Huron', 'MI', NULL, 'US', '8109857000', '8109857066', NULL, '', 'Office of the Registrar', NULL, NULL, NULL, NULL, '', NULL, 'Alt fax #810-989-2351 - Academic Office', NULL, NULL, NULL),
(146, 'Jackson Community College/NSC', NULL, NULL, 'Jackson', 'MI', NULL, 'US', '5177870800', '5177968446', NULL, '', NULL, NULL, NULL, NULL, NULL, '', '1', NULL, NULL, '6.50', '1'),
(147, 'DPS/Nancy Boykin School', '10225 Third St.', NULL, 'Detroit', 'MI', '48203', 'US', '3138660520', '3138660527', NULL, '', 'Attn:Ms. Robinson', NULL, NULL, '1', NULL, '', NULL, '8/10-fax to dps also; (Detroit Adult Ed does not house these records)', NULL, '5.00', '1'),
(148, 'Flint Northern HS', NULL, NULL, 'Flint', 'MI', NULL, 'US', '8107601740', '8107605009', NULL, '', 'Main Ofc-(FYI -counselor only in 2 , 1/2 days a wk', NULL, NULL, '1', NULL, '', NULL, '4/16/14-UPDATE: Contact MO for more current verifications.llm\r\n01/30/2013 Older records are 1999 and before \r\nfor older records, fax to Pupil Personell at 810-760-6880; tele: 810 760-1230', NULL, NULL, '1'),
(149, 'Ferndale Adult Education', NULL, NULL, 'Ferndale', 'MI', NULL, 'US', '2485868910', '2485868909', NULL, '', 'Attn: Sonya Ross', NULL, NULL, '1', NULL, '', NULL, 'Older Records TOT is 5 business days\r\n6/2010 contact is now Ann Lillard, Records \r\nMain # is 248.586.8910  FAX 248.586.8909 \r\nTaft Bldg-this loc houses records for all campus\'\r\nFerndale Adult Education records are kept at this location. The Taft Bldg.', NULL, '5.00', '1'),
(150, 'DPS/Southeastern HS', NULL, NULL, 'Detroit', 'MI', NULL, 'US', '3138664500', '3134494671', NULL, '', 'No Longer a DPS school-2012-prior contact DPS', NULL, NULL, '1', NULL, '', NULL, '10/4/2012 - School is now a private school, so DPS only.\r\n01/07/2010 CALL, WILL VERIFY BY PHONE--1985 records go back to 85 on computer, 1967 paper, if not, DPS\r\ntry calling', NULL, '5.00', '1'),
(151, 'St Clair CC-Port Huron#', NULL, NULL, 'Port Huron', 'MI', NULL, 'US', '8109843881', '8109844730', NULL, '', 'Office of the Registrar', NULL, NULL, NULL, NULL, '', '1', '6/10 Direct # to Carrie/Registrar @ 810-989-5501\r\n12/07-verify thru Natl Student Clearinghouse\r\n2/08 certificates (CENA) are verified with Kathy Peace @ 810-989-5593', NULL, NULL, NULL),
(152, 'Hope College', '141 E 12th Street', 'P.O. Box 9000', 'Holland', 'MI', '49422-900', 'US', '6163957760', '6163957680', NULL, '', 'Registrar Office', NULL, '1', NULL, NULL, '', NULL, NULL, NULL, NULL, '1'),
(153, 'St Clair Coll-Canada*', NULL, NULL, 'Windsor', 'ON', NULL, 'CA', '5199722727', '5199723811', 'jkales@stclaircollege.ca', '', 'Jim ext. 4408', NULL, NULL, '1', NULL, '', NULL, 'Will respond via email\r\nFaster to call the main number and ask for Jim in the Registrar\'s Office\r\next: 4408\r\nRegistrar Office Direct # 519-972-2759\r\nMUST FAX WITH ACTUAL SIGNATURE: DO NOT ACCEPT ELECTRONIC SIGNATURE; THEY WILL ONLY VERIFY THE INFORMATION PROVIDED ON THE FORM\r\n*Processing time 5 business days', NULL, NULL, '1'),
(154, 'Gabriel Richard HS-Riverview', '15325 Pennsylvania Ave', NULL, 'Riverview', 'MI', '48192-800', 'US', '7342841875', '7342849304', NULL, '', 'Guidance Office           Select:  Ext 20', NULL, '1', NULL, NULL, '', NULL, '6/2013: Summer 2013 hours: 8am-12pm Mon-Thurs until June 20th, then open again in August\r\n6/07 During summer, press 20 and lm for Dr Webster, he is cking vm weekly during summer.', NULL, '5.00', '1'),
(155, 'Grosse Pointe South HS', NULL, NULL, 'Grosse Pointe', 'MI', NULL, 'US', '3134323535', '3134323527', NULL, '', 'Student Records - Susan Buckler', NULL, NULL, '1', NULL, '', NULL, '6/2013: Records Clerk is a 12 month employee. Her secretary is Linda Schultz (ph: 313-432-3503).\r\n5/2013: Records option 7.', NULL, NULL, '1'),
(156, 'Cousino HS', '30333 Hoover', NULL, 'Warren', 'MI', NULL, 'US', '5865743100', '5866984114', NULL, '', 'Counseling Center', NULL, NULL, '1', NULL, '', NULL, '6/21/2013 FYI Per Shannon in counseling the office will be closed on fridays until the week of 8/5/2013 AP\r\n4/2013: 24-48 hr TOT\r\n\r\nSch only keeps records for 2 yrs, records over 2yrs contact student services @ 586-698-4112 or 4111. Fax 586.698.4114 Attn:  Shannon', NULL, NULL, '1'),
(157, 'Utica HS', NULL, NULL, 'Utica', 'MI', NULL, 'US', '5867972200', '5867972291', NULL, NULL, 'Sue Wiegand- ex. 2360', NULL, '1', NULL, NULL, NULL, NULL, 'Recruiter Note', '12/2014 (ex.3 for counseling and 5 for Sue)\n7/2013: Per board office, they are open for the summer.\nprompt #3 & then #5\n12/08-will verify via phone. LM\nJanet Principal 586.797.2295', NULL, '1'),
(158, 'Sterling Heights HS', NULL, NULL, 'Sterling Heights', 'MI', NULL, 'US', '5866984553', '5866984242', NULL, '', 'Student Records/Kathy', NULL, NULL, '1', NULL, '', NULL, '(house for 2 yrs @ HS)\r\nOlder Rec- go to Marlene at Pupil Accounting (586) 825-2400fax:  586.698.4114, above # School is going to be closed on Friday\'s during the summer.\r\nSchool under construction-Part of Warren Con-586-698-4478 for summer.4114', NULL, NULL, '1'),
(159, 'Baker Coll-Flint', 'G-1050 W Bristol Rd', NULL, 'Flint', 'MI', '48507', 'US', '8107668756', '8107664020', NULL, '', NULL, NULL, '1', NULL, NULL, '', NULL, '**Call Owosso Campus-will very if all campus\' via phone-(989) 729-3400.\r\nAlt # 810.766.4100 fx: (989) 729-3411', NULL, NULL, NULL),
(160, 'DPS/Murray Wright HS', NULL, NULL, 'Detroit', 'MI', NULL, 'US', '3138733111', '3138733182', NULL, '', 'DPS', NULL, NULL, '1', NULL, '', NULL, '05/2010 nothing on dps website re: school\r\n06/25/2009:  school is now called Frederick Gouglas HS.  All records DPS\r\nSchool only keeps records 20 years.  Refer to DPS by fax', NULL, '5.00', '1'),
(161, 'Lansing Comm Coll/NSC', NULL, NULL, 'Lansing', 'MI', NULL, 'US', '5174831200', '5174839668', 'painet@lcc.edu', '', 'Attention: Carol', NULL, NULL, NULL, NULL, '', '1', '03/2014: call, they verify over the phone right away. Option#2\r\n03/18 Carol Cochran is the person who handles verifications. Her direct # is (517) 483-1133 . \r\n08/2013: Call, they will verify over the phone usually right away \r\n08/2013 fax & cb nex day\r\n6/1/2012-** Always call Main (517) 483-1200 Option #3, first.\r\n** If no response or having difficulty, Call Lori (517) 483-1269,  Karen Parker (517) 483-1926, or Jenny Turner (517) 483-1893 \r\n** Tom Paine usually only does requests that are needed in writing, so we may not need to bother him as much anymore.\r\n4/23/12-NOTE:  FROM NOW ON, EMAIL REQUESTS TO TOM PAINE & HE WILL EMAIL RESULTS BACK TO US. For whatever reason-the school is unable to fax results back to us, and now, our faxes going to them come back as undeliverable (however, they are receiving them)\r\nAndrea Martinez -Direct # 517-483-1270\r\nTo verify a GED at this school call Luanne @ 517-483-1172. She is the one who verifies the GED\'s there.', NULL, '6.50', '1'),
(162, 'Mercyhurst College', NULL, NULL, 'Erie', 'PA', NULL, 'US', '8148242250', NULL, NULL, '', NULL, NULL, '1', NULL, NULL, '', NULL, NULL, NULL, NULL, NULL),
(163, 'West Virginia University/NSC', NULL, NULL, 'Morgantown', 'WV', NULL, 'US', '3042935355', NULL, NULL, '', 'National Student Clearinghouse', NULL, NULL, NULL, NULL, '', '1', 'Transcript Request: Spoke with Patt in the registrars office: \r\nSend $12 Cashier\'s Check/Money Order payable to West Virginia University with a hand signed release and request form to: \r\nOffice of the University Registrar\r\nWest Virginia University\r\nP.O. Box 6878\r\nMorgantown, WV 26506', NULL, '12.00', '1'),
(164, 'Fordson HS', NULL, NULL, 'Dearborn', 'MI', NULL, 'US', '3138271430', '3138271442', NULL, '', 'Records- Hala', NULL, NULL, '1', NULL, '', NULL, 'Alt Fax for Records Secretary: 313-827-1405\r\nmain office: 313-827-1400\r\nafter 10 yrs-records go to student services\r\nFor graduation before 1997 - Sharon Mikaelian-Call Student Services 313-827-3005 Fax #313-827-3133', NULL, NULL, '1'),
(165, 'Michigan @ Flint, University of/NSC', NULL, NULL, 'Flint', 'MI', NULL, 'US', '8107623033', NULL, NULL, '', 'Office of the Registrar', NULL, NULL, NULL, NULL, '', NULL, 'Mail or fax a letter to:\r\nTranscript and Certification Department\r\nOffice of the Registrar\r\nUniversity of Michigan\r\n1210 LS&A Building\r\n500 S. State Street\r\nAnn Arbor, MI 48109-1382\r\nPhone: 734.763.9066\r\nFax:734.764.5556\r\n\r\n\r\n\r\n3/2014: to verify # of credit hours- applicant has to fill out a form and we can send it in with a $4.00 check. \r\nNSCH', NULL, '12.00', '1'),
(166, 'Lutheran HS East', 'attn: Ian Mcdonald', NULL, 'Harper Woods', 'MI', NULL, 'US', '2488526677', '2488522667', NULL, '', 'Student Records', NULL, NULL, '1', NULL, '', NULL, '9/04/08: School has closed - fax for verif\r\n48hr turn around', NULL, NULL, '1'),
(167, 'Airport HS', NULL, NULL, 'Carleton', 'MI', NULL, 'US', '7346546208', '7346548730', NULL, '', 'Student Records', NULL, NULL, '1', NULL, '', NULL, 'NEED GRAD DATE IN ORDER TO VERIFY!\r\n\r\nADULT EDUCATION FAX TO: 734-586-3342 DIRECT PHONE: 734-654-8694 EMAIL: \r\nmwetzel@airport.k12.mi.us\r\n4/07- fax to Andrea\'s attn.\r\nOpen for the summer from 7am to 3 pm', NULL, NULL, '1'),
(168, 'Our Lady Star of the Sea HS', NULL, NULL, 'Grosse Pte Woods', 'MI', '48642', 'US', NULL, '3135967199', NULL, '', 'Steve-Student Records', NULL, NULL, '1', NULL, '', NULL, 'HS closed early 90s. Go through Archdiocese of Detroit for records.', NULL, NULL, '1'),
(169, 'Phoenix, University of/NSC', NULL, NULL, 'Southfield', 'MI', NULL, 'US', '8008663919', NULL, NULL, '', 'Student Records', NULL, NULL, NULL, NULL, '', '1', NULL, NULL, '12.00', '1'),
(170, 'Dearborn HS', NULL, NULL, 'Dearborn', 'MI', NULL, 'US', '3138271600', '3138271605', NULL, '', 'Student Records/ Main Office', NULL, NULL, '1', NULL, '', NULL, 'Fax to: Kathleen in the Administration Building (313)827-3133 \r\n\r\nRECORDS KEPT FROM 2003 AND UP\r\n5/11- request needs to be faxed. \r\n01/08-records prior to 2003 are kept @ the District Office-Contact Lisa @313 827-3000', NULL, NULL, '1'),
(171, 'Cuyahoga Comm Coll#', NULL, NULL, 'Parma', 'OH', NULL, 'US', '2169875179', NULL, NULL, '', 'Student Records', NULL, NULL, NULL, NULL, '', '1', 'National Student Clearinghouse', NULL, NULL, NULL),
(172, 'Adrian HS', NULL, NULL, 'Adrian', 'MI', NULL, 'US', '5172632181', '5172664524', NULL, '', 'Student Records', NULL, NULL, NULL, NULL, '', NULL, NULL, NULL, '5.00', '1'),
(173, 'Michigan @ Dearborn, University of/NSC', NULL, NULL, 'Dearborn', 'MI', NULL, 'US', '3135935200', '3135935697', NULL, '', 'Student Records', NULL, NULL, NULL, NULL, '', '1', NULL, NULL, '12.00', '1'),
(174, 'California Coll for Health Sciences', '222 W 24th St', NULL, 'National City', 'CA', NULL, 'US', '6194774800', '6194774360', NULL, '', NULL, NULL, '1', '1', NULL, '', NULL, 'School Closed 3/30/2006\r\n*05/19/2011:  School closed 03/30/2006.  Can write Lorli Reloua - Student Service Mngr, 2423 Hoover Ave, Natl City, 91950.  Vocational school only requrd to keep records 5 yrs, then destroy.', NULL, NULL, NULL),
(175, 'DPS/Kettering HS-Closed', '6101 Van Dyke', NULL, 'Detroit', 'MI', NULL, 'US', '3135760100', '3138733182', NULL, '', 'Donna', NULL, NULL, '1', NULL, '', NULL, '* School closed - DPS only\r\nStudent Records-  Fax to her @313-866-5377', NULL, '5.00', '1'),
(176, 'Belleville HS', NULL, NULL, 'Belleville', 'MI', NULL, 'US', '7346979133', '7346976523', NULL, '', 'Student Records', NULL, '1', NULL, NULL, '', NULL, 'Alt Phone:734.697.9122; Fax: 734.697.6551\r\nCall for verification.', NULL, NULL, '1'),
(177, 'Harper Woods HS', NULL, NULL, 'Harper Woods', 'MI', NULL, 'US', '3132453000', '3133715548', NULL, '', 'Student Records-Lynn Logan', NULL, NULL, '1', NULL, '', NULL, '5/09-must f rel & req tot up to 48hrs. LM', NULL, NULL, '1'),
(178, 'Walled Lake Western HS', NULL, NULL, 'Walled Lake', 'MI', NULL, 'US', '2489564427', '2489564504', NULL, '', 'Kathy Burt/Registrar', NULL, '1', NULL, NULL, '', NULL, '6/2013: Counseling Office will be closed for the month of July. They should be back the first full week in August. \r\nMain#(248) 956-440\r\nBOE: Student Services-Barb Tele-248.956.2100 Fax-248.956.2026\r\nAlt Ed Records Bronda-248 956-2014', NULL, NULL, '1'),
(179, 'Huron HS-Ann Arbor', NULL, NULL, 'Ann Arbor', 'MI', NULL, 'US', '7349942047', '7349942619', NULL, '', 'Records Office-Ms. Bond', NULL, '1', NULL, NULL, '', NULL, '8/28-BOE: 734 994-2232 \r\n**Student Acctng: tele: 734 994-2249 fax: 734 994-2619 -MUST FAX', NULL, NULL, '1'),
(180, 'Lapeer East HS', NULL, NULL, 'Lapeer', 'MI', NULL, 'US', '8106672418', '8106672455', NULL, '', 'Counseling', NULL, '1', NULL, NULL, '', NULL, '7/2013: During the summer, secretary comes in every Wednesday morning and they will respond to your requests then.', NULL, NULL, '1'),
(181, 'Loma Linda Univ*', NULL, NULL, 'Loma Linda', 'CA', NULL, 'US', '9095584508', '9095580340', NULL, '', 'Rita', NULL, '1', NULL, NULL, '', NULL, 'NEED WET SIGNATURE', NULL, NULL, '1'),
(182, 'Madison HS-MI', NULL, NULL, 'Madison Heights', 'MI', NULL, 'US', '2485481800', '2485489758', NULL, '', 'Lynn-Counseling', NULL, NULL, '1', NULL, '', NULL, 'TOT: 24 hours\r\nFAX SIGNED RELEASE\r\nBOE:  248 399-7800', NULL, NULL, '1'),
(183, 'DPS/Central HS-Detroit', NULL, NULL, 'Detroit', 'MI', NULL, 'US', '3132523000', '3138521445', NULL, '', 'Student Records', NULL, NULL, '1', NULL, '', NULL, '01/2013 Central is not part of DPS anymore as of 2012- records before 2012 will be with DPS.\r\n7/04 school houses records for 10 yrs,then to DPS', NULL, '5.00', '1'),
(184, 'Warren Woods Tower HS', NULL, NULL, 'Warren', 'MI', NULL, 'US', '5864394402', '5864458013', NULL, '', 'Pupil Services', NULL, NULL, '1', NULL, '', NULL, '6/2013: Contact Board Office during the summer 586 439-4468. Option 3 then 8.\r\n2012 Summer Fx- 586-353-0547. \r\nMUST FAX TO JOANNE \r\nSchool closed 6/25 to 8/10.   Contact Board office @ 586-439-4401/prompt #8 Ask for Pupil services.', NULL, NULL, '1'),
(185, 'DPS/Catherine Ferguson Academy', NULL, NULL, 'Detroit', 'MI', NULL, 'US', '3135964766', NULL, NULL, '', 'Ms Martin/Student Records', NULL, NULL, '1', NULL, '', NULL, '4/2013- anything prior to 2011/2012 school year- must be faxed to dps. school fax: (313) 596-4773\r\n\r\n6/12-this was a DPS sch-It is NOW a Charter School', NULL, '5.00', '1'),
(186, 'Novi HS', NULL, NULL, 'Novi', 'MI', NULL, 'US', '2484491500', '2484491539', NULL, '', 'Counseling Office', NULL, NULL, '1', NULL, '', NULL, '9/2013- MUST FAX \r\n6/2013: Closed the week of Jul 4th, otherwise they are open all summer.\r\nFor Novi Sr HS(adult ed program) very old records call Gina @ # 248-573-8150 Ext 8166', NULL, NULL, '1'),
(187, 'University of Toledo#', NULL, NULL, 'Toledo', 'OH', NULL, 'US', '4195304845', '4195304828', NULL, '', 'National Student Clearinghouse', NULL, NULL, NULL, NULL, '', '1', NULL, NULL, NULL, NULL),
(188, 'Milan HS-MI', '200 Big Red Drive', NULL, 'Milan 48160', 'MI', NULL, 'US', '7344395000', '7344395089', NULL, '', 'Sue/Student Records', '1', NULL, '1', NULL, '', NULL, '7/2013: High school is closed for the summer. Central office (ph: 734-439-5050) has no records. \r\n05/31/2013: per Carolyn White, we must send them $3 with signed release (electronic signature is ok) - ku\r\nNight school: (734) 439-5272, Connie Cox\r\nTOT: same day, fax copy of check with signed release also\r\n11/19/07: Must send $3.00 check (can fax copy of check with signed release to LuAnn) but she won\'t send back results until she recvs check in mail\r\n2/05 - Must fax w/release and have DOB', 'STUDENT RECORDS\r\nMILAN HIGH SCHOOL\r\n200 BIG RED DRIVE\r\nMILAN MI 48160', '5.00', '1'),
(189, 'Community Coll of the Air Force/NSC', NULL, 'Maxwell Air Force Base', 'Montgomery', 'AL', NULL, 'US', '3349532223', NULL, NULL, '', NULL, NULL, NULL, NULL, NULL, '', '1', 'now use degree ck,\r\nOffice of the Registrar XT. 2795\r\ntalk to someone in Academic Services, not Registrar', NULL, '6.50', '1'),
(190, 'Devry Inst of Tech-Ohio', NULL, NULL, NULL, 'OH', NULL, 'US', '6142537291', '6142584762', NULL, '', 'Attn: Cheryl Day', NULL, NULL, '1', NULL, '', NULL, '9/09-tot 24-48 hrs', NULL, NULL, '1'),
(191, 'Lamphere HS', NULL, NULL, 'Madison Hts', 'MI', NULL, 'US', '2485893943', '2485856914', NULL, '', 'Guidance Office', NULL, NULL, '1', NULL, '', NULL, '6/2013: Someone checking for verifications during the summer. Gina from guidance office said to continue faxing to the school. The TOT could be every 2-3 days.\r\nExt 2834\r\nfax signed release', NULL, NULL, '1'),
(192, 'Youngstown State Univ/NSC', NULL, NULL, 'Youngstown', 'OH', NULL, 'US', '3309413182', NULL, NULL, '', 'Office of the Registrar', NULL, '1', NULL, NULL, '', NULL, '9/2012 Now at NSC -ku', NULL, NULL, '1'),
(193, 'Mercy HS', NULL, NULL, 'Farmington Hills', 'MI', NULL, 'US', '2484768020', '2484763691', NULL, '', NULL, NULL, NULL, '1', NULL, '', NULL, NULL, NULL, '5.00', '1'),
(194, 'University of Chicago/NSC', NULL, NULL, 'Chicago', 'IL', NULL, 'US', '7737027891', '7737023562', NULL, '', 'Student Records', NULL, NULL, NULL, NULL, '', '1', NULL, NULL, '16.50', '1'),
(195, 'Berkley HS', NULL, NULL, 'Berkley', 'MI', NULL, 'US', '2488378100', '2485445860', NULL, '', 'Attn:  Barbara', NULL, '1', NULL, NULL, '', NULL, 'Summer 2014: Fax to number above.\r\nAlternative/Adult Ed: All records are housed at Tri-County School 248-423-5071', NULL, NULL, '1'),
(196, 'Univ of Mich-Flint/NSC', NULL, NULL, 'Flint', 'MI', NULL, 'US', '8107623344', '8107623346', NULL, '', 'Student Records', NULL, NULL, NULL, NULL, '', '1', NULL, NULL, '12.00', NULL),
(197, 'DPS/Harris Adult Education', NULL, NULL, 'Detroit', 'MI', NULL, 'US', '3138663510', '3138663513', NULL, '', 'Attn: CDC Adult Records', NULL, '1', '1', NULL, '', NULL, NULL, NULL, '5.00', '1'),
(198, 'Monroe Co Comm Coll-MI', '1555 S. Rainsville Road', NULL, 'Monroe', 'MI', '48161', 'US', '7343844108', '7343844170', NULL, '', 'Registrar\'s  Office', NULL, '1', NULL, NULL, '', NULL, 'Office hours: til 4:30pm', NULL, NULL, '1'),
(199, 'Schurz High School', NULL, NULL, 'Chicago', 'IL', NULL, 'US', '7735343420', '7735343573', NULL, '', 'Student Records', NULL, NULL, NULL, NULL, '', NULL, '1 hr time change', NULL, '5.00', '1'),
(200, 'Highland Park Adult Comm Ed', NULL, NULL, 'Highland Park', 'MI', NULL, 'US', '3139573002', '3139573112', 'records@hipark.k12.mi.us', '', 'Student Records', '1', NULL, NULL, NULL, '', NULL, '08/2014: There is now a $10 fee for all verifications. \r\nMail $10 check payable to Highland School District to: \r\nRECORDS DEPARTMENT\r\nHIGHLAND PARK SCHOOL DISTRICT\r\n131 PILGRIM \r\nHIGHLAND PARK MI 48203\r\n\r\nMs. Martins Phone Number: 313-957-3004-ext 1761; Home Phone: \r\n248-346-8977', NULL, NULL, '1'),
(201, 'OOC-Al-Sharqia HS', NULL, NULL, 'Bagdad, Iraq', NULL, NULL, NULL, NULL, NULL, NULL, '', NULL, NULL, NULL, NULL, NULL, '', NULL, NULL, NULL, '110.00', '1'),
(202, 'Harper Hosp Sch of Nursing', '3990 John R.', NULL, 'Detroit', 'MI', NULL, 'US', '3135782287', '3135783942', NULL, '', 'HR Services Center-Carolyn', NULL, NULL, '1', NULL, '', NULL, 'alt fax: 313-966-9688', NULL, NULL, '1'),
(203, 'Dakota HS', NULL, '21051 21 Mile Road', 'Macomb', 'MI', '48044', 'US', '5867232740', '5867232741', NULL, '', 'Student Records', NULL, NULL, '1', NULL, '', NULL, 'tot- 48 hrs\r\nHS #(586) 723-2700 Counseling Off fax 586.723.2741\r\n*6/2013- Admin Office number (586) 723-2000. They were able to get a hold of the guidance office at Dakota.', NULL, NULL, '1'),
(204, 'Harrison HS-MI', NULL, NULL, 'Farmington', 'MI', NULL, 'US', '2484893499', '2484893334', NULL, '', 'Counseling', NULL, '1', NULL, NULL, '', NULL, 'Records are housed for 3yrs than sent to\r\n\r\n(248) 489-3329 records-Kim Buckley\r\nDonna 489-3342 alt contact', NULL, '5.00', '1'),
(205, 'Notre Dame HS-Pontiac', '1300 Giddings Road', NULL, 'Pontiac', 'MI', '483402108', 'US', '2483735300', '2483738024', 'vsalic@ndpma.org', '', 'Attn:Counseling', NULL, NULL, '1', NULL, '', NULL, '24hour tat', NULL, '5.00', '1'),
(206, 'DPS/Southwestern HS-Detroit', NULL, NULL, 'Detroit', 'MI', NULL, 'US', '3138494521', '3138733182', NULL, '', 'Donna', NULL, NULL, '1', NULL, '', NULL, '4/2013- school closed in 2012. go to dps.\r\n\r\nrecords go back 10 years before  that DPS', NULL, '5.00', '1'),
(207, 'Notre Dame HS-Harper Woods*', NULL, NULL, 'Harper Woods', 'MI', NULL, 'US', '3132375846', '3135967199', NULL, '', 'Student Records-Steve', NULL, NULL, '1', NULL, '', NULL, 'NEED WET SIGNATURE\r\nSCHOOL CLOSED.  FAX TO CATHOLIC ARCHDIOESE', NULL, '8.00', '1'),
(208, 'Southfield-Lathrup HS', NULL, NULL, 'Southfield', 'MI', NULL, 'US', '2487467601', '2487467618', NULL, '', 'Student Records-Laura', NULL, NULL, '1', NULL, '', NULL, '*TOT: 24-48 hours*\r\nPupil Accting-Laura Mangan --Ms. Koonce\r\n\r\nCounseling Ph # 248-746-7220', NULL, NULL, '1'),
(209, 'Lutheran HS West', NULL, NULL, 'Detroit', 'MI', NULL, 'US', '7344222090', NULL, NULL, '', NULL, NULL, '1', NULL, NULL, '', NULL, 'Contact Mary Wier @ Lutheran HS Association of,586-799-5230\r\n\r\n\r\nSchool is closed expect for Wednesdays from 9 to 1pm \r\n*This school is closed records are stored at Lutheran HS Westland that\'s the Westland # in the Phone field', NULL, NULL, '1'),
(210, 'Pontiac Northern HS', NULL, NULL, 'Pontiac', 'MI', NULL, 'US', '2484517300', '2484517321', NULL, '', NULL, '1', NULL, NULL, NULL, '', NULL, 'UPDATE: Because of the flooding in the original records building mail requests and $5.00 check (Made payable to Pontiac Schools) to:\r\n\r\nOFFICE OF PUPIL MANAGEMENT\r\n60 PARKHURST SUITE 3\r\nPONTIAC MI 48342 \r\n\r\nPupil Management Office Phone 248-451-7527\r\nLuann Perquette-Executive Secretary @ Pupil Management. Email: lperquette@pontiac.k12.mi.us\r\n\r\nSuperintendent\'s office: (248) 451-6883 - They will transfer to the correct extension.\r\n\r\n9/2013: Student records direct line 248-451-7527 - ku\r\n08/2013- School now reqires $5 to verify payable to Pontiac Schools \r\nMail to: \r\nOFFICE OF PUPIL MANAGEMENT \r\nTRANSCRIPT DEPARTMENT \r\n60 PARKHURST SUITE 3\r\nPONTIAC MI 48342\r\n\r\n4/2013: High School only keeps records for 2 years, then goes to Student Services\r\n\r\nStudent Services ph @248.451.7527 -For older rec, (f)248.451.7591 \r\n            alt tele:    7524\r\n09/09/09 -  Superintendent\'s Office if needed.  Diane Perez ph # (248) 451-6883 f- (248) 451-6890\r\nOlder records ph # (248) 451-7527 fax (248) 451-7591', 'tele # to Pupil Management:248 451-7527 contact person:LuAnn', '5.00', '1'),
(211, 'Lake Superior State Univ/NSC', NULL, NULL, 'Sault Ste. Marie', 'MI', NULL, 'US', '9066326841', '9066356669', NULL, '', 'Registrar', NULL, '1', NULL, NULL, '', '1', 'Registrar, press #3', NULL, '6.50', '1'),
(212, 'DPS/Renaissance HS', NULL, NULL, 'Detroit', 'MI', NULL, 'US', '3134164600', '3134164621', NULL, '', 'Student Records  Attn: Ms Bass', NULL, '1', NULL, NULL, '', NULL, '5/2013- said TOT is normally 24 hours\r\n4/2013: 2201-2004 records were lost when they moved to their new building. Have to go to DPS for these records.\r\n09/09-they do response to faxed requests.', NULL, '5.00', '1'),
(213, 'Walled Lake Central', NULL, NULL, 'Walled Lake', 'MI', NULL, 'US', '2489564700', '2489564782', NULL, '', 'Student Records', NULL, NULL, '1', NULL, '', NULL, 'Walled Lake School District: ph: 248-956-2000, fx: 248-956-2123\r\n4/2013-Requests go to counseling office, call them to follow up \r\nCounsling ph # 248-956-4827', NULL, NULL, '1'),
(214, 'Northville HS*', NULL, NULL, 'Northville', 'MI', NULL, 'US', '2483448420', '2483443801', NULL, '', 'Student Records-Lisa', NULL, NULL, '1', NULL, '', NULL, '11/2013: Now requires wet signature', NULL, '5.00', '1'),
(215, 'Lincoln HS-Warren', '9 Mile Road', NULL, 'Warren', 'MI', '48089', 'US', '5867588307', '5867588304', NULL, '', 'Attention: Denise', NULL, NULL, '1', NULL, '', NULL, 'Adult Ed Center # is 586-758-8363', NULL, NULL, '1'),
(216, 'DeVry Institute-Chicago IL NSC', NULL, NULL, 'Chicago', 'IL', NULL, 'US', '7736972292', '7739296279', NULL, '', 'Mr. Green - Registrar', NULL, NULL, '1', NULL, '', NULL, 'Main # (773) 929-8500\r\nturn around 1 business day', NULL, '6.50', '1'),
(217, 'Grand Valley State Univ/NSC', NULL, NULL, 'Grand Rapids', 'MI', NULL, 'US', '6163313327', '6163312000', 'regdept@gvsu.edu', '', 'Records Office', NULL, NULL, NULL, NULL, '', '1', '**If we are contacting the school directly, we need a PHYSICAL SIGNATURE before they will verify anything (no matter what dept).\r\n\r\nNursing Program- Good Contact: email Patti with a PHYSICALLY SIGNED release to townsenp@gvsu.edu; Phone- 616.331.5915', NULL, '6.50', '1'),
(218, 'Indiana Univ-Bloomington/NSC', NULL, NULL, 'Bloomington', 'IN', '47405', 'US', '8128550121', NULL, NULL, '', 'Office of the Registrar', NULL, NULL, NULL, NULL, '', '1', 'Transcript Request:Fee- $10 Payable to Indiana University (MUST HAVE A SIGNED RELEASE)-cannot fax, must have check in hand. \r\nTRANSCRIPTS\r\nINDIANA UNIVERSITY \r\n408 NORTH UNION STREET\r\nBLOOMINGTON IN 47405', NULL, '9.50', '1'),
(219, 'Lakeshore HS', '9 Mile & Harper', NULL, 'St. Clair Shores', 'MI', NULL, 'US', '5862858900', '5862858904', NULL, '', 'Counseling Donna Bates', NULL, '1', NULL, NULL, '', NULL, 'Summer 09- Call Jane at 586-285-8909 ; (f) to same # above --it is the fax # to mo', NULL, NULL, '1'),
(220, 'Port Huron Northern HS', '1799 Kraft Rd', NULL, 'Port Huron', 'MI', '48060', 'US', '8109842671', '8109842747', NULL, '', 'Patty- Registrar', NULL, '1', '1', NULL, '', NULL, 'HS only has the last 3 years\r\nOlder records MUST FAX: \r\nStudent Records for older records phone # 810-984-3101\r\nFax# 810-989-2780 or 810-272-4785', NULL, NULL, '1'),
(221, 'Cabrini HS', NULL, NULL, 'Allen Park', 'MI', NULL, 'US', '3133880110', '3133881876', NULL, '', 'Student Records', NULL, NULL, '1', NULL, '', NULL, NULL, NULL, '5.00', '1'),
(222, 'Siena Heights University', NULL, NULL, 'Adrian', 'MI', NULL, 'US', '8005210009', '5172647744', NULL, '', 'Registrar\'s Office-Deanna', NULL, '1', NULL, NULL, '', NULL, 'Reg Office: 517-264-7120', NULL, NULL, NULL),
(223, 'Southgate Anderson HS', NULL, NULL, 'Southgate', 'MI', NULL, 'US', '7342464611', '7342467840', NULL, '', 'Student Records', NULL, NULL, '1', NULL, '', NULL, '*closed for summer:  vm indicated call summer school office for grad verification (734) 246-4622\r\nCounseling Direct_  734-246-4617\r\nDistrict Office-734-246-4600\r\nAdult Ed-734-246-4633 FAX to Lisa @ 734-246-7244', NULL, NULL, '1'),
(224, 'Lincoln HS-Ypsilanti', NULL, '7425 Willis Rd', 'Ypsilanti', 'MI', NULL, 'US', '7344847006', '7344847012', NULL, '', 'Attn:Lynn', NULL, NULL, '1', NULL, '', NULL, 'alt fax # 734-484-7034', NULL, '5.00', '1'),
(225, 'DPS/Denby HS', '12800 Kelly Rd', '48224', 'Detroit', 'MI', NULL, 'US', '3138667200', NULL, NULL, '', NULL, NULL, NULL, NULL, NULL, '', NULL, '02/2015: Denby separated from DPS about 2 or 3 years ago. Records from then to present are at the school, contact phone # above. Older records are housed at DPS. \r\nDenby is now an Education Achievement Authority School.\r\nMay also contact DPS @313-873-3111', NULL, '5.00', '1'),
(226, 'GED-Georgia', '1800 Century Place', 'Suite 300B', 'Atlanta', 'GA', '30345', 'US', '4046791645', NULL, NULL, '', 'GED Testing Services', '1', NULL, NULL, NULL, '', NULL, 'ALLOW 3 WEEKS FOR PROCESSING.  THEY WILL NOT GIVE INFO UNTIL 3 WEEKS.  Need to print off transcripts request from website. Verifies academic info by mail only. Mail a $8 check only, made payable to GED Testing Services to address above-aml. 8/14/06  ALLOW 3 WEEKS FOR PROCESSING.  THEY WILL NOT GIVE INFO UN', NULL, '8.00', NULL),
(227, 'Davis Aerospace Tech HS', NULL, NULL, 'Detroit', 'MI', NULL, 'US', '3138665401', '3138663131', NULL, '', 'Student Records-Sylvia Powell', NULL, NULL, '1', NULL, '', NULL, 'tot 24 hrs', NULL, NULL, '1'),
(228, 'Stevenson HS-Livonia', NULL, NULL, 'Livonia', 'MI', NULL, 'US', '7347442660', '7347442664', NULL, '', 'Student Records:  Cathy', NULL, NULL, '1', NULL, '', NULL, '7/2013: There are people in the school building during the summer. They responded within 1 hour.\r\n3/2013- TOT: 24-48 hours\r\n1/9/09  fax request, ta 24 hrs', NULL, NULL, '1'),
(229, 'Saginaw Valley St Univ/NSC', NULL, NULL, 'Saginaw', 'MI', NULL, 'US', '9899644085', '9899642555', NULL, '', 'Records-Karen', NULL, NULL, NULL, NULL, '', '1', '989-964-4000 main #\r\n(989) 790-0180 main fax #\r\n\r\ncontinuing education (certificates) 989-964-4048', NULL, '6.50', '1'),
(230, 'Canton HS', NULL, NULL, 'Canton', 'MI', NULL, 'US', '7344556790', '7344556998', NULL, '', 'Records-Linda', NULL, '1', NULL, NULL, '', NULL, NULL, NULL, NULL, '1'),
(231, 'Hartland High School', NULL, NULL, NULL, 'MI', NULL, 'US', '8106262225', '8106262226', NULL, '', 'Vickie M., Counseling Secretary', NULL, NULL, '1', NULL, '', NULL, NULL, NULL, NULL, '1'),
(232, 'Churchill HS', NULL, NULL, 'Livonia', 'MI', NULL, 'US', '7347442650', '7347442652', NULL, '', 'Student Records', NULL, '1', NULL, NULL, '', NULL, 'Prompt #6- Records and Transcripts \r\n05/2013  7:00 to 3:30 office hours', NULL, NULL, '1'),
(233, 'Northwestern Michigan College/NSC', NULL, NULL, 'Traverse City', 'MI', '49686', 'US', '2319951000', NULL, NULL, '', 'Records Office', NULL, NULL, NULL, NULL, '', '1', 'National Student Clearing house', NULL, '6.50', '1'),
(234, 'De La Salle Collegiate HS', '14600 Common Rd', NULL, 'Warren', 'MI', '48093-338', 'US', '5865416253', NULL, NULL, '', 'Kim- Administrative Assistant in Counseling', NULL, '1', NULL, NULL, '', NULL, NULL, NULL, '5.00', '1'),
(235, 'Pontiac Adult Ed.', NULL, NULL, 'Pontiac', 'MI', NULL, 'US', '2484517527', '2484518063', NULL, '', 'Lana-Records', NULL, '1', NULL, NULL, '', NULL, NULL, NULL, NULL, '1'),
(236, 'Saint Louis University-MO/NSC', NULL, NULL, 'St. Louis', 'MO', NULL, 'US', '3149772269', NULL, NULL, '', NULL, NULL, NULL, NULL, NULL, '', '1', NULL, NULL, '6.50', '1'),
(237, 'Centerline HS*', NULL, NULL, 'Center Line', 'MI', NULL, 'US', '5865102100', '5865102219', NULL, '', 'Counseling Office-Terri', NULL, NULL, '1', NULL, '', NULL, 'Summer 2014: Contact Sharon Mazel at 586-510-2043 for verifications\r\nAdmin building fax: 586.510.2019\r\nMust have signed release.', NULL, '5.00', '1'),
(238, 'Imlay City HS', NULL, NULL, 'Imlay City', 'MI', NULL, 'US', '8107249810', '8107249897', NULL, '', 'Student Records:  Attn:  Julie', NULL, '1', NULL, NULL, '', NULL, 'Contact Ms. Carpenter 810-724-9861 for summer verifications; fax:  810 724-4307', NULL, '5.00', '1'),
(239, 'University of Santo Tomas', NULL, 'Espana Street', 'Manilla C-1008', NULL, NULL, NULL, NULL, NULL, NULL, '', 'Office of the Registrar', NULL, NULL, NULL, '1', '', NULL, '11/2012 We never received a response from school- now submitting to INFOCUBIC (Infocubic took 10 business days)\r\n1/2011:  Cesar Velasco, verifies now.  EM:\r\nustreg@mnl.ust.edu.ph\r\nsend a request through their website : http://www.ust.edu.ph', NULL, '110.00', '1'),
(240, 'Dwight D. Eisenhower HS', NULL, NULL, 'Washington', 'MI', NULL, 'US', '5867971300', '5867971391', NULL, '', 'Student Records', NULL, '1', NULL, NULL, '', NULL, NULL, NULL, NULL, '1'),
(241, 'Groves HS', NULL, NULL, 'Beverly Hills', 'MI', NULL, 'US', '2482033511', '2482033636', NULL, '', 'Student Records- Karen Farner', NULL, NULL, '1', NULL, '', NULL, NULL, NULL, NULL, '1'),
(242, 'University of St Thomas/NSC', NULL, NULL, 'St. Paul', 'MN', NULL, 'US', '6519626707', '6519626710', NULL, '', 'Student Records', NULL, NULL, NULL, NULL, '', NULL, NULL, NULL, NULL, '1'),
(243, 'Indiana Wesleyan Univ', NULL, NULL, 'Marion', 'IN', NULL, 'US', '7656772966', '7656772662', NULL, '', 'Office of the Registrar', NULL, '1', NULL, NULL, '', NULL, 'alt # to records-765.677.2131.', NULL, NULL, '1'),
(244, 'Barry University/NSC', NULL, NULL, 'Miami Shores', 'FL', NULL, 'US', '8007566000', '3058994871', NULL, '', 'Student Records', NULL, NULL, '1', NULL, '', '1', NULL, NULL, '6.50', '1'),
(245, 'Arthur Hill HS', NULL, NULL, 'Saginaw', 'MI', NULL, 'US', '9897974815', '9893995815', NULL, '', 'Records/Counseling', NULL, NULL, '1', NULL, '', NULL, 'tot up to 48hrs', NULL, NULL, '1'),
(246, 'Lahser HS*', NULL, NULL, NULL, 'MI', NULL, 'US', '2483415700', '2483415896', NULL, '', 'Deb *REQUIRE WET SIGNATURE*', NULL, NULL, '1', NULL, '', NULL, '7/2013: Bloomfield Hills school office: ph: 248-341-5400 fx: 248-341-5449\r\nDeb/records works Tuesday/Thursday and Friday Mornings.', NULL, '5.00', '1'),
(247, 'Louisiana State Univ-Baton Rouge/NSC', NULL, NULL, 'Baton Rouge', 'LA', NULL, 'US', '2255783202', NULL, NULL, '', NULL, NULL, NULL, NULL, NULL, '', '1', 'Law Records- 225-578-8646', NULL, '11.50', '1'),
(248, 'Baker Coll-Auburn Hills', NULL, NULL, 'Auburn Hills', 'MI', NULL, 'US', '2483400600', '2482768273', NULL, '', 'Office of the Registrar', NULL, NULL, NULL, NULL, '', NULL, '*contact Owosso Campus(989) 729-3400-', NULL, NULL, NULL),
(249, 'Inkster HS (Closed)', NULL, NULL, 'Inkster', 'MI', NULL, 'US', '7343341450', NULL, 'fraziem@resa.net', '', 'Melinda Fraser', '1', NULL, NULL, NULL, '', NULL, '02/2014: Right now process: $10.00 check made payable to Wayne RESA. \r\nAddress: \r\nATTENTION MELINDA FRASER \r\nWAYNE RESA \r\n33500 VAN BORN ROAD \r\nWAYNE MI 48184\r\n**Soon there will be a link online where we can provide credit card info, try the link below before sending out. \r\nMelinda processes the transcripts. Need to go to: http://www.resa.net/services/transcript/ and make sure you click the \"Inkster Public Schools\" at the top to order transcripts. Right now there is no fee. Also, email release of information to Melinda at fraziem@resa.net \r\nTot 10 business days \r\n\r\nClosed- records are now housed at Wayne County ISD; Ph 734-334-1300', NULL, '10.00', '1'),
(250, 'Lathrup HS', NULL, NULL, 'Southfield', 'MI', NULL, 'US', '2487467601', '2487467618', NULL, '', 'Student Records', NULL, NULL, '1', NULL, '', NULL, 'Pupil Accounting ATT Laura\r\n5/2008 or try Kelly at Lathrup Counseling:  248-746-7220, she has done via phone for me.', NULL, '5.00', '1'),
(251, 'Troy Athens HS', NULL, NULL, 'Troy', 'MI', NULL, 'US', '2488232900', '2488235265', NULL, '', 'Student Records', NULL, NULL, '1', NULL, '', NULL, NULL, NULL, NULL, '1'),
(252, 'Clawson HS', NULL, NULL, 'Clawson', 'MI', NULL, 'US', '2486554200', '2486554205', NULL, '', 'Mrs. Carolee Penny/Counseling', NULL, '1', NULL, NULL, '', NULL, NULL, NULL, NULL, '1'),
(253, 'Grosse Ile HS', NULL, NULL, 'Grosse Ile', 'MI', NULL, 'US', '7343622400', '7343622496', NULL, '', 'Counseling', NULL, '1', NULL, NULL, '', NULL, 'Counseling - Direct # 734-362-2408', NULL, '5.00', '1'),
(254, 'Roosevelt Univ/NSC', NULL, NULL, 'Chicago', 'IL', NULL, 'US', '8772775978', NULL, NULL, '', 'Registrar', NULL, NULL, NULL, NULL, '', '1', 'National Student Clearinghouse', NULL, NULL, '1'),
(255, 'Mason HS', NULL, NULL, 'Mason', 'MI', NULL, 'US', '5176769055', '5172446412', NULL, '', 'Student Records - Mrs Holbrook', NULL, NULL, '1', NULL, '', NULL, 'Moreen Holbrooks direct line: 517-676-6519\r\nSummer 2014: Mrs Holbrook is only in Tues-Thurs.  \r\nSchool District P: 517-676-2484 F: 517-676-6058', NULL, NULL, '1'),
(256, 'Oakland Comm Coll (NC)', 'Attn: Records', NULL, NULL, NULL, NULL, NULL, '2483412190', '2483412199', NULL, '', 'Enrollment Services', NULL, NULL, NULL, NULL, '', NULL, '11/9/07 vm msg states that OCC now uses stud clearinghouse to verify curr and former students, enrollments and degrees.', NULL, NULL, NULL),
(257, 'University of Akron #', NULL, NULL, 'Akron', 'OH', NULL, 'US', '3309728300', '3309722140', NULL, '', 'Student Records', NULL, NULL, NULL, NULL, '', '1', NULL, NULL, NULL, NULL),
(258, 'Truman HS', NULL, NULL, 'Taylor', 'MI', NULL, 'US', '7349466551', '7349466558', NULL, '', 'Pupil Accounting', NULL, NULL, '1', NULL, '', NULL, 'Older Records: Phone 313-295-5742 Fax 313-295-5819', NULL, NULL, '1'),
(259, 'Flushing HS', '5039 Deland Road', NULL, 'Flushing', 'MI', '48433', 'US', '8105913759', '8105913896', NULL, '', 'Records-Linda', NULL, NULL, '1', NULL, '', NULL, 'Board office #:  Denise is contact person @ 810-591-1180\r\nmain tele 810.591.0630\r\nAdult Ed. 810-591-2301.', NULL, NULL, '1'),
(260, 'Dorsey Business Sch-Roseville*', NULL, '248.585.3774-Attn: Gloria Brown-Admin Assist-', 'Roseville', 'MI', NULL, 'US', '5862963225', '5862966745', NULL, '', 'Student Records', NULL, NULL, '1', NULL, '', NULL, '12/2014 We do not believe that they do primary source verifications--high school must also be verified \r\n\r\n586 296-6745-Chelsea Richardson-Roseville\r\n*THEY DON\'T ACCEPT ELECTRONIC SIGNATURES-NEED WET SIGNATURE ON RELEASE\r\nCorporatefax: 248.585.3774-Attn:  Sheila\r\n(tele#)  248.585.9200 ext 1300', NULL, NULL, '1'),
(261, 'Farmington Sr HS', NULL, NULL, 'Farmington', 'MI', NULL, 'US', '2484893455', '2483245521', NULL, '', 'Attn: Kathy', NULL, NULL, '1', NULL, '', NULL, '10/12 Try Kathy first at guidance ofc- or for older files Kim Buckley ph# 248-426-4692 fax# 248-489-3334', NULL, NULL, '1'),
(262, 'Clark Atlanta University#', NULL, NULL, 'Atlanta', 'GA', NULL, 'US', '4048808752', NULL, NULL, '', NULL, NULL, NULL, NULL, NULL, '', '1', '4/26/05 - Now uses NSCH', NULL, NULL, NULL),
(263, 'Lamar University#', NULL, NULL, 'Beaumont', 'TX', NULL, 'US', '4098808365', '4098808369', NULL, '', NULL, NULL, NULL, NULL, NULL, '', '1', 'National Student Clearinghouse', NULL, NULL, '1'),
(264, 'Davenport Univ/NSC', NULL, NULL, 'Grand Rapids', 'MI', NULL, 'US', NULL, '6167321150', NULL, '', 'Registrar office X-1314', NULL, NULL, NULL, NULL, '', '1', 'Register Office - Daniel or Matthew ext 1707\r\nALLOW 3 DAYS T/0.  THEY WILL NOT GIVE INFO VIA PHONE.\r\nAlt fax #(313) 846-7544', NULL, '6.50', '1'),
(265, 'Dundee HS', NULL, NULL, 'Dundee', 'MI', NULL, 'US', '7345297008', '7345297053', NULL, '', 'Attn:Debbie', NULL, '1', NULL, NULL, '', NULL, '6/27/07 School sec\'y works over summer, Debbie ph# 734 529-7008 ext 3018', NULL, NULL, '1'),
(266, 'DPS/Ferguson Academy', NULL, NULL, 'Detroit', 'MI', NULL, 'US', '3135964766', '3135964773', NULL, '', 'Attn:Ms. Martin', NULL, NULL, '1', NULL, '', NULL, '03/2013  Per student records, this is no longer a DPS school but DPS houses the records, so fax to DPS for verification of grad. \r\nOlder records @ dps-fax to 313.873.6463', NULL, '5.00', '1'),
(267, 'Robichaud HS', NULL, NULL, 'Dearborn Hghts', 'MI', NULL, 'US', '3135653561', '3135650304', NULL, '', 'Ms. Underwood', NULL, NULL, '1', NULL, '', NULL, 'Main # 313-565-8851', NULL, NULL, '1'),
(268, 'Lanse Creuse HS', NULL, NULL, 'Harrison Twp', 'MI', '48045', 'US', '5867836400', '5867836407', NULL, '', 'Attn: Barbara', NULL, NULL, '1', NULL, '', NULL, 'Barbara- Ex. 1216\r\nFax for verification.\r\n** Barbara is only in on Thursdays for the summer- 2009', NULL, NULL, '1'),
(269, 'National Inst. of Tech-Dearborn*', NULL, NULL, 'Dearborn', 'MI', NULL, 'US', '3135624228', '3135625774', NULL, '', 'Sabrina Hoffman', NULL, NULL, '1', NULL, '', NULL, 'Also known as Everest- They require a WET signature.', NULL, NULL, '1'),
(270, 'Groveport HS', NULL, NULL, 'Groveport', 'OH', NULL, 'US', '6148364967', NULL, NULL, '', NULL, NULL, '1', NULL, NULL, '', NULL, NULL, NULL, NULL, NULL),
(271, 'University of Cincinnati/NSC', NULL, NULL, 'Cincinnati', 'OH', NULL, 'US', '5135563753', '5135566579', NULL, '', NULL, NULL, NULL, NULL, NULL, '', '1', 'main # 513-556-9900\r\nalt # 513-556-6517', NULL, NULL, NULL),
(272, 'DPS/Crockett HS-Closed', NULL, NULL, 'Detroit', 'MI', NULL, 'US', '3138667399', '3138733182', NULL, '', 'Ms. Williams', NULL, NULL, '1', NULL, '', NULL, '10/11/12 Fax to DPS\r\nschool fax(313) 866-7401', NULL, '5.00', '1'),
(273, 'Roscommon HS', NULL, NULL, 'Roscommon', 'MI', NULL, 'US', '9892756675', '9892756681', NULL, '', NULL, NULL, NULL, '1', NULL, '', NULL, 'Googled BOE for Roscommon all numbers are coming up busy but I found fax number: 989-275-8227', NULL, NULL, '1'),
(274, 'American University of Beirut', '3 Dag Hammarskjold Plaza', '(zip code is 10017)', 'Manhattan', 'NY', NULL, 'US', '2125837600', '2125837650', NULL, '', 'Julie Millstein/Registrar', NULL, NULL, '1', NULL, '', NULL, 'The univ is located in Beirut Lebanon but this is their New York office', NULL, NULL, '1'),
(275, 'University of Detroit/ NSC', '4001 W. NcNichols Rd.', NULL, 'Detroit', 'MI', '48221', 'US', '3139933313', '3139933317', NULL, '', 'National Student Clearinghouse', NULL, NULL, NULL, NULL, '', '1', 'Now University of Detroit- Mercy', NULL, '8.50', '1'),
(276, 'Southwestern Michigan Coll/NSC', NULL, NULL, 'Dowagiac', 'MI', NULL, 'US', '2697821305', NULL, NULL, '', 'Student Records', NULL, NULL, NULL, NULL, '', '1', 'National Student Clearinghouse\r\n\r\nmain # 269-782-1000', NULL, '6.50', '1'),
(277, 'Washtenaw Comm Coll/NSC', NULL, NULL, 'Ann Arbor', 'MI', NULL, 'US', '7349733300', '7346775408', NULL, '', 'Attention: Teresa', NULL, NULL, NULL, NULL, '', '1', 'To verify # of credit hours: Fax to Teresa at number above.', NULL, '6.50', '1'),
(278, 'Andover HS*', '*Must have wet signature', NULL, 'Bloomfield Hills', 'MI', NULL, 'US', '2483415400', '2483415896', 'dshoultz@bloomfield.org', '', 'Student Records', NULL, NULL, '1', NULL, '', NULL, 'Debs phone number: 248-341-5732\r\n248-341-5699: andover hs main office fax : 248-341-5899\r\n4/2- Need signed release\r\nDeb in Records does verifications M,W, and Friday Afternoons', NULL, '5.00', '1'),
(279, 'Clinton Street Christian School', NULL, NULL, 'Dearborn', 'MI', NULL, 'US', '3133611110', '3138954230', NULL, '', 'Student Records', NULL, '1', '1', NULL, '', NULL, NULL, NULL, NULL, '1'),
(280, 'University of Findlay/NSC', NULL, NULL, 'Findlay', 'OH', NULL, 'US', '4194228313', '4194344822', NULL, '', 'Jennifer/Registrar', NULL, NULL, NULL, NULL, '', '1', '07/12 NSC\r\n12/09-will verify by phone.\r\nToll Free: 1-800-472-9502', NULL, '6.50', '1'),
(281, 'University of North Carolina-Greensboro#', NULL, NULL, 'Greensboro', 'NC', NULL, 'US', '3363345946', NULL, NULL, '', 'Student Records', NULL, NULL, NULL, NULL, '', '1', NULL, NULL, NULL, '1'),
(282, 'Calvary Christian Academy', NULL, NULL, 'Ypsilanti', 'MI', NULL, 'US', '7344821990', '7344845118', NULL, '', 'Student Records', NULL, '1', NULL, NULL, '', NULL, 'extension 10', NULL, NULL, '1'),
(283, 'GED-NY', NULL, NULL, 'East Elmhurst', 'NY', NULL, 'US', '5184745906', NULL, NULL, '', 'Student Records', NULL, NULL, NULL, NULL, '', NULL, 'Press: 5 for customer service \r\n5/11: WE CAN VERIFY ONLINE WWW.NYSED.GOV  - NEED SS# & DOB\r\nFOR OLDER RECORDS-These are archived: Must Mail MONEY ORDER $4 Fee-payable to NY State Education Department. Must go to website above-click on GED, then on left near bottom-click GED Status Report, then download & print Attachement H. Mail to NY State Education Department (get mailing address from website)', NULL, NULL, '1'),
(284, 'University of Central Florida/NSC', NULL, NULL, 'Orlando', 'FL', NULL, 'US', '4078233100', NULL, NULL, '', 'Student Records', NULL, NULL, NULL, NULL, '', '1', NULL, NULL, NULL, '1'),
(285, 'Pinconning HS', NULL, NULL, 'Pinconning', 'MI', NULL, 'US', '9898792311', '9898797852', NULL, '', NULL, NULL, NULL, '1', NULL, '', NULL, 'Carolyn verifies the info', NULL, NULL, '1'),
(286, 'Hillsborough Comm Coll#', NULL, NULL, 'Tampa', 'FL', NULL, 'US', '8132537004', '8132537578', NULL, '', NULL, NULL, NULL, NULL, NULL, '', '1', 'Now thru NSCH 4/2011\r\nSheila, Registrar @  813-253-7178', NULL, NULL, '1'),
(287, 'Cornell Univ/NSC', NULL, 'B7 Day Hall', 'Ithaca', 'NY', NULL, 'US', '6072554232', '6072556262', NULL, '', 'Students Records', NULL, NULL, NULL, NULL, '', '1', 'Now uses NSCH\r\nThey house records for the sch of law as well-for TRANSCRIPTS-fax and they mail results w/in 24hrs.', NULL, '11.50', '1'),
(288, 'Waterford Township -Alternative HS', NULL, NULL, 'Waterford', 'MI', NULL, 'US', '2486743145', '2486746320', NULL, '', 'Student Records', NULL, NULL, '1', NULL, '', NULL, 'administration building ph: 248-682-1088', NULL, '5.00', '1'),
(289, 'JTPA-Sch of Pract Nsg', 'New Ctr One 3031 W Grand Blvd', NULL, 'Detroit', 'MI', '482020', 'US', '3138520772', '3138521088', NULL, '', 'Att: Shirley Gresham', NULL, NULL, '1', NULL, '', NULL, 'Fax for adult ed--313-852-1085', NULL, NULL, '1'),
(290, 'Shanghai Medical University', '138 Yi Xue Yuan Road', NULL, 'Shanghai', NULL, '200032', NULL, NULL, NULL, NULL, '', 'Student Records', NULL, NULL, NULL, NULL, '', NULL, NULL, NULL, NULL, '1'),
(291, 'DePaul Univ/NSC', NULL, NULL, 'Chicago', 'IL', NULL, 'US', '3123628610', NULL, NULL, '', NULL, NULL, NULL, NULL, NULL, '', '1', '10/05 Use NATIONAL STUDENT CLEARINGHOUSE\r\n\r\n02/2014: TRANSCRIPTS- have to be requested by the former student online only. We can not request transcripts.', NULL, '11.50', '1'),
(292, 'Tampa Tech Inst(aka Remington Coll)', '2410 E Busch Blvd', NULL, 'Tampa', 'FL', NULL, 'US', '8139355700', '8139357415', NULL, '', 'Student Records', NULL, NULL, '1', NULL, '', NULL, 'FAX SIGNED RELEASE\r\n9/2006 Now known as REMINGTON COLLEGE', NULL, NULL, NULL),
(293, 'University of Alberta', NULL, NULL, 'Edmunton', 'AB', NULL, 'CA', '7804923113', NULL, NULL, '', 'Records', NULL, '1', NULL, NULL, '', NULL, NULL, NULL, NULL, '1'),
(294, 'Professional Skills Institute', '1505 Holland Rd', NULL, 'Maumee', 'OH', '43537', 'US', '4197206670', '4197206674', NULL, '', 'Sue Burton-Registrar', NULL, NULL, '1', NULL, '', NULL, '419.720.6670', NULL, NULL, '1'),
(295, 'University of Arizona - Tucson/NSC', NULL, NULL, 'Tucson', 'AZ', NULL, 'US', '5206265303', NULL, NULL, '', 'Office of the Registrar', NULL, NULL, NULL, NULL, '', '1', NULL, NULL, NULL, '1'),
(296, 'Nova Southeastern Univ/NSC', NULL, NULL, 'Fort Lauderdale', 'FL', NULL, 'US', '9542627200', '9542624862', NULL, '', 'Office of the Registrar', NULL, NULL, NULL, NULL, '', '1', 'Sheila Hauer in Registrars office 954-262-7263\r\n\r\nTranscripts: $10 fee- go to schools website and obtain transcript request form, fill it out and send it in with a release of information. Have to provide CC info to pay for it.', NULL, '6.50', '1'),
(297, 'Owens State Comm Coll#', NULL, NULL, 'Toledo', 'OH', NULL, 'US', '4196617323', NULL, NULL, '', '(aka - Owens Tech)', NULL, NULL, NULL, NULL, '', '1', 'National Student Clearinghouse', NULL, NULL, '1'),
(298, 'North Branch HS', NULL, NULL, 'North Branch', 'MI', NULL, 'US', '8106883001', '8106888057', NULL, '', 'Student Records-Tonya', NULL, NULL, '1', NULL, '', NULL, '11/2013: Records are housed in another building and Tonya only goes there at the end of the day', NULL, NULL, '1'),
(299, 'Bay City Central HS', NULL, NULL, 'Bay City', 'MI', NULL, 'US', '9898939541', '9896718199', NULL, '', 'Student Records', NULL, NULL, '1', NULL, '', NULL, 'Bay Arenac ISD PH:989-667-3275, Fax: (989) 667-3291\r\nOlder records: Ellen at BOE 989-671-8126 fax 989 686-7910', NULL, NULL, '1'),
(300, 'University of Detroit-Mercy#', NULL, NULL, 'Detroit', 'MI', NULL, 'US', '3139933313', '3139933317', NULL, '', 'Registrar', NULL, NULL, NULL, NULL, '', '1', NULL, NULL, NULL, NULL),
(301, 'Clemson Univ/NSC', NULL, NULL, 'Clemson', 'SC', NULL, 'US', '8646562174', NULL, NULL, '', NULL, NULL, NULL, NULL, NULL, '', '1', 'National Student Clearinghouse', NULL, NULL, '1'),
(302, 'University of Phoenix/NSC', NULL, NULL, 'Phoenix', 'AZ', NULL, 'US', '8008663919', '4806431055', NULL, '', 'National Student Clearinghouse', NULL, NULL, NULL, NULL, '', '1', 'Main #(480) 804-7600', NULL, '12.00', '1');
INSERT INTO `schools` (`id`, `name`, `street_address1`, `street_address2`, `city`, `state_id`, `zip`, `country_id`, `phone`, `fax`, `email`, `website`, `contact_name`, `is_contact_mail`, `is_contact_phone`, `is_contact_fax`, `is_contact_email`, `is_online`, `is_nsc`, `notes`, `instructions`, `fee`, `is_active`) VALUES
(303, 'World Education Services Inc.', NULL, NULL, 'New York', 'NY', NULL, 'US', '2129666311', '2127396151', 'pandrade@wes.org', '', 'Credential Verification', NULL, NULL, NULL, '1', '', NULL, 'Alt Fax #: 212 739-6139\r\nExtension #2\r\n11/13/12 Email copy of report to Pietra Andrade @ pandrade@wes.org and she will take care of-she stated she needs copy of report w/ref# to verify', '\"Unfortunately we cannot verify any evaluation completed in 1997 or before as our system doesn', NULL, '1'),
(304, 'Columbia University/NSC', '205 Kent Hall; Mail Code 9202', '1140 Amsterdam Ave', 'New York', 'NY', NULL, 'US', '2128544330', NULL, NULL, '', NULL, NULL, NULL, NULL, NULL, '', '1', 'Office of the Registrar- Now at NSCH as of 5/8/07\r\n2/11-School of Law-registrar ofc-tele: 212.854.4400 Fax: 212.866.8476-for transcripts fax to attn: Peter', NULL, '13.50', '1'),
(305, 'Tower HS', NULL, NULL, 'Warren', 'MI', NULL, 'US', '5864394402', '5864458013', NULL, '', 'Student Records', NULL, NULL, '1', NULL, '', NULL, '07/2014: Summer email or call Joanne Anderson Phone: 586 439 4468 email: janderson@waw.misd.net \r\nNo longer verify over the phone has to be faxed with signed release- 4/11\r\nturn around time 24 hours.', NULL, '5.00', '1'),
(306, 'University of Utah/NSC', NULL, NULL, 'Salt Lake City', 'UT', '84112', 'US', '8015818965', NULL, NULL, '', 'Student Records', NULL, NULL, NULL, NULL, '', '1', NULL, NULL, '9.50', NULL),
(307, 'Excelsior Coll(was Regents Coll)/NSC', NULL, NULL, 'Albany', 'NY', NULL, 'US', '5184648500', '5184648777', NULL, '', NULL, NULL, NULL, NULL, NULL, '', '1', '4/2013- now NSC\r\nAnne L. (Receptionist) will verify by phone\r\n2/25- alt fax # 518-464-8646', NULL, '6.50', '1'),
(308, 'Hackley Hospital School of Nursing', NULL, NULL, 'Muskegon', 'MI', NULL, 'US', '2316726449', NULL, NULL, '', 'Contact-Prudy', NULL, NULL, NULL, NULL, '', NULL, '*Records are kept by GRAD YR, then name \r\nHospital main #231.726.3511,schhol is closed', NULL, NULL, '1'),
(309, 'Hudson HS', NULL, NULL, 'Hudson', 'MI', NULL, 'US', '5174488912', '5174488570', NULL, '', 'ATTN: Denise', NULL, NULL, '1', NULL, '', NULL, 'verify by fax', NULL, NULL, '1'),
(310, 'Central Texas Coll', 'P.O. Box 1800', NULL, 'Killeen', 'TX', NULL, 'US', '8007923348', '2545261111', NULL, '', 'Registrar Office', NULL, NULL, '1', NULL, '', NULL, '1-800-792-3348 main number \r\n48hr. T/O', NULL, NULL, '1'),
(311, 'Kearsley HS', NULL, NULL, 'Flint', 'MI', NULL, 'US', '8105919883', '8105919782', NULL, '', 'Student Records: Attention Julie', NULL, NULL, '1', NULL, '', NULL, 'must fax release to above #\r\nLinda\'s direct Tele # 810.591.5324\r\n810.591.9883 HS Tele #(adult Ed @ HS Now)', NULL, NULL, '1'),
(312, 'Stautzenberger College', NULL, NULL, 'Toledo', 'OH', NULL, 'US', '8005525099', '4198679821', NULL, '', 'Student Records', NULL, NULL, '1', NULL, '', NULL, '1/24/2013 Per Pat- must fax with full social security #\r\nFor Secor Campus records - Clyde Adams\r\nphone 419-865-9999, fax 419-867-9821', NULL, NULL, '1'),
(313, 'Marshall HS', NULL, NULL, 'Marshall', 'MI', NULL, 'US', '2697811321', NULL, NULL, '', 'Counseling Office', NULL, '1', NULL, NULL, '', NULL, NULL, NULL, '5.00', '1'),
(314, 'Mid Michigan Comm Coll/NSC', NULL, NULL, 'Harrison', 'MI', NULL, 'US', '9893866659', '9893866613', NULL, '', 'Registrar', NULL, NULL, NULL, NULL, '', '1', '10/09-now use nsch', NULL, '6.50', '1'),
(315, 'York University/ Aura Data', NULL, NULL, 'Toronto Canada', NULL, NULL, NULL, '4167365440', NULL, NULL, '', NULL, NULL, NULL, NULL, NULL, '', NULL, 'Need signed release', NULL, '18.00', '1'),
(316, 'Warren Woods HS', NULL, NULL, 'Warren', 'MI', NULL, 'US', '5864394402', '5864458013', NULL, '', 'Student Records', NULL, NULL, '1', NULL, '', NULL, 'Roberta/Pupil Acctng: Fax: 586-353-0547 Tele: 586 439-4468\r\nAlso See Enterprise HS - Warren Woods School System\r\nAlternative', NULL, NULL, NULL),
(317, 'Stratton Coll', '1300 N Jackson St', NULL, 'Milwaukee', 'WI', NULL, 'US', '4142765200', '4142763930', NULL, '', 'Student Records Attn Mary', NULL, '1', NULL, NULL, '', NULL, NULL, NULL, NULL, NULL),
(318, 'Unknown', NULL, NULL, NULL, NULL, NULL, NULL, NULL, NULL, NULL, '', NULL, NULL, NULL, NULL, NULL, '', NULL, NULL, NULL, NULL, NULL),
(319, 'Harper Hosp Sch of Rad Tech', NULL, NULL, 'Detroit', 'MI', NULL, 'US', '3137458408', '3139662742', NULL, '', 'Somona-Secretary', NULL, '1', NULL, NULL, '', NULL, 'Alt phone: (313) 578-2333, fx: (313) 758-2328\r\nOccupational Health- Business Office ph: (313) 745-4522 fx: (313) 745-3263', NULL, NULL, '1'),
(320, 'Illinois Wesleyan Univ#', NULL, NULL, 'Bloomington', 'IL', NULL, 'US', '3095563161', '3095563411', NULL, '', NULL, NULL, NULL, NULL, NULL, '', '1', 'RECORDS AT NATIONAL STUDENT CLEARING HOUSE', NULL, NULL, '1'),
(321, 'Milwaukee Area Technical College', NULL, NULL, 'Milwaukee', 'WI', NULL, 'US', '4142976470', '4142976371', NULL, '', NULL, NULL, NULL, '1', NULL, '', NULL, 'Main number is 414-297-6283', NULL, NULL, '1'),
(322, 'University of Kansas#', NULL, NULL, 'Lawrence', 'KS', NULL, 'US', '7858644422', '7858645230', NULL, '', 'Registrar', NULL, NULL, NULL, NULL, '', '1', NULL, NULL, NULL, '1'),
(323, 'Manual Arts HS', NULL, NULL, 'Los Angeles', 'CA', NULL, 'US', '3238467300', '3232320837', NULL, '', 'Student Records', NULL, '1', NULL, NULL, '', NULL, 'Archives for older records- 1-323-224-5950\r\nMail 7.00 check to \r\nLAUSD\r\nStudent Records Center\r\nP.O. Box 3307\r\nLos Angeles CA 90051', NULL, NULL, '1'),
(324, 'Toledo School of Practical Nursing*', NULL, NULL, 'Toledo', 'OH', NULL, 'US', '4196718706', '4196718704', 'jshinave2@tps.org', '', 'Julie/Records', NULL, NULL, '1', NULL, '', NULL, 'They only verify once a week on Wednesdays \r\nMust fax with SIGNED release, not electronic signature', NULL, NULL, '1'),
(325, 'Hill McCloy HS', NULL, NULL, 'Montrose', 'MI', NULL, 'US', '8106396131', '8105917281', NULL, '', 'Attention: Sue', NULL, NULL, '1', NULL, '', NULL, 'Phone # above is for Montrose District Schools.\r\nLeanne in Administration is helpful, her email is: lbloomfield@montroseschools.org', NULL, NULL, '1'),
(326, 'Lagos University Teaching Hospital', NULL, NULL, 'Lagos', NULL, NULL, NULL, NULL, NULL, NULL, '', NULL, NULL, NULL, NULL, NULL, '', NULL, 'School of Nursing', NULL, NULL, '1'),
(327, 'Northwestern Univ-IL/NSC', '375 Eats Chicago Ave', NULL, 'Chicago', 'IL', '60611', 'US', '8474915234', '3129269206', NULL, '', 'Student Services', '1', NULL, NULL, NULL, '', '1', '12/2013: Uses NSC \r\n6/26/2012 Must mail $5 - can fax info \r\n3/15- Law office Registrar:phone: 312-503-8464; fax: 312 503-2518 \r\nNational Student Clearinghouse', NULL, NULL, NULL),
(328, 'Tawas High School', 'Attn: Ellen', NULL, 'Tawas', 'MI', NULL, 'US', '9899842100', '9899842188', NULL, '', 'Counseling', NULL, '1', NULL, NULL, '', NULL, NULL, NULL, '5.00', '1'),
(329, 'Duke University/NSC', NULL, NULL, 'Durham', 'NC', NULL, 'US', '9196842813', NULL, NULL, '', NULL, NULL, NULL, NULL, NULL, '', '1', 'National Student Clearinghouse', NULL, '6.50', '1'),
(330, 'Ross Med Ctr-Ann Arbor', NULL, NULL, 'Ann Arbor', 'MI', NULL, 'US', '7344347320', '7344348579', NULL, '', 'Jessica - Records', NULL, NULL, '1', NULL, '', NULL, 'tot normally 2 business days', NULL, NULL, '1'),
(331, 'Mercy Hosp Sch of Nsg-OH', NULL, NULL, 'Toledo', 'OH', NULL, 'US', '4192511279', '4192510629', NULL, '', 'Registrar', NULL, NULL, '1', NULL, '', NULL, '09/2007 fax request', NULL, NULL, '1'),
(332, 'Kennedy-Western Univ', NULL, NULL, 'Oakland', 'CA', NULL, 'US', NULL, NULL, NULL, '', 'Registrar', NULL, '1', NULL, NULL, '', NULL, NULL, NULL, NULL, '1'),
(333, 'Mott Continuing Education', NULL, NULL, 'Flint', 'MI', NULL, 'US', '8107620392', '8107508588', NULL, '', 'Sylvia', NULL, '1', NULL, NULL, '', NULL, NULL, NULL, '5.00', '1'),
(334, 'Jefferson HS-Monroe MI', NULL, NULL, 'Monroe', 'MI', NULL, 'US', '7342895555', '7342895595', NULL, '', 'Registrar', NULL, NULL, '1', NULL, '', NULL, 'Summer 08- Call Karen 734-322-2550, she responds the same day!', NULL, NULL, '1'),
(335, 'Groves HS-Birmingham', NULL, NULL, 'Birmingham', 'MI', NULL, 'US', '2482033500', NULL, NULL, '', 'Karen Farner', NULL, '1', NULL, NULL, '', NULL, NULL, NULL, '5.00', '1'),
(336, 'Our Lady of The Lakes', NULL, NULL, 'Waterford', 'MI', NULL, 'US', '2486230340', NULL, NULL, '', 'Counseling', NULL, '1', NULL, NULL, '', NULL, NULL, NULL, NULL, '1'),
(337, 'University of Colorado-Boulder/NSC', NULL, NULL, 'Boulder', 'CO', NULL, 'US', '3034924911', NULL, NULL, '', 'Student Records', NULL, NULL, NULL, NULL, '', '1', 'school\'s main #:(303) 492-1411', NULL, '12.50', '1'),
(338, 'GED-North Carolina', NULL, NULL, 'Raleigh', 'NC', NULL, 'US', '9198077137', '9198077172', NULL, '', 'Melissa-', NULL, NULL, '1', NULL, '', NULL, '3/20/13- rec\'d the next day\r\nDO NOT CALL TO CONFIRM FAX RECEIVED!\r\n\r\n3/19/13-must go onto their website: www.nccommunitycolleges.edu download their GED form. Fill out the form. fax form w/release (will accept electronic). TOT is 20-25 business days. Go To: Creating Success drop dwn to student support srvcs, then GED Scores to GED Verification to GED form.', NULL, NULL, '1'),
(339, 'HS outside USA-not verified', NULL, NULL, NULL, NULL, NULL, NULL, NULL, NULL, NULL, '', NULL, NULL, NULL, NULL, NULL, '', NULL, NULL, NULL, NULL, '1'),
(340, 'Hurley Medical Center-School of Nursing', NULL, NULL, 'Flint', 'MI', NULL, 'US', '8102629926', '8102629623', NULL, '', 'Attn:Linda Leffel', NULL, NULL, '1', NULL, '', NULL, '* 07/11/2012 - Must fax 48-72 hrs t/a', NULL, NULL, '1'),
(341, 'Memorial Sch of Nursing', NULL, NULL, 'South Bend', 'IN', NULL, 'US', '5742847991', NULL, NULL, '', NULL, NULL, '1', NULL, NULL, '', NULL, NULL, NULL, NULL, '1'),
(342, 'Brown City HS', NULL, NULL, 'Brown City', 'MI', NULL, 'US', '8103462781', '8103462381', NULL, '', 'Student Records-Robin Kennedy', NULL, '1', NULL, NULL, '', NULL, '1/09-will verify by phone. LM', NULL, '5.00', '1'),
(343, 'Wake County Public Schools', 'P.O. Box 28041', NULL, 'Raleigh', 'NC', NULL, 'US', '9198501638', '9197130681', NULL, '', 'Central Records', NULL, NULL, '1', NULL, '', NULL, '**Wake County houses records for Millbrook HS that are 5yrs or older', NULL, NULL, NULL),
(344, 'Warren High School(Closed)', '# supplied below', 'Arden', 'Warren', 'MI', NULL, 'US', '5866984112', '5866984114', NULL, '', 'School Closed - Records are kept @ Central Records', NULL, '1', '1', NULL, '', NULL, 'Pupil Acctng-Sue/or Jennifer Direct #586.825.2400', NULL, '5.00', '1'),
(345, 'Seaholm HS', NULL, NULL, 'Birmingham', 'MI', NULL, 'US', '2482033754', '2482033825', NULL, '', 'Student Records', NULL, '1', NULL, NULL, '', NULL, 'Main # (248) 203-3700', NULL, '5.00', '1'),
(346, 'Illinois State Univ#', NULL, NULL, 'Normal', 'IL', NULL, 'US', '3094382111', NULL, NULL, '', NULL, NULL, NULL, NULL, NULL, '', '1', 'verify thru National Student Clearinghouse\r\nWeb address-  WWW.ILSTU.EDU', NULL, NULL, '1'),
(347, 'GED-Massachusetts', NULL, NULL, NULL, NULL, NULL, NULL, '7813386625', '7813383394', NULL, '', 'They do accept electronic signatures', NULL, NULL, '1', NULL, '', NULL, '2/03 MUST FAX 2-3 DAY T/O', NULL, NULL, '1'),
(348, 'Northwestern HS-Flint', NULL, NULL, 'Flint', 'MI', NULL, 'US', '8107601780', '8107606809', NULL, '', NULL, NULL, NULL, '1', NULL, '', NULL, '05/2013 Pupil  Personnel for older records-older than 2000: 1-810-760-1026 (1025) or 1230\r\nMust fax: 1-810-760-6880', NULL, NULL, '1'),
(349, 'Lourdes University/NSC', NULL, NULL, 'Sylvania', 'OH', NULL, 'US', '4195177449', '4198243962', NULL, '', 'Student Records', NULL, NULL, '1', NULL, '', '1', NULL, NULL, '6.50', '1'),
(350, 'Northeastern Illinois Univ#', NULL, NULL, 'Chicago', 'IL', NULL, 'US', '7735834050', NULL, NULL, '', 'Registar\'s Office', NULL, NULL, NULL, NULL, '', NULL, '**VERIFY THROUGH DEGREECHK.COM\r\nalt phone #773-442-4035\r\nfax #773-442-4020', NULL, NULL, NULL),
(351, 'Academy of Oak Park/Academy of Michigan', NULL, NULL, 'Oak Park', 'MI', NULL, 'US', '2485697787', '2489681482', NULL, '', 'Brenda Jones, Director of Pupil Accounting', NULL, '1', NULL, NULL, '', NULL, '01/24/2013 Brenda Jones,Academy of Michigan, Director of Pupil Accounting 248-569-7787 ext 3122-she verifies by phone fax 248-228-8029\r\n01/17/2013 Per conversation with Neil email request and release to his attention at beckwithn@mi.gov.\r\n06/15/12 Alt contact: Neil Beckwith fax 517.241.0247 + ph 517.241.4833\r\n(formerly Academy of Detroit HS) Neil\'s email - beckwithn@mi.gov\r\nCSAS Pupil Accounting # 248-569-7787- Good contact is Ms. Sanders--H\r\ner fax number listed above.\r\nFor Records that aren\'t still housed in Puplil Accounting- Need to contact Neil Beckwith @Tele: 517 241.4833Fax:  517 241-0247-He houses the records in Lansing.', NULL, NULL, '1'),
(352, 'Baker Collegel-Online', NULL, NULL, NULL, NULL, NULL, NULL, '8004693165', NULL, NULL, '', NULL, NULL, '1', NULL, NULL, '', NULL, NULL, NULL, NULL, NULL),
(353, 'Sault College', NULL, NULL, 'Sault Ste. Marie', 'ON', NULL, 'CA', '7057596700', '7057593273', NULL, '', NULL, NULL, '1', NULL, NULL, '', NULL, NULL, NULL, NULL, NULL),
(354, 'US Army Acad of Health Sciences-Ft Hood', NULL, NULL, 'Fort Hood', 'TX', NULL, 'US', '2102216219', '2102218711', NULL, '', 'Attention: Registrar', NULL, NULL, '1', NULL, '', NULL, '09/2013: NEED TO FAX FULL SSN \r\nRegistrars number (210) 221-6207\r\nalso Acad of Health Sciences-Ft Sam Houston', NULL, NULL, '1'),
(355, 'American Univ-Wash. DC/NSC', NULL, NULL, 'Washington', 'DC', NULL, 'US', '2028852200', '2028851016', NULL, '', NULL, NULL, NULL, NULL, NULL, '', '1', 'Law Transcripts (must have wet signature): Email Request and Release to registrar@wcl.american.edu; Follow call to 202-274-4080', NULL, '6.50', '1'),
(356, 'Utica Comm Schools - Adult Ed', NULL, NULL, 'Utica', 'MI', NULL, 'US', '5867976970', '5867976501', NULL, '', 'Student Records', NULL, NULL, '1', NULL, '', NULL, 'Alternative Learning- fax #: 586 797-6501-graduates \r\nAlternative Adult Ed-ages over 20 yrs. contact 586 797-6906; hrs-12:30pm -8 pm.\r\n** Can call Maria (586) 797-6505 for Adult ED \r\n** Housed records - Utica Learning Academy (586) 797-6570', NULL, NULL, '1'),
(357, 'St Paul HS', NULL, NULL, 'Grosse Pointe', 'MI', NULL, 'US', '3138853430', '3138859357', NULL, '', 'Student Records', NULL, '1', NULL, NULL, '', NULL, NULL, NULL, NULL, '1'),
(358, 'Oak Ridge HS-FL', NULL, NULL, NULL, 'FL', NULL, 'US', '4078523200', NULL, NULL, '', NULL, NULL, '1', NULL, NULL, '', NULL, 'District Office for older records-  407-317-3200', NULL, NULL, NULL),
(359, 'Harry Truman HS-MI', NULL, NULL, 'Taylor', 'MI', NULL, 'US', '3132955742', NULL, NULL, '', 'Cindee Cochran, Secretary', NULL, '1', NULL, NULL, '', NULL, 'Follow prompt to speak with Cindee. \r\nAdministration Offices: Phone (313) 295-5742, Fax (313) 295-5819\r\nHS Main Number: (734) 946-6551', NULL, NULL, '1'),
(360, 'John F Kennedy HS-Taylor', NULL, NULL, 'Taylor', 'MI', NULL, 'US', '7343741229', '3132955819', NULL, '', NULL, NULL, '1', NULL, NULL, '', NULL, '** For older files(after 4 yrs) - Pupil Acctng-313 295-5742\r\nSharon in Pupil Rentention Fx #- 313-295-5819\r\nFax # to HS: 734-287-0275', NULL, NULL, '1'),
(361, 'Davenport Univ-Grand Rapids/NSC', NULL, NULL, 'Grand Rapids', 'MI', NULL, 'US', '6164513511', '6167321150', NULL, '', 'Attn: Sonya', NULL, NULL, NULL, NULL, '', '1', '24 hr. t/o time', NULL, '6.50', '1'),
(362, 'Franklin HS-Livonia', NULL, NULL, 'Livonia', 'MI', NULL, 'US', '7347442655', '7347442657', NULL, '', 'Guidance Office- Donna', NULL, NULL, '1', NULL, '', NULL, NULL, NULL, '5.00', '1'),
(363, 'St Mary Catholic Central HS', NULL, NULL, 'Monroe', 'MI', NULL, 'US', '7342417622', '7342419042', NULL, '', 'Student Records', NULL, '1', NULL, NULL, '', NULL, '* School only keeps records from 1987 & up.  If older records are needed call Archives - (734) 241-3660', NULL, '5.00', '1'),
(364, 'Beaumont Sch of Radiology', NULL, NULL, NULL, NULL, NULL, NULL, '2488981937', NULL, NULL, '', 'Phyllis Washington- Administrative Assistant', NULL, '1', NULL, NULL, '', NULL, 'Polsomnogtraphic Technology (Sleep Eval Srvcs)-Contact Ms Garner-248 547-4276\r\nRad Cert: Contact Phyllis Washington at 248-898-1937\r\nCall Vivian Churchill for MRI @248.898.4614 Peggy 248-898-7482 or Michelle 248-898-7483\r\nCall Jennifer Apfel @ 248-551-6051 for Residence Students', NULL, NULL, '1'),
(365, 'Indiana Univ Northwest-Gary #', NULL, NULL, 'Gary', 'IN', NULL, 'US', '2199806815', NULL, NULL, '', 'Student Records', NULL, NULL, NULL, NULL, '', '1', 'Through NSCH', NULL, NULL, NULL),
(366, 'Ovid-Elsie HS', NULL, NULL, 'Elsie', 'MI', NULL, 'US', '9898342271', '9898624463', NULL, '', 'Student Records', NULL, '1', NULL, NULL, '', NULL, 'Records past 5 years, call main # and ex. 1600\r\nSchool only houses records for 5 years- they are then transferred to the Admin. Offices, call main # and enter ex. 1122\r\nContact Admin Office During Summer: option #3, then #3', NULL, NULL, '1'),
(367, 'Monroe HS', NULL, NULL, 'Monroe', 'MI', NULL, 'US', '7342653433', '7342653491', NULL, '', 'Student Records Att: Marjorie Servis', NULL, NULL, '1', NULL, '', NULL, 'TOT: 24 hours\r\n\r\nJuly, 2012:  Board office:  Suzanne in records can verify:  her phone # is 734-265-3110;  fax 734-265-3001 \r\n\r\nMarjorie direct ph# 734 265-3433 or try 734-265-3490\r\n\r\nSummer 2012- Marg works Mon-Thurs: 734-265-3433', NULL, NULL, '1'),
(368, 'ECFMG#', NULL, NULL, 'Philadelphia', 'PA', NULL, 'US', '2153865900', '2153869767', NULL, '', 'Online', NULL, NULL, NULL, NULL, '', NULL, '4/2013- Use Internet Explorer\r\n\r\nECFMG=Educational Commission for Foreign Medical Graduates - medical education crdential agency for foreign medical school graduates\r\n\r\nNote: If only have a 7 digit Cert #-add a zero in from to make 8 digits', 'Fee changes to 35.00 January 2012\r\nUSER ID:  reference  PW:  company@\r\nECFMG=Educational Commission for Foreign Medical Graduates - medical education crdential agency for foreign medical school graduate\r\n12/2012 MUST ACCESS SITE THRU INTERNET EXPLORER', '35.00', '1'),
(369, 'Home Schooling-MI', NULL, NULL, 'Lansing', 'MI', NULL, 'US', '5173731833', NULL, NULL, '', 'Wanda Bazzett', NULL, '1', NULL, NULL, '', NULL, '01/2013 Per Brenda, fax information and get it in writing with signature .', NULL, NULL, NULL),
(370, 'Acad of the Sacred Heart HS', NULL, NULL, 'Bloomfield Hills', 'MI', NULL, 'US', '2486468900', '2486464143', NULL, '', 'Student Records - Lori', NULL, NULL, NULL, NULL, '', NULL, NULL, NULL, '5.00', '1'),
(371, 'Far Eastern University', 'Nicanor Reyes Street', NULL, 'Sampaloc Manila', NULL, '2008', NULL, NULL, NULL, NULL, '', NULL, NULL, NULL, NULL, NULL, '', NULL, 'Info verified in 12 days \r\nPO Box 609', NULL, '110.00', '1'),
(372, 'Davenport Univ-Warren/NSC', NULL, NULL, 'Grand Rapids', 'MI', NULL, 'US', '6164513511', '6167321150', NULL, '', 'Registrar', NULL, NULL, '1', NULL, '', '1', 'All are run through the Grand Rapids location \r\n11/18/08 fax for verification\r\n11/18/08 records are now @ Grand Rapids', NULL, '6.50', '1'),
(373, 'Cherryhill School of Performing Arts', NULL, NULL, 'Inkster', 'MI', NULL, 'US', '2485697787', '2482288029', NULL, '', 'Attn:  Brenda Jones', NULL, '1', '1', NULL, '', NULL, NULL, NULL, NULL, '1'),
(374, 'Helene Fuld Coll of Nsg-NY', '1879 Madison Ave', NULL, 'New York', 'NY', NULL, 'US', '2126167200', '2126167297', NULL, '', 'Student Records', NULL, '1', '1', NULL, '', NULL, NULL, NULL, NULL, '1'),
(375, 'Birmingham HS-CA', NULL, NULL, 'Van Nuys', 'CA', NULL, 'US', NULL, NULL, NULL, '', NULL, NULL, '1', NULL, NULL, '', NULL, NULL, NULL, '5.00', '1'),
(376, 'Sexton HS', NULL, '5815 Wise Rd', 'Lansing', 'MI', '48911', 'US', '5177552820', '5177552829', NULL, '', 'Attn:Sharon', '1', NULL, NULL, NULL, '', NULL, 'mail to: PACE (ph: 517-755-2820 fx: 517-755-2009 )\r\n02/2013 Per pupil accounting t/a time is 5-30 business days\r\n6/09-Must Mail $5 chk w/rel & req to Pace made out to Lansing School District.  tot 3 business days.\r\nI called above #, they said must call Pupil Accounting at 517-755-2820\r\n* Can call Teresa @ (517) 755-2835 to verify receipt of fax.', 'Pace\r\nLansing School District \r\n5815 Wise Rd. \r\nLansing MI 48911', '5.00', '1'),
(377, 'Comm Coll of the Air Force-Maxwell#', NULL, NULL, 'Maxwell AF Base', 'AL', NULL, 'US', '3349531110', NULL, NULL, '', 'Student Records', NULL, NULL, NULL, NULL, '', '1', '4/10-now use NSCH', NULL, NULL, '1'),
(378, 'University of Nebraska-Omaha/NSC', NULL, NULL, 'Omaha', 'NE', NULL, 'US', '4025542800', '4025542012', NULL, '', NULL, NULL, NULL, '1', NULL, '', '1', '* (402)554-2800 Main \r\nFax for verification.', NULL, NULL, '1'),
(379, 'Neshaminy HS', NULL, NULL, 'Langhorne', 'PA', NULL, 'US', '2158096230', '2158096579', NULL, '', 'Student Records', NULL, '1', '1', NULL, '', NULL, 'Older records are kept at student services @ 215-809-6000. Ask for Diane\r\nDiane\'s direct # 215-809-6587', NULL, NULL, '1'),
(380, 'University of Phoenix-Livonia#', NULL, NULL, 'Livonia', 'MI', NULL, 'US', '7345919133', '7345917767', NULL, '', 'Student Records', NULL, NULL, NULL, NULL, '', '1', '2/09-now thru NSCH\r\nCall Corp @ 800-866-3919', NULL, NULL, NULL),
(381, 'Henry Ford Academy', '20900 Oakwood Blvd', NULL, 'Dearborn', 'MI', NULL, 'US', '3139826200', '3139826021', NULL, '', 'Student Records', NULL, NULL, '1', NULL, '', NULL, NULL, NULL, NULL, '1'),
(382, 'Hawaii Pacific University/NSC', NULL, NULL, 'Honolulu', 'HI', NULL, 'US', '8662255478', '8085441168', NULL, '', 'Rachelle', NULL, '1', NULL, NULL, '', '1', 'Press #6', NULL, '6.50', '1'),
(383, 'Bullock Creek HS', NULL, NULL, 'Midland', 'MI', NULL, 'US', '9896312340', '9898355467', NULL, '', 'Counseling Office-Lynette', NULL, '1', NULL, NULL, '', NULL, 'Pam in Counseling Office\r\n\r\nTele # to their alternative Ed/aka: Education & Training Connection: 989 631-5202. ext 215 for records.', NULL, NULL, '1'),
(384, 'Ida HS', NULL, NULL, 'Ida', 'MI', NULL, 'US', '7342693485', '7342693495', NULL, '', 'Student Records-Patty', NULL, NULL, '1', NULL, '', NULL, NULL, NULL, NULL, '1'),
(385, 'Grand Blanc HS', NULL, NULL, 'Grand Blanc', 'MI', NULL, 'US', '8105916647', '8105912663', NULL, '', 'Student Records-Linda', NULL, NULL, '1', NULL, '', NULL, 'Adult Ed. Records: Ph: 810-591-6088\r\nSummer 2014: Marci Ph: 810-591-6639\r\nSummer 2013 Hours: June and August 7-3:30, July: 8-1\r\nNumber above goes directly to Linda.  She will verify on the phone.  \r\n(810) 591-6638 alt #', NULL, NULL, '1'),
(386, 'Enterprise HS-Warren', NULL, NULL, 'Warren', 'MI', NULL, 'US', '5864394407', '5865789474', NULL, '', 'Lynn (Secretary)', NULL, '1', '1', NULL, '', NULL, 'Part of Warren Woods/Tower School District\r\n(586) 439-4968 (Fax) Adult Ed\r\n(586) 439-4408 (Phone) Adult Ed', NULL, NULL, '1'),
(387, 'Algonac HS', NULL, NULL, 'Algonac', 'MI', NULL, 'US', '8107944911', NULL, 'Dlauland@algonac.k12.mi.us', '', 'Student Records/Denise Lauland', NULL, NULL, NULL, '1', '', NULL, 'Records Prior to 1991 are on microfilm and may take a while to confirm.', NULL, NULL, '1'),
(388, 'Salisbury University/NSC', NULL, NULL, NULL, 'MD', NULL, 'US', '4105436000', NULL, NULL, '', NULL, NULL, NULL, NULL, NULL, '', '1', NULL, NULL, NULL, '1'),
(389, 'Bringham Young University', NULL, NULL, 'Provo', 'UT', NULL, 'US', '8014222631', NULL, NULL, '', 'Registrar', NULL, '1', NULL, NULL, '', NULL, 'Main #(801) 422-4636', NULL, NULL, '1'),
(390, 'Pine River Area HS', NULL, NULL, 'LeRoy', 'MI', NULL, 'US', '2318293141', '2318295227', NULL, '', NULL, NULL, NULL, '1', NULL, '', NULL, NULL, NULL, '5.00', '1'),
(391, 'OOC-University College London', NULL, NULL, 'London, United Kingdom', NULL, NULL, NULL, NULL, NULL, NULL, '', NULL, NULL, NULL, NULL, NULL, '', NULL, 'studentstatus@ucl.ac.uk can be used to verify', NULL, '110.00', '1'),
(392, 'Henry Ford Macomb Hosp- Radiology School', NULL, NULL, 'Clinton Twp', 'MI', NULL, 'US', '5864669400', '5862632595', NULL, '', 'Student Records', NULL, '1', NULL, NULL, '', NULL, '10/2006 St Joseph is now HF Macomb Hospital', NULL, NULL, '1'),
(393, 'Rochester Adams HS', NULL, 'Rochester, 48307', 'Rochester', 'MI', NULL, 'US', '2487265200', '2487265385', NULL, '', 'Attn:  Kathy', NULL, NULL, '1', NULL, '', NULL, 'For older records . $5.00 fee mailed to Rochester,\r\n\r\n5/11- Older record is considered 1983 and earlier. \r\n2/09-direct ext -5227 for Kathy/Records\r\nWeb site www.rochester.k12.mi.us  Go to student enrollment at bottom and print form to use when requesting a transcript. Jc 11/29/04', NULL, NULL, '1'),
(394, 'Keiser University-Ft Lauderdale', NULL, NULL, 'Ft Lauderdale', 'FL', NULL, 'US', '9547764456', '9549151091', NULL, '', 'Student Records- Call first to see which campus th', NULL, NULL, NULL, NULL, '', NULL, '07/2014: Contact app which location attended, online Ft. Lauderdale or E-Campus. \r\nOn Ground: Fax to Number Above \r\nE-campus***: Must fax with HAND SIGNED release to 954-318-7552 Phone: 1-954-351-4040', NULL, NULL, '1'),
(395, 'CGFNS', NULL, NULL, NULL, NULL, NULL, NULL, '2152228454', NULL, NULL, '', NULL, NULL, NULL, NULL, NULL, '', NULL, 'Price keeps going up for applicants, try to AVOID USING. Go directly to school to verify (change to OOC)\r\ncan ask app if they have cgfns username and pw and then we can check their info online**if not, we have to call after 2 weeks\r\nCertifies foreign nursing students\r\nApp should have rcvd cert in the last 3 years, otherwise go back to the school directly.', NULL, NULL, '1'),
(396, 'Ivy Tech State#', NULL, NULL, 'Bloomington', 'IN', NULL, 'US', '8123321559', NULL, NULL, '', NULL, NULL, NULL, NULL, NULL, '', '1', 'All Ivy Tech needs to go through NSCH in the future.', NULL, NULL, '1'),
(397, 'Macomb Community College/NSC', NULL, NULL, NULL, 'MI', NULL, 'US', '5864457225', '5864457140', NULL, '', NULL, NULL, NULL, NULL, NULL, '', '1', 'Carrie Jeffers: 586.286.2187\r\nAdmissions and Records: Ph 586-445-7999 Prompt #1 Fax 586-226-4787\r\nThe Fax # above is south campus. Center campus is 586-226-4787.\r\nRon Hughes Registrar 586-445-7179\r\nFor Certs fax to Enrollment office; 586-445-7140; they will mail results back to us, they won\'t fax back to us per Michelle, it is not her anymore! \r\n7/06 Call 586-226-4800 for Continuing ED/Certif verif\r\n10/05 Gloria-Registrar ofc for enrollment verification if can\'t find degree through NSC\r\n12/2004 send only for applicants who ONLY who have their degree - Current applicants still atttending see Macom', '09/10/12-NOTE:  A good contact in Enrollmnt Srcs-Cheryl @ (Phone) 286-2204 for verifying current attendance ie: nsg program. Fax: Center Campus Enrollment Services: 586 226-4787.\r\n07/25/2013- If there is a big issue ask to speak with Chris Laubach (Asst. Manager)', '6.50', '1'),
(398, 'Harper Coll#', '1200 Algonquin', NULL, 'Palatine', 'IL', NULL, 'US', '8479256000', NULL, NULL, '', 'Student Records', NULL, NULL, NULL, NULL, '', '1', 'National Student Clearinghouse', NULL, NULL, '1'),
(399, 'Kimball HS', NULL, NULL, 'Royal Oak', 'MI', NULL, 'US', '2484358500', '2482888733', NULL, '', 'Student Records-Pat Cooley Ex. 1133', NULL, '1', NULL, NULL, '', NULL, '8/2013: summer verif\'s select 1133 \r\nCall 248.588.5050 for Adult ED.Contact: Marily Couples-fax 248.588.2881', NULL, '5.00', '1'),
(400, 'University of Wisconsin-Milwaukee/NSC', NULL, NULL, 'Milwaukee', 'WI', NULL, 'US', '4142293800', NULL, NULL, '', 'National Student Clearinghouse', NULL, NULL, NULL, NULL, '', '1', '6/2013: have to run as university of Wisconsin_-_milwaukee', NULL, '6.50', '1'),
(401, 'Clio HS', NULL, NULL, 'Clio', 'MI', NULL, 'US', '8105914803', '8105918169', NULL, '', 'Student Records', NULL, NULL, '1', NULL, '', NULL, 'Alt Fax:810.591.8504', NULL, NULL, '1'),
(402, 'DeVry Univ. (Formerly Institute)-Addison IL', NULL, NULL, 'Addison', 'IL', NULL, 'US', '6309531300', '6306528793', NULL, '', 'Registrar\'s Office', NULL, NULL, '1', NULL, '', NULL, 'Must fax to verify info.  Attention:  Moira', NULL, NULL, '1'),
(403, 'University of Miami/NSC', NULL, NULL, 'Coral Gables', 'FL', NULL, 'US', '3052842294', '3052846293', NULL, '', 'Student Records', NULL, NULL, NULL, NULL, '', '1', NULL, NULL, '10.00', '1'),
(404, 'Grand Canyon Univ/NSC', NULL, NULL, 'Phoenix', 'AZ', NULL, 'US', '6025892773', NULL, NULL, '', NULL, NULL, NULL, NULL, NULL, '', '1', 'National Student Clearinghouse\r\nRegistrar\'s Office - 602-589-2850', NULL, '6.50', '1'),
(405, 'Bentley HS-Burton', NULL, NULL, 'Burton', 'MI', NULL, 'US', '8105915811', NULL, NULL, '', 'Student Records', NULL, '1', NULL, NULL, '', NULL, '7/2013-HS closed for the summer until August 12. Call Admin Office 810-591-9100', NULL, '5.00', '1'),
(406, 'Baker Coll-Allen Park', '4500 Enterprise Drive', NULL, 'Allen Park', 'MI', '48101', 'US', '3134253722', '3134253777', NULL, '', 'Kimberly Blair -Registrar\'s office', NULL, NULL, NULL, NULL, '', NULL, '** Contact Owosso Campus 1-989-729-3400-they verify via phone', NULL, NULL, NULL),
(407, 'University of Wisconsin-Madison/NSC', NULL, NULL, 'Madison', 'WI', NULL, 'US', '6082623811', NULL, NULL, '', 'National Student Clearinghouse', NULL, NULL, NULL, NULL, '', '1', 'Law Registrar:  608-262-0050\r\n\r\nNeed $8 fee, For Transcripts made out to Univ of WI at Madison\r\nSen to Address:\r\nUNIVERSITY OF WISCONSIN AT MADISON\r\nOFFICE OF THE REGISTRAR\r\n21 NORTH PARK\r\nSUITE 7223\r\nMADISON WI 53715-1218', NULL, '13.50', '1'),
(408, 'Massachusetts Institute of Technology#', NULL, NULL, 'Cambridge', 'MA', NULL, 'US', '6172536776', NULL, NULL, '', 'Registrar:Mary', NULL, NULL, NULL, NULL, '', '1', '* as of 5/19/2011 uses NSCH', NULL, NULL, '1'),
(409, 'Wayne State Univ (NC)', 'Office of the Registrar', NULL, 'Detroit', 'MI', NULL, 'US', '3135777963', '3135777870', NULL, '', 'Sylvia Kidd', NULL, NULL, '1', NULL, '', NULL, 'For Currently Attending Students or Verifications received by phone rather than verif service\r\nMain # 313-577-3550\r\nAlicia Grace, Head of Nrsg 313.577.7985', NULL, NULL, NULL),
(410, 'Eastern Michigan Univ (NC)', NULL, NULL, 'Ypsilanti', 'MI', NULL, 'US', '7344874202', '7344876808', NULL, '', 'Office of the Registrar', NULL, NULL, NULL, NULL, '', NULL, 'For Currently Attending Students or Verifications received by phone rather than verif service', NULL, '6.50', NULL),
(411, 'Michigan State Univ (NC)', NULL, NULL, 'East Lansing', 'MI', NULL, 'US', '5173553300', '5174323347', NULL, '', 'Office of the Registrar', NULL, NULL, NULL, NULL, '', NULL, '9/27/05 MUST USE NATIONAL STUDENT CLEARING HOUSE (NSC)\r\nFor Currently Attending Students or Verifications received by phone rather than verif service', NULL, NULL, NULL),
(412, 'St Clair Community Coll #', NULL, NULL, 'Port Huron', 'MI', NULL, 'US', '8109843881', '8109845540', NULL, '', 'Office of the Registrar', NULL, NULL, NULL, NULL, '', '1', 'Main# 810-989-5500', NULL, NULL, NULL),
(413, 'Birch Run HS', NULL, NULL, 'Birch Run', 'MI', NULL, 'US', '9896249392', NULL, NULL, '', NULL, NULL, '1', NULL, NULL, '', NULL, NULL, NULL, NULL, '1'),
(415, 'Seton Hall Univ/NSC', NULL, NULL, 'South Orange', 'NJ', NULL, 'US', '9737619374', '9737619373', NULL, '', 'Attn:Registrar', NULL, NULL, '1', NULL, '', '1', '3/09-tot 48-72hrs', NULL, NULL, '1'),
(416, 'Bedford HS-MI', '8285 Jackman Rd', NULL, 'Temperance', 'MI', '481820', 'US', '7348506111', '7348506199', NULL, '', 'Mary Jo -Student Records', NULL, NULL, '1', NULL, '', NULL, 'Fax request w/release', NULL, NULL, '1'),
(417, 'Mott Adult Ed', NULL, NULL, NULL, NULL, NULL, NULL, '8107601230', '8107606880', NULL, '', 'Student Records', NULL, NULL, '1', NULL, '', NULL, NULL, NULL, '5.00', '1'),
(418, 'DeVry Univ-Columbus', NULL, NULL, 'COLUMBUS', 'OH', NULL, 'US', '6142537291', '6142584762', NULL, '', 'Registrar\'s Office', NULL, NULL, '1', NULL, '', NULL, '8/09-tot 2 business days', NULL, NULL, '1'),
(419, 'Owendale Gagetown HS', '7166 Main St', NULL, 'Owendale', 'MI', NULL, 'US', '9896784141', NULL, NULL, '', NULL, NULL, '1', NULL, NULL, '', NULL, NULL, NULL, NULL, '1'),
(420, 'Univ of Michigan(NC)', NULL, NULL, 'Ann Arbor', 'MI', NULL, 'US', '7347639066', '7347645556', NULL, '', 'Student Records', NULL, NULL, '1', NULL, '', NULL, 'Use this aca verification when the student is still attending the Univ  (NC=no charge)', NULL, NULL, NULL),
(421, 'Plymouth Canton HS', '8400 N Beck Rd', NULL, 'Canton', 'MI', NULL, 'US', '7344556790', '7343541634', NULL, '', NULL, NULL, NULL, '1', NULL, '', NULL, 'Sch now called just £Canton HS£ Stud Records/Lin\r\n\r\nAdult Ed ph # 734-416-2081\r\nalt # 734-416-4901', NULL, NULL, '1'),
(422, 'Mona Shores HS', NULL, NULL, 'Muskegon', 'MI', NULL, 'US', '2317804711', '2317803634', NULL, '', 'Student Records', NULL, '1', NULL, NULL, '', NULL, NULL, NULL, '5.00', '1'),
(423, 'Millington HS', '8780 Dean Rd', NULL, 'Millington', 'MI', NULL, 'US', '9898715221', '9898715244', NULL, '', 'Student Records', NULL, '1', NULL, NULL, '', NULL, 'Guidance Office 989-871-5232', NULL, NULL, '1'),
(424, 'UPMC Shadyside Sch of Nsg', NULL, NULL, 'Pittsburgh', 'PA', NULL, 'US', '4126232352', '4126231134', NULL, '', 'Adrian Gerber - Student Records', NULL, '1', NULL, NULL, '', NULL, '(412) 648-6000 switchboard\r\nMain # 412 623-2950', NULL, NULL, '1'),
(425, 'OOC-Cebu Doctors Coll of Nursing', NULL, NULL, NULL, NULL, NULL, NULL, NULL, NULL, NULL, '', 'Registar', '1', NULL, NULL, NULL, '', NULL, 'Mailing Address\r\nCEBU DOCTOR\'S COLLEGE\r\nATT:REGISTRAR\'S OFFICE\r\nOSMENA BOULEVARD\r\nCEBU CITY\r\nPHILIPPINES  6000', NULL, NULL, '1'),
(426, 'Kent State Univ/NSC', NULL, NULL, 'Kent', 'OH', '442420', 'US', '3306723000', '3306723867', NULL, '', NULL, NULL, NULL, NULL, NULL, '', '1', '12/2007 Per registrar\'s ofc, they use NSC.', NULL, '6.50', '1'),
(427, 'Owosso High School', '765 E. North St.', NULL, 'Owosso', 'MI', '48867', 'US', '9897295495', '9897295600', NULL, '', 'Student Records:  Debbie Burns', NULL, '1', NULL, NULL, '', NULL, 'HS Main # 989 723-8231\r\nBOE: 989 723-8131\r\n\r\n**If you need grad date you have to fax', NULL, '5.00', '1'),
(428, 'Roosevelt HS-Wyandotte', '540 Eureka Rd', NULL, 'Wyandotte', 'MI', NULL, 'US', '7342461000', '7347595093', NULL, '', NULL, NULL, NULL, '1', NULL, '', NULL, 'Records-Jackie Doyle 759.5000 fax 759.5009\r\n\r\nFax signed release\r\n6/10-Wyandotte Sch Dist tele #-734.759.5800\r\n6/2009  alt fax # 734.759.5009', NULL, '5.00', '1'),
(429, 'Baker Coll-Cadillac', NULL, NULL, 'Cadillac', 'MI', NULL, 'US', '2318763101', NULL, NULL, '', 'Trina - Assistant Registrar', NULL, '1', NULL, NULL, '', NULL, '*Direct number to registrar: (231) 876-3154\r\nZIP CODE:  49601-9600', 'TEST ADDING DATA', NULL, NULL),
(430, 'Lake Fenton HS', NULL, NULL, 'Fenton', 'MI', NULL, 'US', '8105919591', NULL, NULL, '', NULL, NULL, '1', NULL, NULL, '', NULL, 'Summer 2014: Guidance is closed. Contact Mr. Reynold (Principal) at 810-591-9599', NULL, NULL, '1'),
(431, 'Yavapai College', '1100 East Sheldon St', NULL, 'Prescott', 'AZ', '863010', 'US', '9287762150', '9287762151', NULL, '', 'Student Records', NULL, NULL, NULL, NULL, '', NULL, 'Student Records 928-776-2149\r\n800-922-6787', NULL, NULL, NULL),
(432, 'Glen Oaks Comm College/NSC', NULL, NULL, 'Centreville', 'MI', '490320', 'US', '2694679945', '2694679068', NULL, '', 'Student Records', NULL, NULL, '1', NULL, '', '1', 'Glen Oaks Comm College uses National Student Clearing House.\r\n\r\nAtt: Beverly Andrews', NULL, NULL, '1'),
(433, 'Loyola College#', '4501 N. Charles St', NULL, 'Baltimore', 'MD', NULL, 'US', '8002219107', NULL, NULL, '', NULL, NULL, NULL, NULL, NULL, '', '1', 'National Student Clearinghouse', NULL, NULL, '1'),
(434, 'Lakeville HS', NULL, NULL, 'Otisville', 'MI', NULL, 'US', '8105914032', '8105913961', NULL, '', 'Attention: Michelle', NULL, '1', NULL, NULL, '', NULL, '2/19- alt ph # (810) 591-4050', NULL, NULL, '1'),
(435, 'Croswell-Lexington HS', '5461 East Peck Rd', NULL, 'Croswell', 'MI', NULL, 'US', '8106791500', '8106791505', NULL, '', 'Student Records', NULL, NULL, '1', NULL, '', NULL, NULL, NULL, '5.00', '1'),
(436, 'DPS/Detroit Central HS', NULL, NULL, 'Detroit', 'MI', NULL, 'US', '3132523000', '3138733182', NULL, '', 'Att: Paula Henry', NULL, NULL, '1', NULL, '', NULL, '12/2012 As of July 2012 all records were sent to DPS....this school is no longer part of DPS. MUST FAX TO DONNA, DPS \r\n10/23/09-tot 24-48 hrs.\r\nHS Fax (313) 852-1445', NULL, NULL, '1'),
(437, 'Ann Arbor Huron HS', NULL, NULL, 'Ann Arbor', 'MI', NULL, 'US', '7349942047', NULL, NULL, '', 'Student Records', NULL, NULL, NULL, NULL, '', NULL, NULL, NULL, NULL, '1'),
(438, 'Florida Institute of Technology/NSC', NULL, NULL, NULL, NULL, NULL, NULL, NULL, NULL, NULL, '', NULL, NULL, '1', NULL, NULL, '', '1', NULL, NULL, '6.50', '1'),
(439, 'Holt HS', NULL, NULL, 'Holt', 'MI', NULL, 'US', '5176942116', '5176993451', NULL, '', 'Pam Livingston/ Student Records', NULL, NULL, '1', NULL, '', NULL, 'TOT- usually within 5 business days', NULL, NULL, '1'),
(440, 'University of Florida/NSC', NULL, NULL, 'Gainesville', 'FL', NULL, 'US', '3523921374', '3523923987', NULL, '', 'Student Records', NULL, NULL, NULL, NULL, '', '1', 'Registrar ext # 7229\r\n1/2011- Fax requesting they forward copy of transcripts. That worked. If not mail below \r\n3/09-mail $12 fee for transcripts\r\nUniversity of Florida\r\nOffice of Registrar\r\n222 Crisper Hall, PO Box 114000\r\nGainesville, Florida 32611\r\n\r\nVerify thru NSCH', NULL, NULL, NULL),
(441, 'Athens HS', NULL, NULL, 'Troy', 'MI', NULL, 'US', '2488232900', '2488235265', NULL, '', 'Student Records-Randi', NULL, NULL, '1', NULL, '', NULL, '10/30/2012 I called phone # above- Barb Davis in transcripts gave it to me over the phone. JEM\r\nAdult Ed # 248-823-5162 fax# 248-823-5133\r\nDirect to Secretary-for summer 248 823-2976 @ HS', NULL, '5.00', '1'),
(442, 'Oakland Christian HS', NULL, NULL, 'Auburn Hills', 'MI', NULL, 'US', '2483732700', '2483739255', NULL, '', 'Attn:Mrs. Kemler', NULL, '1', '1', NULL, '', NULL, NULL, NULL, '5.00', '1'),
(443, 'Delgado Comm Coll/NSC', NULL, NULL, 'New Orleans', 'LA', NULL, 'US', NULL, NULL, NULL, '', NULL, NULL, '1', NULL, NULL, '', '1', 'Will verify on the phone', NULL, NULL, '1'),
(444, 'Continental Academy Online (Accreditation)', NULL, NULL, 'Coral Gables', 'FL', NULL, 'US', '8002853514', '9545388041', NULL, '', 'Student Services', NULL, NULL, '1', NULL, '', NULL, 'NOTE: This is a \"non\" MI Dept of Education, US Dept of Education Accredited school. It must be red flagged. The note below in Instructions  must be included on the Status Report. \r\n6/2013: 72 hr TOT\r\nOn line program (non-accredited),Fax: 954-538-8041\r\nDisclaimer:\r\nThe decision to recognize or accept the Continental Academy High School Diploma, or any other high school diploma that you have earned, is always the prerogative of the employer in the United States. While many employers have recognized the Continental Academy High School Diploma, it is possible that some employers may not. Continental Academy makes no representation that its high school diploma will be recognized or accepted by ALL employers or that you will be guaranteed a job after graduating from Continental Academy. Continental Academy makes no representation of any kind concerning the fitness of its curriculum to meet any legal, educational, or employment requirements.\r\n\r\n* The graduation requirements of the P.A.C.E. Program are to successfully complete 18 courses that equal 16 credits with a minimum overall grade point average of 2.0 which is a \"C\" average. When a student has successfully earned the required 16 credits for graduation and has paid their tuition in full, the student is awarded a Continental Academy High School Diploma. There is no final exit exam to graduate from the P.A.C.E. Prog', 'Continental Academy is a registered private school in Florida-they are a distant learning online school. Florida \"does not\" regulate private schools. Continental Academy is accredited by N.A.L.S.A.S. which is \"not\" recognized by the Michigan Department of Education or the United States Department of Education.', NULL, '1'),
(445, 'Arizona School of Health Sciences', '5850 E. Still Circle', NULL, 'Mesa', 'AZ', NULL, 'US', '6606262356', NULL, NULL, '', 'RegistrarÜs Office', NULL, NULL, NULL, NULL, '', NULL, 'will verify over the phone - jw', NULL, NULL, NULL),
(446, 'Everest Institute', '26111 Evergreen Rd', 'Suite 201', 'Southfield', 'MI', NULL, 'US', '2487999933', '2487992914', NULL, '', '11/06 Formerly  National  Inst of Tech', NULL, NULL, '1', NULL, '', NULL, '*MUST HAVE SIGNED RELEASE*', NULL, NULL, NULL),
(447, 'Everest Inst-Southfield*', NULL, NULL, 'Southfield', 'MI', NULL, 'US', '2487999933', '2487992914', NULL, '', 'Student Records', NULL, NULL, '1', NULL, '', NULL, '5/11-NOW REQUIRES WET SIGNATURE.\r\n06/2012 - as of now a HS/GED is req\'d & transcripts will be verified  \r\nNursing Records Pamela-Must Fax\r\nApps do not have to have a HS Dip or GED to get into the program. They have to pass the APEX test.  In 6/2012 - they will be requiring all students have a HS/GED and will verify with transcripts.', NULL, NULL, '1'),
(448, 'Everest Inst-Dearborn', NULL, NULL, 'Dearborn', 'MI', NULL, 'US', '3135624228', '3135625774', NULL, '', 'Sabrina-Registrar', NULL, NULL, '1', NULL, '', NULL, 'TOT: 48-72 hours\r\nSee National Inst of Tech\r\n2/13/2013:  Per Sabrina, Senior Registrar, she will accept e-signature\r\nApps do not have to have a HS Dip or GED to get into the program. They have to pass the APEX test.  In 6/2012 - they will be requiring all students have a HS/GED and will verify with transcripts.', NULL, NULL, '1'),
(449, 'Lutheran HS Northwest', NULL, NULL, 'Rochester Hills', 'MI', '483090', 'US', '2488526677', '2488522667', NULL, '', 'Student Records-Attn: Mr. McDonald', NULL, NULL, '1', NULL, '', NULL, '4/09-must f rel & req. tot up to 48 hrs.', NULL, NULL, '1'),
(450, 'Northern HS-Flint', NULL, NULL, 'Flint', 'MI', NULL, 'US', '8107601740', '8107605009', NULL, '', 'Student Records', NULL, NULL, '1', NULL, '', NULL, NULL, NULL, '5.00', NULL),
(451, 'Standish-Sterling Central HS', NULL, NULL, 'Standish', 'MI', NULL, 'US', '9898463660', '9898463666', NULL, '', 'Student Records Attn: Linda', NULL, NULL, '1', NULL, '', NULL, NULL, NULL, NULL, '1'),
(452, 'Davenport Univ-Saginaw/NSC', NULL, NULL, 'Saginaw', 'MI', NULL, 'US', '9897997800', NULL, NULL, '', NULL, NULL, NULL, NULL, NULL, '', '1', NULL, NULL, '6.50', '1'),
(453, 'OOC-St. Paul College of Manila', NULL, NULL, 'Manila, Philippines', NULL, NULL, NULL, NULL, NULL, NULL, '', NULL, NULL, NULL, NULL, NULL, '', NULL, 'Maria Cachero- University Registrar - registrarspum@gmail.com', NULL, '110.00', '1'),
(454, 'OOC-Shandong University', NULL, NULL, 'Jinan, China', NULL, NULL, NULL, NULL, NULL, NULL, '', NULL, NULL, NULL, NULL, NULL, '', NULL, NULL, NULL, '110.00', '1'),
(455, 'Stratford Career Institute (Accreditation)', NULL, NULL, NULL, NULL, NULL, NULL, '8003630058', NULL, NULL, '', 'Student Services', NULL, '1', NULL, NULL, '', NULL, '1/15-NOTE FOR ORDER STATUS: Stratford Career Institute is a distance learning program not accredited by a nationally recognized accrditing agency listed by the US Department of Education.\r\n07/2008 tct Esther-Instructor.  She says the school is NOT accredi', NULL, NULL, '1'),
(456, 'Gordon Univ', NULL, NULL, NULL, NULL, NULL, NULL, NULL, NULL, NULL, '', 'Not an Accredited University', NULL, NULL, NULL, NULL, '', NULL, '5/10/11- This is not an accredited university. Website states that Gordon University is accrediated by the Higher Learning Commission, 7 Association, a member of the North Central Association of Colleges and Schools, and is a subsidary of Florida State Un', NULL, NULL, '1'),
(457, 'Univ Liggett School', '1045 Cook RD', NULL, 'Grosse Pte Woods', 'MI', NULL, 'US', '3138844444', NULL, NULL, '', 'Student Records', NULL, '1', NULL, NULL, '', NULL, NULL, NULL, NULL, '1'),
(458, 'Morton West High School', NULL, NULL, 'Berwyn', 'IL', NULL, 'US', '7087804100', NULL, NULL, '', 'Student Records-Judy Tarullo', NULL, '1', NULL, NULL, '', NULL, NULL, NULL, NULL, NULL),
(459, 'Owens Tech Coll-Perrysburg#', NULL, NULL, 'Perrysburg', 'OH', NULL, 'US', '5676617000', '5676617418', NULL, '', 'Student Records', NULL, NULL, NULL, NULL, '', '1', '3/09-use NSCH', NULL, NULL, NULL),
(460, 'Northwood Univ/NSC', NULL, NULL, 'Midland', 'MI', NULL, 'US', '9898374215', NULL, NULL, '', NULL, NULL, NULL, NULL, NULL, '', '1', '7/07 per registrar\'s ofc, they now use nsc.', NULL, '6.50', '1'),
(461, 'Belle River District High School', '3333 South Street', NULL, 'Belle River', 'ON', 'N0R1A0', 'CA', '5197281212', '5197281604', NULL, '', 'Dori Dewhirst- Guidance Office', NULL, NULL, '1', NULL, '', NULL, '4/2013: If you call to follow up, they will verify via phone\r\nMust Fax Release', NULL, '5.00', '1'),
(462, 'Chino HS', NULL, NULL, 'Chino', 'CA', NULL, 'US', '9096277351', NULL, NULL, '', 'Student Records', NULL, '1', NULL, NULL, '', NULL, 'District ofc- 909.628.1201 ext 7768\r\n3 hr  time change\r\n*Older records contact-Karen Diez @ 909.628.1201 ext-7750', NULL, NULL, NULL),
(463, 'Henry Ford Comm Coll/NSC', NULL, NULL, 'Dearborn', 'MI', NULL, 'US', '3138459600', '3138456464', NULL, '', 'Melissa Black- Records and Registration', NULL, NULL, NULL, NULL, '', '1', 'National Student Clearinghouse', NULL, '6.50', '1'),
(464, 'Pennsylvania State University/NSC', NULL, NULL, NULL, NULL, NULL, NULL, NULL, NULL, NULL, '', NULL, NULL, NULL, NULL, NULL, '', NULL, 'Website: www.registrar.psu.edu\r\n\r\n10/07-go to Verification of enrollment/Degree\r\ngo to Immediate', NULL, '10.50', '1'),
(465, 'Oakland Univ(NC)', NULL, NULL, NULL, NULL, NULL, NULL, '2483703452', '2483702586', NULL, '', NULL, NULL, NULL, NULL, NULL, '', NULL, 'Anything but the nursing program - Non graduates - presently attending.  ** See alt record for Nursing Students', NULL, NULL, NULL),
(466, 'Belford HS (Accreditation)', NULL, NULL, NULL, NULL, NULL, NULL, '8667576148', NULL, NULL, '', 'Non-accredited on line high school', NULL, NULL, NULL, NULL, '', NULL, 'Need red flag and note -- SCHOOL IS CLOSED DOWN! \r\n\r\n**We have a copy of Lawsuit  on 08/31/2012, that we attached now to the academic. (in filed cabinet under Belford HS.) \r\n\r\nFYI-the above states Belford websites have been taken down ordered to pay in lawsuit d/t fake hs diplomas & univ degrees --The fake schools do not actually exist!', 'We are unable to ascertain the validity of the agency that accredits Belford High School. The school is not recognized by the United States Department of Education. We tried contacting the school to verify the graduation however, the school was shut down and there are no working numbers. Therefore, we are closing this file. Thank you!', NULL, '1'),
(467, 'North Central Michigan College/NSC', '1515 Howard Street', NULL, 'Petosky', 'MI', '49770', 'US', '8882986605', NULL, NULL, '', NULL, NULL, '1', NULL, NULL, '', '1', NULL, NULL, '6.50', '1'),
(468, 'University of Detroit (NC)', NULL, NULL, NULL, NULL, NULL, NULL, '3139933313', NULL, NULL, '', 'Student Records', NULL, '1', NULL, NULL, '', NULL, 'When called direct for attendance only', NULL, NULL, NULL),
(469, 'Univ of Detroit-Mercy (NC)', NULL, NULL, 'Detroit', 'MI', '48221', 'US', '3139933313', '3139933317', NULL, '', 'Office of the Registrar', NULL, '1', NULL, NULL, '', NULL, 'Contact only if NSC can\'t verify the information. Or if using a dup.', NULL, NULL, NULL),
(470, 'Summit Acad North HS', '18601 Middlebelt', NULL, 'Romulus', 'MI', NULL, 'US', '7349551730', '7349551737', NULL, '', 'Student Records - Attention:Margie', NULL, NULL, '1', NULL, '', NULL, 'Must fax release.', NULL, '5.00', '1'),
(471, 'Ashworth Univ HS', '* Is accredited w/SACS', '430 Technology Parkway', 'Norcross', 'GA', NULL, 'US', '8002247234', '7707290961', NULL, '', 'Student Records', NULL, NULL, '1', NULL, '', NULL, '04/23/2008 Ashworth offers an accredited distance learning, on-line high school diploma.  We researched Ashworth\'s accreditation with the Southern Assoc of Colleges & Schools.  According to the SACS the  school is accredited & their diplomas are transfera\r\non-line HS diplomas', NULL, NULL, NULL),
(472, 'Orchard Center HS', '1750 Oak St', NULL, 'Monroe', 'MI', NULL, 'US', '7342653700', '7342653701', NULL, '', 'Attention Kim-Student Records', NULL, NULL, '1', NULL, '', NULL, '5/2008 - must fax signed release to above #\r\n\r\nMonroe Education Admin Building 734-265-3000', NULL, NULL, '1'),
(473, 'Eaton Academy', '21450 Universal Dr', NULL, 'Eastpointe', 'MI', '48021', 'US', '5867771519', '5867771527', NULL, '', 'Student Records', NULL, NULL, '1', NULL, '', NULL, 'Ext 25', NULL, NULL, '1'),
(474, 'Olivet College/NSC', NULL, NULL, 'Olivet', 'MI', NULL, 'US', '2697497000', NULL, NULL, '', 'Registrar\'s Office', NULL, NULL, NULL, NULL, '', '1', 'When calling number above option 7 for Registrar\r\n05/08-Records thru NSCH.', NULL, '6.50', '1'),
(475, 'Swartz Creek HS', 'One Dragon Drive', NULL, 'Swartz Creek', 'MI', NULL, 'US', '8105911800', '8105911895', NULL, '', 'Student Records', NULL, NULL, '1', NULL, '', NULL, 'Guidance P. (810) 591-1866 \r\n7/2010-Board of Ed-810.591.2382\r\nmust fax release to # above to verify\r\nAdult ED-Diane-810-591-2116FAX-810.591.4348', 'During Summer: Contact 810 591 2300 ask for Angie/Business Ofc', NULL, '1'),
(476, 'Central HS-Flint', '601 Crapo St', NULL, 'Flint', 'MI', NULL, 'US', '8107601230', '8107606880', NULL, '', 'Student Records -Sandra', NULL, '1', '1', NULL, '', NULL, 'Tele # & Fax # above is to Pupil Acctng-School closed in 2009.', NULL, '5.00', NULL),
(477, 'Father Gabriel Richard HS-Ann Arbor', '4333 Whitehall Drive', NULL, 'Ann Arbor', 'MI', NULL, 'US', '7346620496', NULL, NULL, '', 'Student Records', NULL, '1', NULL, NULL, '', NULL, NULL, NULL, NULL, '1');
INSERT INTO `schools` (`id`, `name`, `street_address1`, `street_address2`, `city`, `state_id`, `zip`, `country_id`, `phone`, `fax`, `email`, `website`, `contact_name`, `is_contact_mail`, `is_contact_phone`, `is_contact_fax`, `is_contact_email`, `is_online`, `is_nsc`, `notes`, `instructions`, `fee`, `is_active`) VALUES
(478, 'Southwestern Acad-Flint', NULL, NULL, 'Flint', 'MI', NULL, 'US', '8107601400', '8107607772', NULL, '', 'Student Records', NULL, NULL, '1', NULL, '', NULL, 'Must fax \r\nBOA (810) 760-1000\r\nFax-810-760-6880', NULL, NULL, '1'),
(479, 'Emilio Aguinaldo College', '1113-1117 San Marcelino St. corner Gonzales St.', NULL, 'Manila Philippines', NULL, NULL, NULL, NULL, '6325365230', NULL, '', 'Office of the Registrar', NULL, NULL, NULL, NULL, '', NULL, 'NOTE:  7 Day response from Infocubic (3/20-3/27/13) \r\n\r\nPH # 011 63 2 521 2710  Ext 5505,5343,5309 & 5360\r\nwebsite : http://www.eac.edu.ph/', NULL, '110.00', '1'),
(480, 'Jefferson HS-Monroe', NULL, NULL, 'Monroe', 'MI', NULL, 'US', '7342895555', NULL, NULL, '', 'Student Records', NULL, NULL, NULL, NULL, '', NULL, NULL, NULL, NULL, NULL),
(481, 'WCCC/NC', NULL, NULL, 'Detroit', 'MI', NULL, 'US', NULL, '7346997049', NULL, '', 'National Student Clearinghouse', NULL, NULL, NULL, NULL, '', NULL, NULL, NULL, NULL, NULL),
(482, 'Thomas M Cooley Law School/NSC', NULL, NULL, 'Lansing', 'MI', NULL, 'US', '5173715140', '5173345716', NULL, '', 'Robin Benson', NULL, NULL, NULL, NULL, '', '1', 'Official Transcript Request: $10 check to Thomas M. Cooley Law School\r\nMail to:\r\nRobin Benson\r\nEnrollment Student Services Specialist\r\nROBIN BENSON\r\nENROLLMENT STUDENT SERVICES SPECIALIST\r\nTHOMAS M COOLEY LAW SCHOOL\r\nREGISTRAR OFFICE\r\n300 S CAPITOL AVE\r\nPO BOX 13038\r\nLANSING MI 48901', NULL, '10.00', '1'),
(483, 'Berkley Tri-County HS', NULL, NULL, 'Berkley', 'MI', NULL, 'US', '2484235071', '2484235074', NULL, '', NULL, NULL, NULL, NULL, NULL, '', NULL, NULL, NULL, '5.00', '1'),
(484, 'Flint Central HS', NULL, NULL, 'Flint', 'MI', NULL, 'US', '8107601230', '8107606880', NULL, '', 'Attn:  Pupil Acctng', NULL, NULL, '1', NULL, '', NULL, 'Tele # & Fax # above is to Pupil Acctng-School closed in 2009.', NULL, NULL, '1'),
(485, 'Anthony Wayne HS', 'Street1', 'Street2', 'Whitehouse', 'OH', '49115', 'US', '4198770466', '4198775028', NULL, '', 'Attention: Jeanna', NULL, NULL, '1', NULL, '', NULL, 'Must Fax with release', NULL, NULL, NULL),
(486, 'T L Handy High School', NULL, NULL, 'Bay City', 'MI', NULL, 'US', '9896869700', '9896718199', NULL, '', 'Administrative Offices-Attn: Ellen', NULL, NULL, '1', NULL, '', NULL, 'The High school is closed and records are housed @ Admin offices # above. Alt #989.671.8121', NULL, '5.00', '1'),
(487, 'Riverside Academy', NULL, NULL, 'Mt Clemens', 'MI', NULL, 'US', '5867836420', '5867836423', NULL, '', 'Kim Smith', NULL, NULL, '1', NULL, '', NULL, 'Summer 2014: Contact Laura Render @ 586-493-5680 ex. 1224, she is not always there, only comes in sometimes during summer.\r\naka- Mt Clemens Adult Ed/L\'Anse Creuse Adult Ed', NULL, NULL, '1'),
(488, 'Shenandoah Univ', NULL, NULL, 'Winchester', 'VA', NULL, 'US', '5406655585', NULL, NULL, '', 'Student Records', NULL, '1', NULL, NULL, '', NULL, NULL, NULL, NULL, NULL),
(489, 'Chamberlain Coll of Nsg, St Louis/NSC', 'opt', NULL, 'St Louis', 'MO', NULL, 'US', '8885568226', '6303902354', NULL, '', 'Student Records', NULL, NULL, NULL, NULL, '', '1', '08/2013: School is on NSC \r\n8/2013- Online school phone number 888-556-8226 ext 3 then 1 then 2 \r\nfax- 630-839-2417\r\nIf \r\nThrough DeVry Institute, NEED SIGNED RELEASE\r\n***5/09-the fax # above along w/this phone #is for their online programs @1.888.556.8226. Then prompt#3, then 1, then 2. \r\n1 hr time change\r\nMUST FAX SIGNED RELEASE', NULL, NULL, '1'),
(490, 'Glen Burnie HS', '7550 Baltimore Annapolis Blvd', NULL, 'Glen Burnie', 'MD', NULL, 'US', '4107618950', NULL, NULL, '', NULL, NULL, NULL, '1', NULL, '', NULL, 'Archives: F:410-222-3870\r\n\r\nOver 5 yrs old, fax to archives 410.222.3870', NULL, NULL, '1'),
(491, 'Carman-Ainsworth HS', 'records kept 4yrs-older need to contact Admin Bldg', NULL, 'Flint', 'MI', NULL, 'US', '8105913240', NULL, NULL, '', 'Student Records', NULL, NULL, NULL, NULL, '', NULL, '4/09-Records older than 4 yrs-contact Admin Bldg.-Sue Bryant@810.591.8283. She works M-W-Thurs-8:30a-3:30p', NULL, NULL, NULL),
(492, 'Graceland Univ/NSC', '1401 W Truman Rd', NULL, 'Independence', 'MO', NULL, 'US', '8168330524', NULL, NULL, '', NULL, NULL, NULL, NULL, NULL, '', '1', NULL, NULL, '9.50', '1'),
(493, 'Wyoming Park HS', '2125 Wrenwood St SW', NULL, 'Wyoming', 'MI', '65851', 'US', '6165307560', '6165307586', NULL, '', 'Counseling Office/Attn:  Marilyn', '1', NULL, NULL, NULL, '', NULL, '04/09-must mail $3 chk made payable to the hs. We can fax them a copy of the chk to expedite the process.', NULL, NULL, '1'),
(494, 'Sheppard Air Force Base', NULL, NULL, 'Witchita', 'KS', NULL, 'US', '9406762511', NULL, NULL, '', NULL, NULL, '1', NULL, NULL, '', NULL, 'Sharon Tacker 940.676.6640\r\n\r\nMedical Registrar Office: 940.676.3886', NULL, NULL, '1'),
(495, 'Western HS-Auburn', '500 W Midland Rd', NULL, 'Auburn', 'MI', NULL, 'US', '9896869700', '9896718199', NULL, '', 'Ellen, Admin Building', NULL, NULL, '1', NULL, '', NULL, 'Records are housed @Admin Bldg-989.686.9700 . \r\nschool ph: (989) 662-4481', NULL, NULL, '1'),
(496, 'Anderson High School', '15475 Leroy', NULL, 'Southgate', 'MI', NULL, 'US', '7342464611', '7342467840', NULL, '', 'Counseling', NULL, '1', NULL, NULL, '', NULL, 'Counseling: (734)246-4617 \r\n7/10-summer contact 734.246.4622/Brenda coffee\r\n7/10-Southgate BOE: 734.246.4600-Pupil Accting', '07/2014 Update: Anderson High School is closed during the summer. They have a secretary for the summer who works, Liz Mcnees. She advised we fax to her @ fax # above. She is only in M-T 7:00 a.m.-1:00 p.m. -kdm', NULL, '1'),
(497, 'Michigan @ Ann Arbor,  University of /NSC', NULL, NULL, 'Ann Arbor', 'MI', NULL, 'US', '7347639066', '7347645556', NULL, '', 'Student Records', NULL, NULL, '1', NULL, '', '1', '5 business day TOT- write on there that we want the results faxed back\r\n06/2012-SCHOOL OF LAW:tele: 734-763-6499 (f)734-936-1973\r\n2/17/2012:  For copy of transcripts, send a release and a request to the fax number above.  They process the requests within 2 days, and mail them out.  \r\n6/2/10 *will not verify degrees - told to go thru NSCH\r\n8/09-fax to verify after already went thru NSCH-tot 5 days', NULL, '12.00', '1'),
(498, 'Spring Arbor Univ/NSC', NULL, NULL, 'Spring Arbor', 'MI', NULL, 'US', '8009689103', NULL, NULL, '', 'Student Records-Marie', NULL, NULL, NULL, NULL, '', '1', '09/12-now use NSC\r\nCan Try Marie first-she verified via phone.', NULL, '9.50', '1'),
(499, 'Tri County Education Ctr', '16299 Mt.Vernon', NULL, 'Southfield', 'MI', '48075', 'US', '2484235071', '2484235074', NULL, '', 'ATTN: Judy', NULL, NULL, '1', NULL, '', NULL, 'This is an Alternative school\r\n\r\n11/2012: Per Judy, they need wet signature (not electronic one)', NULL, NULL, '1'),
(500, 'Home Schooling', NULL, NULL, NULL, NULL, NULL, NULL, NULL, NULL, NULL, '', NULL, NULL, NULL, NULL, NULL, '', NULL, '01/2013 Contact app & get fax/email forward aca form and get verif  in writing with signature from person who was responsible for the homeschooling.\r\nUse this generic for any home schooling verif\r\n\r\nTexas Comm Colleges: They take an individual approach for admission.\r\nThe applicant completes the application, has an individual appointment with admissions, and then they take the Accuplacer test (which determins what classes they need to take, etc).  The applicant does not have to produce transcripts.', NULL, NULL, '1'),
(501, 'Detroit HS for the Fine & Performing Arts', NULL, NULL, 'Detroit', 'MI', NULL, 'US', '3134946000', '3134942129', NULL, '', NULL, NULL, '1', NULL, NULL, '', NULL, NULL, NULL, NULL, '1'),
(502, 'Benjamin Franklin HS-Online/Accreditation', NULL, NULL, NULL, NULL, NULL, NULL, '8002648330', NULL, NULL, '', NULL, NULL, '1', NULL, NULL, '', NULL, 'Select red flag accreditation\r\n1/15-NOTE FOR ORDER STATUS:  Benjamin franklin HS is a distance learning program not accredited by a nationally recognized accrditing agency listed by the US Department of Education.\r\nSee file folder in file cabinet for literature to send to recruiter.', NULL, NULL, '1'),
(503, 'Cornerstone Christian Corresp Sch. (Accreditation)', NULL, NULL, NULL, 'GA', NULL, 'US', '9128323834', '9128322853', NULL, '', 'Student Records', NULL, '1', NULL, NULL, '', NULL, '1/15-NOTE FOR ORDER STATUS:  Cornerstone Christian Correspondence School  is a distance learning program not accredited by a nationally recognized accrediting agency listed by the US Department of Education.\r\n7/09-see file in cabinet non-accredited through', NULL, NULL, '1'),
(504, 'Life Skills Center-Corporate', '159 South Main St', 'Suite 800', 'Akron', 'OH', NULL, 'US', '8665433754', '3132674320', NULL, '', 'Ms. Wallace', NULL, '1', '1', NULL, '', NULL, 'This is corp office info. They will connect you w/ specific locations: OH, MI, AZ, CO', NULL, NULL, '1'),
(505, 'Harrison HS', NULL, NULL, 'Harrison', 'AR', NULL, 'US', '8707418223', NULL, NULL, '', 'Student Records', NULL, '1', NULL, NULL, '', NULL, NULL, NULL, NULL, NULL),
(506, 'ITT Tech-Tempe*', NULL, NULL, 'Tempe', 'AZ', NULL, 'US', '6024377500', NULL, NULL, '', 'Attn:Michelle Little', NULL, '1', NULL, NULL, '', NULL, '*MUST HAVE WET SIGNATURE*', NULL, NULL, NULL),
(507, 'St Johns HS', '501 W Sickles St', NULL, 'St Johns', 'MI', NULL, 'US', '9892274000', '9892274199', NULL, '', 'Attention: Lori', NULL, NULL, '1', NULL, '', NULL, NULL, NULL, NULL, '1'),
(508, 'Walled Lake Northern HS', NULL, NULL, 'Walled Lake', 'MI', NULL, 'US', '2489565300', '2489562123', NULL, '', 'Counseling', NULL, '1', NULL, NULL, '', NULL, 'Summer: email pattysmith@wlcsd.org req and release', NULL, NULL, '1'),
(509, 'James Monroe Sch of Health(Closed)*', '77 Wadsworth', NULL, 'Monroe', 'MI', NULL, 'US', NULL, NULL, NULL, '', 'Kim', NULL, '1', NULL, NULL, '', NULL, '7/2013 Current fee si $22 by money order bjc\r\n6/2013: TOT 2-6 weeks\r\nSchool Closed 11/5/2007  Send requests to Michigan Proprietary Sch Unit, Lansing.', NULL, '22.00', '1'),
(510, 'Ohio Univ#', NULL, NULL, 'Athens', 'OH', NULL, 'US', '7405931000', NULL, NULL, '', 'Registrar', NULL, NULL, NULL, NULL, '', NULL, '09/09-Uses Degree Chk', NULL, NULL, NULL),
(511, 'Henry Ford Hosp Sch of Nsg', NULL, NULL, 'Detroit', 'MI', NULL, 'US', '3138746700', '3138746701', 'jparks1@hfhs.org', '', 'Jasmine', NULL, NULL, '1', NULL, '', NULL, NULL, NULL, NULL, '1'),
(512, 'Owens Comm Coll/NSC', NULL, NULL, 'Toledo', 'OH', NULL, 'US', '5676617378', '5676617414', NULL, '', NULL, NULL, NULL, NULL, NULL, '', '1', 'National Student Clearinghouse', NULL, '9.50', '1'),
(513, 'Marilyn F Lundy Academy', NULL, NULL, 'Detroit', 'MI', NULL, 'US', '3138314961', NULL, NULL, '', 'Student Records', NULL, '1', NULL, NULL, '', NULL, NULL, NULL, NULL, '1'),
(514, 'Arizona State Univ/NSC', 'PO BOX 870312', 'TEMPE, AZ  85287-0312', NULL, 'AZ', NULL, 'US', '4809657276', NULL, 'registrar@asu.edu', '', 'Registrar\'s Office', NULL, NULL, NULL, '1', '', '1', '12/2014: Law Transcripts- Applicant must request them.\r\n\r\n*Use NSCH\r\nSchool of law for transcripts-Mail w/$15 fee-call main univ for trans req @ 480.965.7276', NULL, '8.50', '1'),
(515, 'Trident Technical College/NSC', NULL, NULL, 'Charleston', 'SC', NULL, 'US', NULL, NULL, NULL, '', NULL, NULL, NULL, NULL, NULL, '', '1', NULL, NULL, NULL, '1'),
(516, 'Fisher College/NSC', NULL, NULL, 'Boston/Brockton', 'MA', NULL, 'US', NULL, NULL, NULL, '', NULL, NULL, NULL, NULL, NULL, '', '1', 'Brockton- (774) 296-7650\r\nBoston- Registrar Phone: 617-236-8825, Fax: 617-236-8869, email: registrar@fisher.edu', NULL, '6.50', '1'),
(517, 'Laker HS', NULL, NULL, 'Pigeon', 'MI', NULL, 'US', '9894534600', '9894534615', NULL, '', 'Lisa', NULL, NULL, '1', NULL, '', NULL, '7/2013: For summer verifications: contact the admin office- option 6, same ph number.', NULL, '5.00', '1'),
(518, 'University of Osteo Med & Health Sci', NULL, NULL, 'Des Moines', 'IA', NULL, 'US', NULL, NULL, NULL, '', 'Student  Records', NULL, NULL, NULL, NULL, '', NULL, NULL, NULL, NULL, NULL),
(519, 'Elk Rapids HS', NULL, NULL, 'Elk Rapids', 'MI', NULL, 'US', '2312648108', NULL, NULL, '', NULL, NULL, '1', NULL, NULL, '', NULL, NULL, NULL, NULL, '1'),
(520, 'Garber High School', '213 Pine Street', NULL, 'Essexville', 'MI', NULL, 'US', '9898949710', '9898949730', NULL, '', 'Attention: Marci', NULL, NULL, '1', NULL, '', NULL, 'Summer 2014: Joyce McNally is verifying this summer. Fax to number below. \r\n7/2013: Fax to school board during the summer. ph: (989) 894-9700, fx: (989) 894-9705', NULL, NULL, '1'),
(521, 'Mohegan High School', NULL, NULL, 'Clinton Township', 'MI', NULL, 'US', '5867232080', '5867232088', NULL, '', NULL, NULL, NULL, '1', NULL, '', NULL, 'Summer 2014: School is closed. Pupil Accounting- Judy P. Phone 586-723-2137', NULL, NULL, '1'),
(522, 'Wylie E Groves HS', NULL, NULL, 'Birmingham', 'MI', NULL, 'US', '2482033500', NULL, NULL, '', 'Registrar/Karen  Farner', NULL, '1', NULL, NULL, '', NULL, NULL, NULL, NULL, '1'),
(523, 'Bethel High School', NULL, NULL, 'Spanaway', 'WA', NULL, 'US', '2536837000', NULL, NULL, '', NULL, NULL, '1', '1', NULL, '', NULL, 'Older records housed @ District Ofc-Student Records@ 253-683-6968 must Fax to  253.683.6995', NULL, NULL, NULL),
(524, 'Kennedy HS', NULL, NULL, 'Taylor', 'MI', NULL, 'US', '7343741229', NULL, NULL, '', 'Student Records', NULL, '1', NULL, NULL, '', NULL, 'HS houses records 2006- Present \r\nOlder Records contact pupil accounting at 313-295-5742; fax-313-295-5819', NULL, NULL, '1'),
(525, 'Western Tech Coll-WI', NULL, NULL, 'LaCrosse', 'WI', NULL, 'US', '6087859200', NULL, NULL, '', 'Registrar', NULL, '1', NULL, NULL, '', NULL, NULL, NULL, NULL, NULL),
(526, 'Kimball HS Adult Ed', NULL, NULL, 'Roal Oak', 'MI', NULL, 'US', '2485885050', '2485882881', NULL, '', NULL, NULL, '1', '1', NULL, '', NULL, '* Is now called Churchill Alternative School.', NULL, NULL, '1'),
(527, 'Eugene Applebaum Sch of Pharm-WSU/NSC', NULL, NULL, 'Detroit', 'MI', NULL, 'US', '3135771716', '3135775589', NULL, '', NULL, NULL, '1', NULL, NULL, '', '1', 'For verification of enrollment fax to Mr. Eric Upshaw at the above fax number.', NULL, NULL, '1'),
(528, 'University of Collegetown', NULL, NULL, 'Collegetown', 'MI', NULL, 'US', '5861235678', '5861234567', NULL, '', 'ATTN: Student Records', NULL, NULL, NULL, NULL, '', NULL, 'SAMPLE TEST UNIVERSITY', NULL, NULL, '1'),
(529, 'Immaculate Conception HS Hamtramck', '11700 McDougall Street', NULL, 'Hamtramck', 'MI', NULL, 'US', '5865742480', NULL, NULL, '', NULL, NULL, '1', NULL, NULL, '', NULL, NULL, NULL, NULL, '1'),
(530, 'American Medical Careers(Closed)', '4000 S. Saginaw ST. #181', NULL, 'Flint   MI  48507', NULL, NULL, NULL, '8102399201', NULL, NULL, '', NULL, NULL, NULL, NULL, NULL, '', NULL, 'All request go through the Michigan Proprietary Schools, http://michiganps.net/closed.aspx contact info at bttm.', 'DEPT OF LIC AND REG AFFAIRS (LARA) \r\nCORP, SEC & COMMERCIAL LIC BUREAU\r\nLICENSING DIVISION\r\nPROPIETARY SCHOOL UNIT\r\nPO BOX 30714\r\nLANSING MI 48909', '22.00', '1'),
(531, 'Michigan Proprietary Schools', 'Department of Energy Labor and Economic Growth', NULL, NULL, NULL, NULL, NULL, NULL, NULL, NULL, '', NULL, NULL, NULL, NULL, NULL, '', NULL, '01/2013 www.michiganps.net Schools listed on website- case by case- the transcript request form is on the website under forms- students/general public. Need applicant to complete form and it must be submitted with a $21.50 certified check or money order-non-refundable does not guarantee we will get anything back.\r\nMIProprietarySchools@michigan.gov; HenryB@michigan.gov; BradleyA@michigan.gov', NULL, '21.50', '1'),
(532, 'University of Kansas Med Center/NSC', NULL, NULL, NULL, NULL, NULL, NULL, NULL, NULL, NULL, '', NULL, NULL, NULL, NULL, NULL, '', NULL, 'USE NSCH', NULL, NULL, NULL),
(533, 'A.M.E.C', 'Science Oriented High School', 'J.P. Rizal Street, Barangay 9', 'Legaspi CityÖ Albay Phillippi', NULL, NULL, NULL, NULL, NULL, NULL, '', NULL, NULL, NULL, NULL, NULL, '', NULL, 'Ago Medical & Educational Center', NULL, NULL, NULL),
(534, 'Ross Med Ctr-Sylvania', '5834 Monroe Street', NULL, 'Sylvania', 'OH', '43560', 'US', '4198823203', '4198826310', NULL, '', 'Mark', NULL, NULL, '1', NULL, '', NULL, NULL, NULL, NULL, '1'),
(535, 'Faith Christian School', '23130 N. Remick', NULL, 'Clinton Township', 'MI', '48036', 'US', '5867839630', '5172233126', NULL, '', NULL, NULL, NULL, NULL, NULL, '', NULL, 'Atrim Baptist Church- 517-223-3126  Byron MI', NULL, NULL, '1'),
(536, 'Ozarks Technical Community College', '1001 East Chestnut Expressway', NULL, 'Springfield', 'MO', '65802', 'US', '4174477500', NULL, NULL, '', NULL, NULL, NULL, NULL, NULL, '', NULL, NULL, NULL, NULL, NULL),
(537, 'Northeastern Sr High School', '300 High Street', NULL, 'Manchester', 'PA', '17345-159', 'US', '7172663644', NULL, NULL, '', NULL, NULL, '1', NULL, NULL, '', NULL, NULL, NULL, NULL, NULL),
(538, 'Clinton HS-TN', '425 Dragon Drive', NULL, 'Clinton', 'TN', '37716-270', 'US', '8654572611', NULL, NULL, '', NULL, NULL, '1', NULL, NULL, '', NULL, 'Central Recors for older records 865-463-2800 ext 2825 Susan Wright.', NULL, NULL, NULL),
(539, 'University of East Philippines', 'Samson Road', 'Caloocan city', 'Philippines', NULL, NULL, NULL, NULL, NULL, NULL, '', 'Student Records', '1', NULL, NULL, NULL, '', NULL, NULL, NULL, NULL, '1'),
(540, 'John Muir Charter HS', NULL, NULL, NULL, NULL, NULL, NULL, '9163667319', '9163667349', NULL, '', 'Kathy Acana', NULL, NULL, '1', NULL, '', NULL, '24-48 hour turn around time', NULL, NULL, NULL),
(541, 'Hazelwood  West High School', '1 Wildcat Lane', NULL, 'Hazelwood', 'MO', '63042', 'US', '3149535800', NULL, NULL, '', 'Registrar\'s Office', NULL, '1', NULL, NULL, '', NULL, 'Registrar direct: 314-953-5827- Denise', NULL, NULL, NULL),
(542, 'Ivy Tech Community College/NSC', '9301 E. 59th Street', NULL, 'Indianapolis', 'IN', '46216', 'US', '3179214800', NULL, NULL, '', NULL, NULL, '1', NULL, NULL, '', NULL, 'Verify through the NSCH', NULL, '6.50', '1'),
(543, 'Los Altos High School', '15325 Los Robles Ave', NULL, 'Hacienda Heights', 'CA', NULL, 'US', '6269345400', NULL, NULL, '', NULL, NULL, '1', NULL, NULL, '', NULL, 'Older records\r\nStudent Records 1-626-933-1000\r\nFax 1-626-855-3190', NULL, NULL, NULL),
(544, 'Carman Ainsworth HS', '1300 North Linden Road', NULL, 'Flint', 'MI', NULL, 'US', '8105913240', '8105913215', NULL, '', 'Debbie White, Guidance Secretary/ Sue Bryant, Reco', NULL, '1', NULL, NULL, '', NULL, '7/2013 records older than 2 years go to Records office at 810-591-8283\r\nHours: Mon-Thurs 8am-1pm; Sue Bryant\r\n7/2013- records office hours M-Th 8a-1p \r\nAdmin Building fax 810-591-3290. Admin ph: 810-591-3700', NULL, NULL, '1'),
(545, 'Blance Kelso Bruce Academy', '5555 Conner Street', NULL, 'Detroit MI', NULL, NULL, NULL, '3136562600', '3139240095', NULL, '', 'Douglas Gabrielle', NULL, '1', '1', NULL, '', NULL, NULL, NULL, NULL, '1'),
(546, 'University of Montevallo #', '75 College Drive', NULL, 'Montevallo', 'AL', '35115', 'US', '2056656000', NULL, NULL, '', 'Student Records', NULL, NULL, NULL, NULL, '', '1', NULL, NULL, NULL, NULL),
(547, 'Midwestern Univ/NSC', NULL, NULL, 'Downers Grove', 'IL', NULL, 'US', '6305156171', '6305157140', NULL, '', 'Verify through the NSCH', NULL, NULL, '1', NULL, '', '1', '1-3 business day turn around', NULL, '6.50', '1'),
(548, 'Government Medical College', NULL, NULL, 'Nagpur India', NULL, NULL, NULL, NULL, NULL, NULL, '', NULL, NULL, NULL, NULL, NULL, '', NULL, NULL, NULL, NULL, NULL),
(549, 'Benzinger School of Nursing India', 'Kollam – 1 Pin 691001', NULL, 'Kerala India', NULL, NULL, NULL, NULL, NULL, NULL, '', NULL, NULL, NULL, NULL, NULL, '', NULL, 'Bishop Benziger College of Nursing\r\nP.B.no : 46, Sastri Junction     \r\nKollam – 1, Pin 691001\r\nKerala, India', NULL, NULL, NULL),
(550, 'Meadowdale High School', '115 S. Ludlow Street', NULL, 'Dayton', 'OH', NULL, 'US', '9375423000', NULL, NULL, '', NULL, NULL, NULL, '1', NULL, '', NULL, 'Central Records: Fax request to 937-542-3202. Attn: Deanna 2-3 day turn around.', NULL, NULL, NULL),
(551, 'Molloy College', '1000 Hempstead Ave #1', NULL, 'Rockville Centre', 'NY', '11570', 'US', '5166785000', '5162562232', NULL, '', NULL, NULL, '1', NULL, NULL, '', NULL, NULL, NULL, NULL, NULL),
(552, 'McDowell Tech Comm College', '54 College Drive', NULL, 'Marion', 'NC', '28752', 'US', '8286526021', NULL, NULL, '', NULL, NULL, NULL, NULL, NULL, '', NULL, NULL, NULL, NULL, NULL),
(553, 'Central HS-Bay City', NULL, NULL, 'Bay City', 'MI', NULL, 'US', '9898939541', '9898930333', NULL, '', NULL, NULL, NULL, '1', NULL, '', NULL, '06/2013- Summer hours 7am-3:30pm Monday-Thursday \r\n\r\n**School is only able to verify current students and last year\'s graduates. Anything older needs to go through the board office. (989-686-9700) ex. 8126 MUST FAX: 989-671-8199 (Ellen McFarland)', NULL, NULL, '1'),
(554, 'Fan S. Noli International Office', NULL, NULL, 'Korce Albania', NULL, NULL, NULL, NULL, NULL, NULL, '', 'Interanational Relations Office', NULL, NULL, NULL, NULL, '', NULL, 'Bulvd. Gjergj Kastrioti', NULL, NULL, NULL),
(555, 'Holy Rosary High School', '5191 Richfield Road', NULL, 'Flint', 'MI', '48506', 'US', '8107364040', '8107361064', NULL, '', 'Parish Office', NULL, '1', NULL, NULL, '', NULL, NULL, NULL, NULL, '1'),
(556, 'E A Johnson Memorial High School', '8041 Neff Road', NULL, 'Mount Morris', 'MI', '48458', 'US', '8105912370', '8105913410', NULL, '', 'Attn Cheryl', NULL, NULL, '1', NULL, '', NULL, 'Alternative Ed: tele: 810 591-9508 fax: 810 591-3484 Attn: Dawn Price\r\nadult program #810-591-9508', NULL, '5.00', '1'),
(557, 'Bevill Community College-Fayette', '2631 Temple Avenue', NULL, 'Fayette', 'AL', '35555', 'US', '2059323221', NULL, NULL, '', 'Registrar office', NULL, '1', NULL, NULL, '', NULL, 'Call Robeana Green at the registrar\'s office', NULL, NULL, '1'),
(558, 'Hillsdale HS', NULL, NULL, 'Hillsdale', 'MI', NULL, 'US', '5174394320', '5174370377', NULL, '', 'Student Records', NULL, NULL, '1', NULL, '', NULL, 'MUST FAX TO THE HS', NULL, NULL, '1'),
(559, 'Mansfield Hospital Sch of Nsg', NULL, NULL, 'Mansfield', 'OH', NULL, 'US', '4195268000', NULL, NULL, '', NULL, NULL, '1', NULL, NULL, '', NULL, 'Ashland Univ -houses Nsg Sch Records,Tel# 419.289.4142', NULL, NULL, NULL),
(560, 'Harvest Chritstian School', NULL, NULL, NULL, NULL, NULL, NULL, NULL, NULL, NULL, '', NULL, NULL, NULL, NULL, NULL, '', NULL, NULL, NULL, NULL, NULL),
(561, 'Elizabeth Seton High School', '5715 Emerson Street', NULL, 'Bladensburg', 'MD', '20710', 'US', '3018644532', NULL, NULL, '', 'Student Records-Bernedette', NULL, '1', NULL, NULL, '', NULL, NULL, NULL, NULL, NULL),
(562, 'Valdosta State University /NSC', NULL, NULL, NULL, NULL, NULL, NULL, '2293335800', '2293335475', NULL, '', 'National Student Clearinghouse', NULL, NULL, NULL, NULL, '', '1', 'Through NSCH', NULL, NULL, '1'),
(563, 'Gateway Comm Tech #', NULL, NULL, 'New Haven CT', NULL, NULL, NULL, NULL, NULL, NULL, '', NULL, NULL, NULL, NULL, NULL, '', '1', 'Through NSCH', NULL, NULL, '1'),
(564, 'Stoneybrook University', '100 Nicholls Road', NULL, 'Stoney Brook', 'NY', NULL, 'US', '6316326000', '6316329491', NULL, '', 'Student Records', NULL, '1', '1', NULL, '', NULL, NULL, NULL, NULL, NULL),
(565, 'University of Mass-Dartmouth/NSC', NULL, NULL, NULL, NULL, NULL, NULL, NULL, NULL, NULL, '', NULL, NULL, NULL, NULL, NULL, '', '1', 'Through the NSCH', NULL, NULL, NULL),
(566, 'Mother of Divine Grace School', '323 E. Maliliga Street', NULL, 'Ojai', 'CA', '93023', 'US', '8056465818', NULL, NULL, '', NULL, NULL, '1', NULL, NULL, '', NULL, NULL, NULL, NULL, NULL),
(567, 'Post University', NULL, NULL, 'Waterbury', 'CT', NULL, 'US', '2035964500', NULL, NULL, '', NULL, NULL, '1', NULL, NULL, '', NULL, NULL, NULL, NULL, '1'),
(568, 'Saint Christopher Sec School', NULL, NULL, 'Sarnia', 'ON', NULL, 'CA', '5195411811', '5195411814', NULL, '', 'Student Records', NULL, NULL, '1', NULL, '', NULL, 'Ext. 400 - records\r\nMust fax \r\nHigh school is called secondary sch in Canada', NULL, NULL, '1'),
(569, 'Indianhill Comm College', '525 Grand view Avenue', NULL, 'Ottemwa', 'IA', '52501', 'US', '6416835111', NULL, NULL, '', NULL, NULL, '1', NULL, NULL, '', NULL, NULL, NULL, NULL, NULL),
(570, 'Northland International Univ', 'W10085 Pike Plains Rd.', NULL, 'Dunbar', 'WI', '54119', 'US', '7153246900', NULL, NULL, '', NULL, NULL, '1', NULL, NULL, '', NULL, NULL, NULL, NULL, NULL),
(571, 'Johns Hopkins University/NSC', '3400 North Charles Street', NULL, 'Baltimore', 'MD', '21218', 'US', '4105168080', '4105166477', NULL, '', NULL, NULL, '1', NULL, NULL, '', '1', 'School of Nursing (Baltimore) Phone: 410-614-3096\r\nPeabody location: 1-410-234-4578', NULL, '6.50', '1'),
(572, 'Fr Gabriel Richard HS-Ann Arbor', '4333 Whitehall Drive', NULL, 'Ann Arbor', 'MI', '48105', 'US', '7346620496', NULL, NULL, '', NULL, NULL, NULL, NULL, NULL, '', NULL, NULL, NULL, NULL, '1'),
(573, 'Paul Harding HS-IN', '6501 Wayne', NULL, 'Fort Wayne', 'IN', '46816', 'US', '2604460240', NULL, NULL, '', NULL, NULL, '1', NULL, NULL, '', NULL, NULL, NULL, NULL, NULL),
(574, 'Houghton HS', NULL, NULL, 'Houghton', 'MI', NULL, 'US', '9064820450', '9064875218', NULL, '', 'Student Records', NULL, '1', NULL, NULL, '', NULL, NULL, NULL, '5.00', '1'),
(575, 'St Joseph Coll', NULL, NULL, 'Rensselear', 'IN', '47978', 'US', '2198666000', NULL, NULL, '', 'Student Records', NULL, '1', NULL, NULL, '', NULL, NULL, NULL, NULL, NULL),
(576, 'University of Peshawar', NULL, 'Khyber Pukhtocu', 'Khawa  Pakistan', NULL, NULL, NULL, NULL, NULL, NULL, '', 'Controller for Examinations', NULL, NULL, NULL, NULL, '', NULL, NULL, NULL, NULL, NULL),
(577, 'East Liverpool HS', NULL, NULL, NULL, NULL, NULL, NULL, '3303868750', NULL, NULL, '', NULL, NULL, '1', NULL, NULL, '', NULL, NULL, NULL, NULL, NULL),
(578, 'Salam Nurses College', 'P.O.Box 1367', NULL, 'Ethiopia', NULL, NULL, NULL, NULL, NULL, NULL, '', 'Ministry of Education', NULL, NULL, NULL, NULL, '', NULL, NULL, NULL, NULL, NULL),
(579, 'Superior Central School District', NULL, NULL, 'Eben Junction', 'MI', '49825', 'US', '9064395532', NULL, NULL, '', 'Student Records', NULL, '1', NULL, NULL, '', NULL, NULL, NULL, NULL, '1'),
(580, 'California Western School of Law', '225 Cedar Street', NULL, 'San Diego', 'CA', '92101', 'US', '6192390391', NULL, NULL, '', NULL, NULL, '1', NULL, NULL, '', NULL, NULL, NULL, NULL, NULL),
(581, 'Newton High School', '4801 90th Street', NULL, 'Elmhurst', 'NY', NULL, 'US', '7185958400', '7185958447', NULL, '', NULL, NULL, '1', NULL, NULL, '', NULL, NULL, NULL, NULL, NULL),
(582, 'Rajiv Gandhi University of Health', NULL, NULL, 'Bangalore Karnataka, India', NULL, NULL, NULL, NULL, NULL, NULL, '', NULL, NULL, NULL, NULL, NULL, '', NULL, NULL, NULL, NULL, NULL),
(583, 'Grace Theological Seminary', '200 Seminary Drive', NULL, 'Winon Lake', 'IN', '46590', 'US', '8005447223', NULL, NULL, '', NULL, NULL, '1', NULL, NULL, '', NULL, NULL, NULL, NULL, NULL),
(584, 'Macarole High School', NULL, NULL, NULL, NULL, NULL, NULL, NULL, NULL, NULL, '', NULL, NULL, NULL, NULL, NULL, '', NULL, 'these records *248.451.6800 Fax: 248-451-7591 Trosie Davis/Adult Ed\r\n\r\nSchool Closed contact Pontiac School Board-248.451.6800', NULL, NULL, NULL),
(585, 'University of the Assumption', NULL, 'San Fernando, Pampanga Philippines', NULL, NULL, NULL, NULL, NULL, NULL, NULL, '', 'Registrar', NULL, NULL, NULL, NULL, '', NULL, NULL, NULL, NULL, '1'),
(586, 'Vassar HS', 'Student Records', NULL, 'Vassar', 'MI', NULL, 'US', '9898238534', '9898237823', NULL, '', 'Lori', NULL, NULL, '1', NULL, '', NULL, '4/2013-2 day turn around time. Fax goes to superintendent office (ph: (989) 823-8535)', NULL, NULL, '1'),
(587, 'Notre Dame Academy OH', '3535 West Sylvania Avenue', NULL, 'Toledo', 'OH', '43623', 'US', '4194759359', '4197242640', NULL, '', 'Nicole Conrad', NULL, '1', NULL, NULL, '', NULL, NULL, NULL, '5.00', '1'),
(588, 'Ministry of Education India', NULL, 'Shaslri Bhawan', 'New Delhi India', NULL, '110001', NULL, NULL, NULL, NULL, '', 'Government of India', NULL, NULL, NULL, NULL, '', NULL, NULL, NULL, NULL, NULL),
(589, 'New England School of Optometry', '424 Beacon Street', NULL, 'Boston', 'MA', '2115', 'US', '6172662030', NULL, 'registrars@neco.edu', '', 'Attn: Registrar\'s Office', '1', NULL, NULL, NULL, '', NULL, 'Need to mail SIGNED/WET RELEASe Release with Self Addressed Envelope to: \r\nNew England School fo Optometry\r\nRegistrar Office\r\n424 Beacon Street \r\nBoston MA 02115', 'Results mailed only 5 day processing time.', NULL, '1'),
(590, 'Charlotte Senior High School', NULL, NULL, 'Charlotte', 'MI', '48813', 'US', '5175415600', '5175415625', NULL, '', NULL, NULL, NULL, '1', NULL, '', NULL, 'Need Fax with release.', NULL, NULL, '1'),
(591, 'National Teachers College', '629 J. Nepomuceno', 'St. Quiapo, Manilla', 'Philippines', NULL, NULL, NULL, NULL, NULL, NULL, '', NULL, NULL, NULL, NULL, NULL, '', NULL, NULL, NULL, NULL, NULL),
(592, 'Webberville Community Schools', '202 North Main Street', NULL, 'Webberville', 'MI', '48892', 'US', '5175213447', NULL, NULL, '', 'Student Records', NULL, '1', NULL, NULL, '', NULL, NULL, NULL, NULL, '1'),
(593, 'Orangeburg-Wilkinson HS', NULL, NULL, 'Orageburg', 'SC', NULL, 'US', '8035346180', '8035336344', NULL, '', 'Student Records', NULL, '1', NULL, NULL, '', NULL, NULL, NULL, NULL, NULL),
(594, 'Grand Rapids Central HS', NULL, NULL, 'Grand Rapids', 'MI', NULL, 'US', '6168192310', '6168192369', NULL, '', 'Student Records- Flor Suraz', NULL, '1', '1', NULL, '', NULL, NULL, NULL, NULL, '1'),
(595, 'The Technical University', 'Timisoara  Romainia Europe', NULL, 'Romania', NULL, NULL, NULL, NULL, NULL, NULL, '', 'Faculty of Electro-Techniques', NULL, NULL, NULL, NULL, '', NULL, NULL, NULL, NULL, NULL),
(596, 'Bath High School', '6175 Clark Road', NULL, 'Bath', 'MI', '48808', 'US', '5176416724', '5176417046', NULL, '', NULL, NULL, NULL, '1', NULL, '', NULL, 'Summer 2014: School returns 8/18, call 517-641-6721\r\n24-48 hour turn around time', NULL, '5.00', '1'),
(597, 'Leilehua High School', '1515 California Ave', NULL, 'Wahiawa', 'HI', '96786', 'US', '8086226556', NULL, NULL, '', NULL, NULL, '1', NULL, NULL, '', NULL, NULL, NULL, NULL, NULL),
(598, 'Minsk State University', '4 Nazavismosti Avenue', '220030 Minsk Republic of Belarus', NULL, NULL, NULL, NULL, NULL, NULL, NULL, '', 'Belarusian State Univerisity', NULL, NULL, NULL, NULL, '', NULL, NULL, NULL, NULL, '1'),
(599, 'Davenport Univ-Flint/NSC', NULL, NULL, 'Flint', 'MI', NULL, 'US', NULL, NULL, NULL, '', 'Student Records', NULL, NULL, NULL, NULL, '', '1', NULL, NULL, '6.50', '1'),
(600, 'John Glenn HS-Bay City', NULL, NULL, 'Bangor Twp', 'MI', NULL, 'US', '9896847510', '9896678130', NULL, '', NULL, NULL, '1', NULL, NULL, '', NULL, 'Boe @ 989-684-8121\r\n\r\nDebbie the secretary will verify over the phone', NULL, NULL, '1'),
(601, 'Columbia HS', NULL, NULL, 'Lake City', 'FL', NULL, 'US', '3867558080', NULL, NULL, '', NULL, NULL, NULL, NULL, NULL, '', NULL, NULL, NULL, NULL, '1'),
(602, 'Ithaca Public Schools', '710 N. Union Street', NULL, 'Ithaca', 'MI', '48847', 'US', '9898753373', NULL, NULL, '', NULL, NULL, '1', NULL, NULL, '', NULL, NULL, NULL, NULL, '1'),
(603, 'Waverly HS', '160 Snow Rd', 'Lansing 48917', 'Lansing', 'MI', NULL, 'US', '5173217573', '5173218577', NULL, '', 'Counseling Dept', '1', NULL, '1', NULL, '', NULL, '03/2014 Mail $5.00 fee(Can fax a copy of the check) F 517-323-7714 P: 517-321-7573 Leslie Johnson \r\nOlder record- Sheila @ 517-319-3021\r\n10/8/12  Adult Education records: 517.645.4792\r\n\r\nWAVERLY HIGH SCHOOL \r\nCOUNSELLING DEPARTMENT\r\n160 SNOW RD \r\nLANSING MI 48917', NULL, '5.00', '1'),
(604, 'East Jackson High School', '1566 North Sutton Road', NULL, 'Jackson', 'MI', '49202', 'US', '5177641700', NULL, NULL, '', NULL, NULL, '1', NULL, NULL, '', NULL, NULL, NULL, '5.00', '1'),
(605, 'Wolford College-Sch of Nurse Anesthesia', NULL, NULL, 'Naples', 'FL', NULL, 'US', '2395131135', '2395131368', NULL, '', NULL, NULL, NULL, '1', NULL, '', NULL, 'Per policy needs to be faxed.', NULL, NULL, NULL),
(606, 'Dearborn Career Academy', NULL, NULL, NULL, NULL, NULL, NULL, '3132285459', NULL, NULL, '', NULL, NULL, '1', NULL, NULL, '', NULL, NULL, NULL, NULL, '1'),
(607, 'Lambton College*', NULL, NULL, 'Sarnia, Windsor', 'ON', NULL, 'CA', '5195427751', '5195412426', 'cassandra.helps@lambtoncollege.ca', '', NULL, NULL, NULL, NULL, '1', '', NULL, 'need signed release\r\nRegistrars Office: press 4, 1, then 5 (to leave a message)', NULL, NULL, '1'),
(608, 'St Christopher IMD College of Medicine', 'Point E. Rue 3 Prolongee Boulevard de l\'Est', 'Dakar Senegal BP 25978 Dakar Fann', NULL, NULL, NULL, NULL, '6784322045', '6784322086', NULL, '', NULL, NULL, NULL, NULL, NULL, '', NULL, NULL, NULL, NULL, NULL),
(609, 'Kettering Univ/NSC', NULL, NULL, NULL, 'MI', NULL, 'US', NULL, NULL, NULL, '', 'Student Records', NULL, NULL, NULL, NULL, '', '1', NULL, NULL, '6.50', '1'),
(610, 'H H Dow HS', NULL, NULL, 'Midland', 'MI', NULL, 'US', '9899235382', '9899235301', NULL, '', 'Student Records', NULL, NULL, '1', NULL, '', NULL, NULL, NULL, '5.00', '1'),
(611, 'St Martin de Porres HS-Detroit(Closed)*', NULL, NULL, 'Detroit', 'MI', NULL, 'US', NULL, '3135967199', NULL, '', 'Archdiocese of Detroit', NULL, NULL, '1', NULL, '', NULL, '1/2013    *need wet signature (fee $8)\r\n\r\n10/3 Contact Arch of Deroit @ 313.237.5846 ask if they have records bjc\r\n10/3 ph # is disconnected 313.864.3330', NULL, '8.00', '1'),
(612, 'University of  the Philippines Baguio', 'U.P. Baguio', '2600 Baguio City, Philippines', NULL, NULL, NULL, NULL, NULL, NULL, NULL, '', 'University Registrar', NULL, NULL, NULL, NULL, '', NULL, 'University Registrar \r\nU.P. Baguio \r\n2600 Baguio City, Philippines', NULL, NULL, '1'),
(613, 'Eastern High School-Lansing', NULL, NULL, 'Lansing', 'MI', NULL, 'US', '5177551050', '5177552059', NULL, '', NULL, NULL, NULL, '1', NULL, '', NULL, 'Older Records: PACE 517-755-2820', NULL, '5.00', NULL),
(614, 'Harry Hill HS/ Lansing School District', '5815 Wise Road', NULL, 'Lansing', 'MI', '48911', 'US', '5177552822', '5177552829', NULL, '', 'Pupil Accounting/PACE', '1', NULL, NULL, NULL, '', NULL, 'Reed Kelly- Pupil Accounting 517-755-2835\r\nMail $5 check payable to Lansing School District', 'Pupil Accounting Office. MUST MAIL CHECKS TO THIS ADDRESS. \r\nLansing School District Pace Office \r\n5815 Wise Road \r\nLansing Mi 48911', '5.00', '1'),
(615, 'Harry Hill HS', NULL, NULL, 'Lansing', 'MI', NULL, 'US', '5177552822', NULL, NULL, '', 'Pupil Accounting/PACE', NULL, NULL, NULL, NULL, '', NULL, NULL, NULL, NULL, NULL),
(616, 'Quinnipac Univ', NULL, NULL, 'Hamden', 'CT', NULL, 'US', '2035828200', NULL, NULL, '', 'Student Records', NULL, '1', NULL, NULL, '', NULL, NULL, NULL, NULL, NULL),
(617, 'ECE - Educational Cred Evaluators', NULL, NULL, 'Milwaukee', 'WI', NULL, 'US', '4142893400', '4142893411', NULL, '', 'Verification Department', NULL, NULL, '1', NULL, '', NULL, NULL, NULL, NULL, NULL),
(618, 'ECE - Educational Cred Evaluators', NULL, NULL, 'Milwaukee', 'WI', NULL, 'US', '4142893400', '4142893411', NULL, '', 'Verification Department', NULL, NULL, '1', NULL, '', NULL, NULL, NULL, NULL, NULL),
(619, 'ECE - Educational Cred Evaluators', NULL, NULL, 'Milwaukee', 'WI', NULL, 'US', '4142893400', '4142893411', NULL, '', 'Verification Department', NULL, NULL, '1', NULL, '', NULL, NULL, NULL, NULL, NULL),
(620, 'Port Huron HS', 'Lapeer Ave', NULL, 'Port Huron', 'MI', NULL, 'US', '8109843101', '8102724785', NULL, '', NULL, NULL, NULL, '1', NULL, '', NULL, NULL, NULL, NULL, '1'),
(621, 'Lapeer West HS', NULL, NULL, 'Lapeer', 'MI', NULL, 'US', '8106672426', '8106672455', NULL, '', 'Student Records-Diane Taylor', NULL, NULL, '1', NULL, '', NULL, 'Lapeer BOE:  810 667-2401-Liz/enrollmnt srvcs', NULL, NULL, '1'),
(622, 'Lapeer W HS', NULL, NULL, 'Lapeer', 'MI', NULL, 'US', '8106672426', '8106772428', NULL, '', 'Student Records-Jp;u', NULL, NULL, NULL, NULL, '', NULL, NULL, NULL, NULL, NULL),
(623, 'Lapeer W HS', NULL, NULL, 'Lapeer', 'MI', NULL, 'US', '8106672426', '8106772428', NULL, '', 'Student Records-Holly', NULL, NULL, '1', NULL, '', NULL, NULL, NULL, NULL, NULL),
(624, 'St Mary\'s University-San Antonio', NULL, NULL, 'San Antonio', 'TX', NULL, 'US', '2104363126', NULL, NULL, '', 'Registrar\'s Ofc', NULL, NULL, NULL, NULL, '', NULL, NULL, NULL, NULL, NULL),
(625, 'GED-California*', NULL, NULL, NULL, 'CA', NULL, 'US', NULL, NULL, NULL, '', NULL, NULL, NULL, NULL, NULL, '', NULL, 'Need to go to https://exchange.parchment.com/u/auth/login and order transcripts. Must have signed release, issued date and city tested in.\r\nusername: mailbox@referencecompany.com\r\npassword: Reference1', NULL, '15.00', '1'),
(626, 'University of Texas Medical Branch/NSC', NULL, NULL, 'Galveston', 'TX', NULL, 'US', NULL, NULL, NULL, '', NULL, NULL, NULL, NULL, NULL, '', '1', 'on NSC under The University of Texas Medical Branch at Galveston', NULL, '6.50', '1'),
(627, 'GED-Kansas', '120 SE 10th St', NULL, 'Topeka', 'KS', NULL, 'US', '7852963191', NULL, 'test@123.com', '', 'Linda', NULL, NULL, NULL, NULL, '', NULL, NULL, 'Go to www.kansasregents.org \r\nStudents in uppright corner dropdown menu for Kansas GED Drop down GED records-Request form\r\nMail request with release to:\r\nKansas Board Regents \r\nKansas GED \r\n1000 SW Jackson Street, Suite 520\r\nTopeka\r\nKansas 66612', NULL, NULL),
(628, 'Ross Med Ctr-Grand Rapids', NULL, NULL, 'Grand Rapids', 'MI', NULL, 'US', '6162433070', '6166983055', NULL, '', NULL, NULL, NULL, '1', NULL, '', NULL, NULL, NULL, NULL, '1'),
(629, 'Ypsilanti HS', NULL, NULL, 'Ypsilanti', 'MI', NULL, 'US', '7347141000', '7347141003', NULL, '', 'Student Records-Tammy', NULL, NULL, '1', NULL, '', NULL, 'Tammy Jackson - HS Counselor: prompt 5\r\nRecords: prompt 3\r\nStaff Offices: 734-221-1210', NULL, NULL, '1'),
(630, 'Indiana Univ-Purdue Univ@Indianpolis/NSC', NULL, NULL, 'Indianpolis', 'IN', NULL, 'US', '3172741519', '3172782240', NULL, '', 'Office of the Registrar', NULL, '1', '1', NULL, '', NULL, 'Alternate number: 317-274-4241', NULL, '11.50', '1'),
(631, 'Coleman HS', '4591 North Lewis Road', NULL, 'Coleman', 'MI', '48618', 'US', '9894656171', '9894659222', NULL, '', NULL, NULL, NULL, '1', NULL, '', NULL, NULL, NULL, '5.00', '1'),
(632, 'St Vincent School of Nursing', NULL, NULL, 'Toledo', 'OH', NULL, 'US', '4192518989', '4192510629', NULL, '', 'Attn: Nicole', NULL, NULL, '1', NULL, '', NULL, 'Contact Information above is for Mercy College of Northwest Ohio- they hold all records for St. Vincent School of Nursing graduates.', NULL, NULL, '1'),
(633, 'Divine Child HS', NULL, NULL, 'Dearborn', 'MI', NULL, 'US', '3135621990', '3135629361', 'rees@divinechildhighschool.org', '', 'Student Records', NULL, NULL, '1', NULL, '', NULL, '7/2013- School is closed until Aug 5,2013. Email Mrs.Reese at em address above.', NULL, NULL, '1'),
(634, 'Humber College', NULL, NULL, 'Toronto', 'ON', NULL, 'CA', '4166755000', NULL, NULL, '', 'Registrar', NULL, NULL, NULL, NULL, '', NULL, 'might need signed release', NULL, NULL, NULL),
(635, 'Kingsborough Comm College#', NULL, NULL, 'Brooklyn', 'NY', NULL, 'US', '7183685000', NULL, NULL, '', 'Student Records', NULL, NULL, NULL, NULL, '', '1', NULL, NULL, NULL, '1'),
(636, 'Olivet Nazarene Univ/NSC', NULL, NULL, 'Bournbonnais', 'IL', NULL, 'US', '8006481463', NULL, NULL, '', 'Registrar', NULL, NULL, NULL, NULL, '', '1', NULL, NULL, '9.50', '1'),
(637, 'Rogers HS - OH', NULL, NULL, NULL, 'OH', NULL, 'US', '4196718417', '4196718402', NULL, '', 'Carmen', NULL, NULL, '1', NULL, '', NULL, NULL, NULL, '5.00', '1'),
(638, 'Rogers HS - OH', NULL, NULL, NULL, 'OH', NULL, 'US', NULL, NULL, NULL, '', 'Student Records', NULL, NULL, NULL, NULL, '', NULL, NULL, NULL, NULL, NULL),
(639, 'Forest Lake HS', NULL, NULL, 'Forest Lake', 'MN', NULL, 'US', '6519828400', '6519828594', NULL, '', 'Student Records', NULL, '1', NULL, NULL, '', NULL, NULL, 'Turn around time 1 week', NULL, NULL),
(640, 'Forest Lake HS', NULL, NULL, 'Forest Lake', 'MN', NULL, 'US', '6519828400', NULL, NULL, '', 'Student Records', NULL, NULL, NULL, NULL, '', NULL, NULL, NULL, NULL, NULL),
(641, 'Servite HS*', NULL, NULL, 'Detroit', 'MI', NULL, 'US', '3132375846', '3135967199', NULL, '', 'Contact Archdiocese of Detroit Attn:  Steve', NULL, NULL, NULL, NULL, '', NULL, '*NOTE - As of 01/01/2010 there is a $8.00 fee for all academics.  They bill at the end of the month.', 'Catholic School-closed', '8.00', '1'),
(642, 'Servite HS', NULL, NULL, 'Detroit', 'MI', NULL, 'US', '3132375846', '3135967199', NULL, '', 'Contact Archdiocese of Detroit Attn:  Steve', NULL, NULL, '1', NULL, '', NULL, '*NOTE - As of 01/01/2010 there is a $8.00 fee for all academics.  They bill at the end of the month.', 'Catholic School-closed', NULL, NULL),
(643, 'Clinton HS', '340 East Michigan Avenue', NULL, 'Clinton', 'MI', NULL, 'US', '5174566511', '5174564324', NULL, '', 'Student Records', NULL, '1', NULL, NULL, '', NULL, NULL, NULL, NULL, '1'),
(644, 'Brighton HS', NULL, NULL, 'Brighton', 'MI', NULL, 'US', '8102994100', '8102994160', NULL, '', 'Denise-Guidance', NULL, NULL, '1', NULL, '', NULL, '7/2013: Summer fax #: 810-299-4111.', NULL, NULL, '1'),
(645, 'Interpreter/Translator Services, Inc', NULL, NULL, NULL, 'MI', '48230', 'US', '3135955241', '8885529526', NULL, '', NULL, NULL, NULL, NULL, NULL, '', NULL, '2/10/12-upd contact info---company relocated.llm', NULL, NULL, '1'),
(646, 'Interpreter/Translator Services, Inc', '876 Lakepointe', NULL, 'Grosse Pointe Park', 'MI', '48230', 'US', '3138215521', '3133314285', NULL, '', NULL, NULL, NULL, NULL, NULL, '', NULL, NULL, NULL, NULL, NULL),
(647, 'Prov Hosp-Sch of Nsg', NULL, NULL, 'Southfield', 'MI', NULL, 'US', '2488493091', '2488495437', NULL, '', 'Attn:  Sandy', NULL, NULL, '1', NULL, '', NULL, NULL, NULL, NULL, '1'),
(648, 'Prov Hosp-Sch of Nsg', NULL, NULL, 'Southfield', 'MI', NULL, 'US', '2488493091', '2488495437', NULL, '', 'Attn:  Sandy', NULL, NULL, '1', NULL, '', NULL, NULL, NULL, NULL, NULL),
(649, 'Centura Coll', NULL, NULL, 'Virginia Beach', 'VA', NULL, 'US', '7573402121', NULL, NULL, '', NULL, NULL, NULL, NULL, NULL, '', NULL, 'Online Campus: Must Fax for Verification: t 877.281.2121 f 757.233.6567 Attn:  Ruth', NULL, NULL, '1'),
(650, 'Kaplan University/NSC', NULL, NULL, 'Chicago', 'IL', NULL, 'US', '8665227747', '8005884127', 'rsupport@kaplan.edu', '', 'Registrar Office', NULL, '1', '1', NULL, '', NULL, '4/2013- verified over the phone \r\nalt ph: (312) 777-6333', '09/20/12 - Support services said to email for quickest response', '6.50', '1'),
(651, 'Riverside Coll', NULL, NULL, 'Riverside', 'CA', NULL, 'US', '9512228000', NULL, NULL, '', NULL, NULL, NULL, NULL, NULL, '', NULL, '2/9-Sch of Nsg-951 222-8405', NULL, NULL, NULL),
(652, 'Massachusetts College of Pharmacy#', '179 Longwood Ave', NULL, 'Boston', 'MA', '2115', 'US', '6177322800', NULL, NULL, '', NULL, NULL, NULL, NULL, NULL, '', NULL, 'Uses the National Student Clearing House.', NULL, NULL, '1'),
(653, 'University of North Dakota/NSC', '264 Centennial Dr. #8382', NULL, 'Grand Forks', 'ND', '58202', 'US', '7017772011', NULL, NULL, '', 'Now use NSCH', NULL, '1', NULL, NULL, '', '1', 'Law Office Transcripts: 701.777.2104 >> Laureen handles the transcripts; Email: ljohnson@law.und.edu release and request, state we need transcripts and she will email them back to us.', NULL, '6.50', '1'),
(654, 'Manley Career Academy HS', '2935 W. Polk St.', NULL, 'Chicago', 'IL', '60612', 'US', '7735346900', NULL, NULL, '', NULL, NULL, NULL, NULL, NULL, '', NULL, NULL, NULL, NULL, NULL),
(655, 'Manley Career Academy HS', '2935 W. Polk St.', NULL, 'Chicago', 'IL', '60612', 'US', '7735346900', NULL, NULL, '', NULL, NULL, NULL, NULL, NULL, '', NULL, NULL, NULL, NULL, NULL),
(656, 'Dondero HS', NULL, NULL, 'Royal Oak', 'MI', NULL, 'US', '2484358500', '2482888733', 'cooleyp@royaloakschools.org', '', 'Pat Cooley', NULL, NULL, '1', NULL, '', NULL, 'Alt Ed: fax (248) 588-2881', NULL, NULL, '1'),
(657, 'Brigham Young Univ#', '1 University Hill', NULL, 'Provo', 'UT', '84602', 'US', '8014224636', NULL, NULL, '', NULL, NULL, NULL, '1', NULL, '', NULL, 'Uses NSCH', NULL, NULL, NULL),
(658, 'Asbury Theological Seminary', NULL, '204 N. Lexington Avenue', 'Wilmore', 'KY', '40390', 'US', '8598583581', NULL, NULL, '', NULL, NULL, NULL, NULL, NULL, '', NULL, NULL, 'Will verify over the phone', NULL, '1'),
(659, 'University of North Alabama#', NULL, '1 Harrison Plaza', 'Florence', 'AL', NULL, 'US', '2567654100', NULL, NULL, '', NULL, NULL, NULL, NULL, NULL, '', NULL, 'Verify through the NSCH', NULL, NULL, '1'),
(660, 'Darton College', NULL, NULL, 'Albany', 'GA', NULL, 'US', NULL, NULL, NULL, '', 'Student Records', NULL, NULL, NULL, NULL, '', NULL, NULL, NULL, NULL, NULL),
(661, NULL, NULL, NULL, NULL, NULL, NULL, NULL, NULL, NULL, NULL, '', NULL, NULL, NULL, NULL, NULL, '', NULL, NULL, NULL, NULL, NULL),
(662, 'St Agatha HS -Closed (Arch of Deroit)*', NULL, NULL, NULL, NULL, NULL, NULL, '3132375846', '3135967199', NULL, '', 'Archdiocese of Detriot', NULL, NULL, NULL, NULL, '', NULL, 'need signed release\r\nSchool is closed fax to Arch office', NULL, NULL, '1'),
(663, 'Ross Med Educ Ctr-Saginaw', NULL, NULL, 'Saginaw', 'MI', NULL, 'US', '9897915192', '9897918024', NULL, '', 'Student Records: Attention Sarah', NULL, NULL, '1', NULL, '', NULL, '*If you call to follow up on the fax, they may verbally verify for you over the phone', NULL, NULL, '1'),
(664, 'Ross Med Educ Ctr-Saginaw', NULL, NULL, 'Saginaw', 'MI', NULL, 'US', '9897915192', '9897918024', NULL, '', 'Student Records', NULL, NULL, NULL, NULL, '', NULL, NULL, NULL, NULL, NULL),
(665, 'Davenport Univ/NSC', NULL, NULL, 'Alma', 'MI', NULL, 'US', '9896291814', '6167321150', NULL, '', 'NSCH', NULL, NULL, NULL, NULL, '', '1', 'Fax # is to main records ofc in Grand Rapids\r\nDavenport Univ-Midland, 989.835.5588', NULL, '6.50', '1'),
(666, 'Davenport Univ #', NULL, NULL, 'Alma', 'MI', NULL, 'US', '9894634540', NULL, NULL, '', 'NSCH', NULL, NULL, NULL, NULL, '', '1', NULL, NULL, '6.50', NULL),
(667, 'Highland Park Comm Coll-Closed', NULL, NULL, 'Highland Park', 'MI', NULL, 'US', '3139573000', '3139573112', 'records@hipark.k12.mi.us', '', NULL, '1', NULL, NULL, NULL, '', NULL, '08/2014: There is now a $10 fee for all verifications. \r\nMail $10 check payable to Highland School District to: \r\nRECORDS DEPARTMENT\r\nHIGHLAND PARK SCHOOL DISTRICT\r\n131 PILGRIM \r\nHIGHLAND PARK MI 48203', NULL, '10.00', '1'),
(668, 'Arkansas City High School', '1200 W. Radio Ln', NULL, 'Arkansas City', 'KS', '67005', 'US', '6204412010', '6204412021', NULL, '', NULL, NULL, '1', NULL, NULL, '', NULL, NULL, NULL, '5.00', '1'),
(669, 'Lawton High School', '101 Blue Pride Dr.', NULL, 'Lawton', 'MI', '49065', 'US', '2696247800', '2696246554', NULL, '', NULL, NULL, NULL, NULL, NULL, '', NULL, NULL, NULL, '5.00', '1'),
(670, 'Pepperdine University School of Law', '24255 Pacific Coast Highway', NULL, 'Malibu', 'CA', '90263', 'US', '3105064611', NULL, NULL, '', NULL, NULL, NULL, NULL, NULL, '', NULL, 'Record\'s Office: (310) 506-4638', NULL, NULL, NULL),
(671, 'Marquette Univ/NSC', NULL, NULL, 'Milwaukee', 'WI', NULL, 'US', '4142887034', NULL, NULL, '', NULL, NULL, NULL, NULL, NULL, '', '1', NULL, NULL, '6.50', '1'),
(672, 'Davison HS', NULL, NULL, 'Davison', 'MI', NULL, 'US', '8105913531', '8105910099', NULL, '', 'Guidance Office-ext 1271', NULL, NULL, '1', NULL, '', NULL, '4/2013- option 2 \r\n\r\nThese take 3 DAYS. Do not follow up before then.', NULL, NULL, '1'),
(673, 'St Anne HS', NULL, NULL, 'Warren', 'MI', NULL, 'US', '5862640713', NULL, NULL, '', 'Contact Church', NULL, '1', NULL, NULL, '', NULL, '5/2014: Contact the Church @ # above.', 'School is closed', '5.00', '1'),
(674, 'Pontiac Central HS', 'Office Of Pupil Management', 'Transcript Department, 60 Parkhurst, Ste 3', 'Pontiac', 'MI', '48342', 'US', '2484517527', '2484517591', NULL, '', 'Student Srvcs-Ms. Redmond', '1', NULL, NULL, NULL, '', NULL, '*** NOTE ***: Per Luane Perquette @ Pupil Management-Forward all mail to the Pontiac Board of Education Building address below as of now because of the flooding at the old building. -kdm\r\nOFFICE OF PUPIL ACCOUNTING\r\nTRANSCRIPT DEPARTMENT \r\n47200 WOODWARD AVE\r\nPONTIAC MI 48342\r\n\r\n\r\nLuann Perquette-Executive Secretary @ Pupil Management. Her direct # is (248) 451-6810/Email: lperquette@pontiac.k12.mi.us\r\n\r\n**As of 8/22/13-All PONTIAC SCHOOLS requests must be mailed to: \r\n Office of Pupil Management\r\n Transcript Department\r\n 60 Parkhurst Suite 3\r\n Pontiac MI 48342\r\n Include $5 chk payable to : Pontiac Schools. (Ok for business checks per Mrs. Wilma Bell)\r\n2/2013 Per Ms. Davis, Ms. Redmond now handles verifications', NULL, '5.00', '1'),
(675, 'Case Western Reserve Univ/NSC', NULL, NULL, NULL, 'OH', NULL, 'US', NULL, NULL, NULL, '', 'Student Records', NULL, NULL, NULL, NULL, '', '1', NULL, NULL, '11.50', '1'),
(676, 'Case Western Reserve Univ', NULL, NULL, NULL, NULL, NULL, NULL, NULL, NULL, NULL, '', 'Student Records', NULL, NULL, NULL, NULL, '', NULL, NULL, NULL, NULL, NULL),
(677, 'J. Sargeant Reynolds#', NULL, NULL, 'Richmond', 'VA', NULL, 'US', '8043713000', NULL, NULL, '', NULL, NULL, NULL, NULL, NULL, '', NULL, NULL, NULL, NULL, NULL),
(678, 'Northeastern University', '360 Hunington Avenue', NULL, 'Boston', 'MA', '2115', 'US', '6173732000', NULL, NULL, '', NULL, NULL, NULL, NULL, NULL, '', NULL, NULL, NULL, NULL, '1'),
(679, 'Northeastern University', '360 Hunington Avenue', NULL, 'Boston', 'MA', '2115', 'US', '6173732000', NULL, NULL, '', 'Verification Office', NULL, NULL, NULL, NULL, '', NULL, NULL, 'Call Verification office directly- 1-617-373-2199', NULL, NULL);
